{"id":9768,"date":"2020-02-01T17:19:56","date_gmt":"2020-02-01T16:19:56","guid":{"rendered":"https:\/\/www.allscore.de\/shop\/?post_type=product&#038;p=9768"},"modified":"2025-10-24T15:55:12","modified_gmt":"2025-10-24T13:55:12","slug":"sherlock-holmes-und-co-50-auf-dass-ihr-gerichtet-werdet","status":"publish","type":"product","link":"https:\/\/www.allscore.de\/shop\/produkt\/sherlock-holmes-und-co-50-auf-dass-ihr-gerichtet-werdet\/","title":{"rendered":"Sherlock Holmes und Co. 50: Auf dass ihr gerichtet werdet"},"content":{"rendered":"","protected":false},"excerpt":{"rendered":"<p>Ein Abenteuer mit Pater Brown<\/p>\n<p>Der Barmherzige &#8211; so nennt sich die unbekannte Person, die M\u00f6rder richtet, die durch die Maschen des Gesetzes geschl\u00fcpft sind. Pater Brown wird in diesen Fall involviert und macht in dem Seniorenheim Shady Oaks eine verbl\u00fcffende Entdeckung. Zusammen mit der Hausangestellten Violet stellt er weitere Untersuchungen an. Kurz darauf verwandelt sich das Haus in ein Wespennest, in das der Pater mitten hineinsticht.<\/p>\n<p>ca. 60 Minuten Laufzeit<\/p>\n<p>Autor: Marc Freund<\/p>\n<p>Sprecher: Douglas Welbat, Volker Brandt, Andrea Aust, Till Hagen, Peter Weis, Dagmar Dreke, Liane Rudolph, Ilona Otto, Wolfgang Bahro, Peter Kirchberger, Helmut Krauss, Karen Schulz-Vobach, Holger L\u00f6wenberg, Wolf Frass, Lutz Mackensy<\/p>\n","protected":false},"featured_media":9715,"template":"","meta":[],"product_brand":[],"product_cat":[72,424],"product_tag":[],"class_list":{"0":"post-9768","1":"product","2":"type-product","3":"status-publish","4":"has-post-thumbnail","6":"product_cat-hoerspiele","7":"product_cat-sherlock-holmes-und-co","8":"product_shipping_class-tontraeger-cd","9":"entry","10":"clearfix","11":"entry-grid","12":"entry-columns-3","13":"entry-product-module-layout-sidebar-right","14":"thumbnail-color-tone-dark","15":"entry-product","17":"entry-product-grid","19":"first","20":"outofstock","21":"taxable","22":"shipping-taxable","23":"purchasable","24":"product-type-simple"},"yoast_head":"<!-- This site is optimized with the Yoast SEO plugin v27.4 - https:\/\/yoast.com\/product\/yoast-seo-wordpress\/ -->\n<title>Sherlock Holmes und Co. 50: Auf dass ihr gerichtet werdet<\/title>\n<meta name=\"description\" content=\"Ein Abenteuer mit Pater Brown  Der Barmherzige - so nennt sich die unbekannte Person, die M\u00f6rder richtet, die durch die Maschen des Gesetzes geschl\u00fcpft sind. Pater Brown wird in diesen Fall involviert und macht in dem Seniorenheim Shady Oaks eine verbl\u00fcffende Entdeckung. Zusammen mit der Hausangestellten Violet stellt er weitere Untersuchungen an. Kurz darauf verwandelt sich das Haus in ein Wespennest, in das der Pater mitten hineinsticht.  ca. 60 Minuten Laufzeit  Autor: Marc Freund  Sprecher: Douglas Welbat, Volker Brandt, Andrea Aust, Till Hagen, Peter Weis, Dagmar Dreke, Liane Rudolph, Ilona Otto, Wolfgang Bahro, Peter Kirchberger, Helmut Krauss, Karen Schulz-Vobach, Holger L\u00f6wenberg, Wolf Frass, Lutz Mackensy\" \/>\n<meta name=\"robots\" content=\"index, follow, max-snippet:-1, max-image-preview:large, max-video-preview:-1\" \/>\n<link rel=\"canonical\" href=\"https:\/\/www.allscore.de\/shop\/produkt\/sherlock-holmes-und-co-50-auf-dass-ihr-gerichtet-werdet\/\" \/>\n<meta property=\"og:locale\" content=\"de_DE\" \/>\n<meta property=\"og:type\" content=\"article\" \/>\n<meta property=\"og:title\" content=\"Sherlock Holmes und Co. 50: Auf dass ihr gerichtet werdet\" \/>\n<meta property=\"og:description\" content=\"Ein Abenteuer mit Pater Brown  Der Barmherzige - so nennt sich die unbekannte Person, die M\u00f6rder richtet, die durch die Maschen des Gesetzes geschl\u00fcpft sind. Pater Brown wird in diesen Fall involviert und macht in dem Seniorenheim Shady Oaks eine verbl\u00fcffende Entdeckung. Zusammen mit der Hausangestellten Violet stellt er weitere Untersuchungen an. Kurz darauf verwandelt sich das Haus in ein Wespennest, in das der Pater mitten hineinsticht.  ca. 60 Minuten Laufzeit  Autor: Marc Freund  Sprecher: Douglas Welbat, Volker Brandt, Andrea Aust, Till Hagen, Peter Weis, Dagmar Dreke, Liane Rudolph, Ilona Otto, Wolfgang Bahro, Peter Kirchberger, Helmut Krauss, Karen Schulz-Vobach, Holger L\u00f6wenberg, Wolf Frass, Lutz Mackensy\" \/>\n<meta property=\"og:url\" content=\"https:\/\/www.allscore.de\/shop\/produkt\/sherlock-holmes-und-co-50-auf-dass-ihr-gerichtet-werdet\/\" \/>\n<meta property=\"og:site_name\" content=\"Allscore Shop\" \/>\n<meta property=\"article:modified_time\" content=\"2025-10-24T13:55:12+00:00\" \/>\n<meta property=\"og:image\" content=\"https:\/\/www.allscore.de\/shop\/wp-content\/uploads\/2021\/03\/SHCo50_1000px.jpg\" \/>\n\t<meta property=\"og:image:width\" content=\"1000\" \/>\n\t<meta property=\"og:image:height\" content=\"1000\" \/>\n\t<meta property=\"og:image:type\" content=\"image\/jpeg\" \/>\n<meta name=\"twitter:card\" content=\"summary_large_image\" \/>\n<script type=\"application\/ld+json\" class=\"yoast-schema-graph\">{\"@context\":\"https:\\\/\\\/schema.org\",\"@graph\":[{\"@type\":\"WebPage\",\"@id\":\"https:\\\/\\\/www.allscore.de\\\/shop\\\/produkt\\\/sherlock-holmes-und-co-50-auf-dass-ihr-gerichtet-werdet\\\/\",\"url\":\"https:\\\/\\\/www.allscore.de\\\/shop\\\/produkt\\\/sherlock-holmes-und-co-50-auf-dass-ihr-gerichtet-werdet\\\/\",\"name\":\"Sherlock Holmes und Co. 50: Auf dass ihr gerichtet werdet\",\"isPartOf\":{\"@id\":\"https:\\\/\\\/www.allscore.de\\\/shop\\\/#website\"},\"primaryImageOfPage\":{\"@id\":\"https:\\\/\\\/www.allscore.de\\\/shop\\\/produkt\\\/sherlock-holmes-und-co-50-auf-dass-ihr-gerichtet-werdet\\\/#primaryimage\"},\"image\":{\"@id\":\"https:\\\/\\\/www.allscore.de\\\/shop\\\/produkt\\\/sherlock-holmes-und-co-50-auf-dass-ihr-gerichtet-werdet\\\/#primaryimage\"},\"thumbnailUrl\":\"https:\\\/\\\/www.allscore.de\\\/shop\\\/wp-content\\\/uploads\\\/2021\\\/03\\\/SHCo50_1000px.jpg\",\"datePublished\":\"2020-02-01T16:19:56+00:00\",\"dateModified\":\"2025-10-24T13:55:12+00:00\",\"description\":\"Ein Abenteuer mit Pater Brown Der Barmherzige - so nennt sich die unbekannte Person, die M\u00f6rder richtet, die durch die Maschen des Gesetzes geschl\u00fcpft sind. Pater Brown wird in diesen Fall involviert und macht in dem Seniorenheim Shady Oaks eine verbl\u00fcffende Entdeckung. Zusammen mit der Hausangestellten Violet stellt er weitere Untersuchungen an. Kurz darauf verwandelt sich das Haus in ein Wespennest, in das der Pater mitten hineinsticht. ca. 60 Minuten Laufzeit Autor: Marc Freund Sprecher: Douglas Welbat, Volker Brandt, Andrea Aust, Till Hagen, Peter Weis, Dagmar Dreke, Liane Rudolph, Ilona Otto, Wolfgang Bahro, Peter Kirchberger, Helmut Krauss, Karen Schulz-Vobach, Holger L\u00f6wenberg, Wolf Frass, Lutz Mackensy\",\"breadcrumb\":{\"@id\":\"https:\\\/\\\/www.allscore.de\\\/shop\\\/produkt\\\/sherlock-holmes-und-co-50-auf-dass-ihr-gerichtet-werdet\\\/#breadcrumb\"},\"inLanguage\":\"de\",\"potentialAction\":[{\"@type\":\"ReadAction\",\"target\":[\"https:\\\/\\\/www.allscore.de\\\/shop\\\/produkt\\\/sherlock-holmes-und-co-50-auf-dass-ihr-gerichtet-werdet\\\/\"]}]},{\"@type\":\"ImageObject\",\"inLanguage\":\"de\",\"@id\":\"https:\\\/\\\/www.allscore.de\\\/shop\\\/produkt\\\/sherlock-holmes-und-co-50-auf-dass-ihr-gerichtet-werdet\\\/#primaryimage\",\"url\":\"https:\\\/\\\/www.allscore.de\\\/shop\\\/wp-content\\\/uploads\\\/2021\\\/03\\\/SHCo50_1000px.jpg\",\"contentUrl\":\"https:\\\/\\\/www.allscore.de\\\/shop\\\/wp-content\\\/uploads\\\/2021\\\/03\\\/SHCo50_1000px.jpg\",\"width\":1000,\"height\":1000,\"caption\":\"Sherlock Holmes und Co. 50: Auf dass ihr gerichtet werdet\"},{\"@type\":\"BreadcrumbList\",\"@id\":\"https:\\\/\\\/www.allscore.de\\\/shop\\\/produkt\\\/sherlock-holmes-und-co-50-auf-dass-ihr-gerichtet-werdet\\\/#breadcrumb\",\"itemListElement\":[{\"@type\":\"ListItem\",\"position\":1,\"name\":\"Startseite\",\"item\":\"https:\\\/\\\/www.allscore.de\\\/shop\\\/\"},{\"@type\":\"ListItem\",\"position\":2,\"name\":\"Produkte\",\"item\":\"https:\\\/\\\/www.allscore.de\\\/shop\\\/shop\\\/\"},{\"@type\":\"ListItem\",\"position\":3,\"name\":\"Sherlock Holmes und Co. 50: Auf dass ihr gerichtet werdet\"}]},{\"@type\":\"WebSite\",\"@id\":\"https:\\\/\\\/www.allscore.de\\\/shop\\\/#website\",\"url\":\"https:\\\/\\\/www.allscore.de\\\/shop\\\/\",\"name\":\"Allscore Shop\",\"description\":\"All Score Media\",\"publisher\":{\"@id\":\"https:\\\/\\\/www.allscore.de\\\/shop\\\/#organization\"},\"potentialAction\":[{\"@type\":\"SearchAction\",\"target\":{\"@type\":\"EntryPoint\",\"urlTemplate\":\"https:\\\/\\\/www.allscore.de\\\/shop\\\/?s={search_term_string}\"},\"query-input\":{\"@type\":\"PropertyValueSpecification\",\"valueRequired\":true,\"valueName\":\"search_term_string\"}}],\"inLanguage\":\"de\"},{\"@type\":\"Organization\",\"@id\":\"https:\\\/\\\/www.allscore.de\\\/shop\\\/#organization\",\"name\":\"All Score Media\",\"alternateName\":\"Allscore\",\"url\":\"https:\\\/\\\/www.allscore.de\\\/shop\\\/\",\"logo\":{\"@type\":\"ImageObject\",\"inLanguage\":\"de\",\"@id\":\"https:\\\/\\\/www.allscore.de\\\/shop\\\/#\\\/schema\\\/logo\\\/image\\\/\",\"url\":\"https:\\\/\\\/www.allscore.de\\\/shop\\\/wp-content\\\/uploads\\\/2026\\\/01\\\/Logo_Yoast_Shop_2026.png\",\"contentUrl\":\"https:\\\/\\\/www.allscore.de\\\/shop\\\/wp-content\\\/uploads\\\/2026\\\/01\\\/Logo_Yoast_Shop_2026.png\",\"width\":696,\"height\":696,\"caption\":\"All Score Media\"},\"image\":{\"@id\":\"https:\\\/\\\/www.allscore.de\\\/shop\\\/#\\\/schema\\\/logo\\\/image\\\/\"}}]}<\/script>\n<!-- \/ Yoast SEO plugin. -->","yoast_head_json":{"title":"Sherlock Holmes und Co. 50: Auf dass ihr gerichtet werdet","description":"Ein Abenteuer mit Pater Brown  Der Barmherzige - so nennt sich die unbekannte Person, die M\u00f6rder richtet, die durch die Maschen des Gesetzes geschl\u00fcpft sind. Pater Brown wird in diesen Fall involviert und macht in dem Seniorenheim Shady Oaks eine verbl\u00fcffende Entdeckung. Zusammen mit der Hausangestellten Violet stellt er weitere Untersuchungen an. Kurz darauf verwandelt sich das Haus in ein Wespennest, in das der Pater mitten hineinsticht.  ca. 60 Minuten Laufzeit  Autor: Marc Freund  Sprecher: Douglas Welbat, Volker Brandt, Andrea Aust, Till Hagen, Peter Weis, Dagmar Dreke, Liane Rudolph, Ilona Otto, Wolfgang Bahro, Peter Kirchberger, Helmut Krauss, Karen Schulz-Vobach, Holger L\u00f6wenberg, Wolf Frass, Lutz Mackensy","robots":{"index":"index","follow":"follow","max-snippet":"max-snippet:-1","max-image-preview":"max-image-preview:large","max-video-preview":"max-video-preview:-1"},"canonical":"https:\/\/www.allscore.de\/shop\/produkt\/sherlock-holmes-und-co-50-auf-dass-ihr-gerichtet-werdet\/","og_locale":"de_DE","og_type":"article","og_title":"Sherlock Holmes und Co. 50: Auf dass ihr gerichtet werdet","og_description":"Ein Abenteuer mit Pater Brown  Der Barmherzige - so nennt sich die unbekannte Person, die M\u00f6rder richtet, die durch die Maschen des Gesetzes geschl\u00fcpft sind. Pater Brown wird in diesen Fall involviert und macht in dem Seniorenheim Shady Oaks eine verbl\u00fcffende Entdeckung. Zusammen mit der Hausangestellten Violet stellt er weitere Untersuchungen an. Kurz darauf verwandelt sich das Haus in ein Wespennest, in das der Pater mitten hineinsticht.  ca. 60 Minuten Laufzeit  Autor: Marc Freund  Sprecher: Douglas Welbat, Volker Brandt, Andrea Aust, Till Hagen, Peter Weis, Dagmar Dreke, Liane Rudolph, Ilona Otto, Wolfgang Bahro, Peter Kirchberger, Helmut Krauss, Karen Schulz-Vobach, Holger L\u00f6wenberg, Wolf Frass, Lutz Mackensy","og_url":"https:\/\/www.allscore.de\/shop\/produkt\/sherlock-holmes-und-co-50-auf-dass-ihr-gerichtet-werdet\/","og_site_name":"Allscore Shop","article_modified_time":"2025-10-24T13:55:12+00:00","og_image":[{"width":1000,"height":1000,"url":"https:\/\/www.allscore.de\/shop\/wp-content\/uploads\/2021\/03\/SHCo50_1000px.jpg","type":"image\/jpeg"}],"twitter_card":"summary_large_image","schema":{"@context":"https:\/\/schema.org","@graph":[{"@type":"WebPage","@id":"https:\/\/www.allscore.de\/shop\/produkt\/sherlock-holmes-und-co-50-auf-dass-ihr-gerichtet-werdet\/","url":"https:\/\/www.allscore.de\/shop\/produkt\/sherlock-holmes-und-co-50-auf-dass-ihr-gerichtet-werdet\/","name":"Sherlock Holmes und Co. 50: Auf dass ihr gerichtet werdet","isPartOf":{"@id":"https:\/\/www.allscore.de\/shop\/#website"},"primaryImageOfPage":{"@id":"https:\/\/www.allscore.de\/shop\/produkt\/sherlock-holmes-und-co-50-auf-dass-ihr-gerichtet-werdet\/#primaryimage"},"image":{"@id":"https:\/\/www.allscore.de\/shop\/produkt\/sherlock-holmes-und-co-50-auf-dass-ihr-gerichtet-werdet\/#primaryimage"},"thumbnailUrl":"https:\/\/www.allscore.de\/shop\/wp-content\/uploads\/2021\/03\/SHCo50_1000px.jpg","datePublished":"2020-02-01T16:19:56+00:00","dateModified":"2025-10-24T13:55:12+00:00","description":"Ein Abenteuer mit Pater Brown Der Barmherzige - so nennt sich die unbekannte Person, die M\u00f6rder richtet, die durch die Maschen des Gesetzes geschl\u00fcpft sind. Pater Brown wird in diesen Fall involviert und macht in dem Seniorenheim Shady Oaks eine verbl\u00fcffende Entdeckung. Zusammen mit der Hausangestellten Violet stellt er weitere Untersuchungen an. Kurz darauf verwandelt sich das Haus in ein Wespennest, in das der Pater mitten hineinsticht. ca. 60 Minuten Laufzeit Autor: Marc Freund Sprecher: Douglas Welbat, Volker Brandt, Andrea Aust, Till Hagen, Peter Weis, Dagmar Dreke, Liane Rudolph, Ilona Otto, Wolfgang Bahro, Peter Kirchberger, Helmut Krauss, Karen Schulz-Vobach, Holger L\u00f6wenberg, Wolf Frass, Lutz Mackensy","breadcrumb":{"@id":"https:\/\/www.allscore.de\/shop\/produkt\/sherlock-holmes-und-co-50-auf-dass-ihr-gerichtet-werdet\/#breadcrumb"},"inLanguage":"de","potentialAction":[{"@type":"ReadAction","target":["https:\/\/www.allscore.de\/shop\/produkt\/sherlock-holmes-und-co-50-auf-dass-ihr-gerichtet-werdet\/"]}]},{"@type":"ImageObject","inLanguage":"de","@id":"https:\/\/www.allscore.de\/shop\/produkt\/sherlock-holmes-und-co-50-auf-dass-ihr-gerichtet-werdet\/#primaryimage","url":"https:\/\/www.allscore.de\/shop\/wp-content\/uploads\/2021\/03\/SHCo50_1000px.jpg","contentUrl":"https:\/\/www.allscore.de\/shop\/wp-content\/uploads\/2021\/03\/SHCo50_1000px.jpg","width":1000,"height":1000,"caption":"Sherlock Holmes und Co. 50: Auf dass ihr gerichtet werdet"},{"@type":"BreadcrumbList","@id":"https:\/\/www.allscore.de\/shop\/produkt\/sherlock-holmes-und-co-50-auf-dass-ihr-gerichtet-werdet\/#breadcrumb","itemListElement":[{"@type":"ListItem","position":1,"name":"Startseite","item":"https:\/\/www.allscore.de\/shop\/"},{"@type":"ListItem","position":2,"name":"Produkte","item":"https:\/\/www.allscore.de\/shop\/shop\/"},{"@type":"ListItem","position":3,"name":"Sherlock Holmes und Co. 50: Auf dass ihr gerichtet werdet"}]},{"@type":"WebSite","@id":"https:\/\/www.allscore.de\/shop\/#website","url":"https:\/\/www.allscore.de\/shop\/","name":"Allscore Shop","description":"All Score Media","publisher":{"@id":"https:\/\/www.allscore.de\/shop\/#organization"},"potentialAction":[{"@type":"SearchAction","target":{"@type":"EntryPoint","urlTemplate":"https:\/\/www.allscore.de\/shop\/?s={search_term_string}"},"query-input":{"@type":"PropertyValueSpecification","valueRequired":true,"valueName":"search_term_string"}}],"inLanguage":"de"},{"@type":"Organization","@id":"https:\/\/www.allscore.de\/shop\/#organization","name":"All Score Media","alternateName":"Allscore","url":"https:\/\/www.allscore.de\/shop\/","logo":{"@type":"ImageObject","inLanguage":"de","@id":"https:\/\/www.allscore.de\/shop\/#\/schema\/logo\/image\/","url":"https:\/\/www.allscore.de\/shop\/wp-content\/uploads\/2026\/01\/Logo_Yoast_Shop_2026.png","contentUrl":"https:\/\/www.allscore.de\/shop\/wp-content\/uploads\/2026\/01\/Logo_Yoast_Shop_2026.png","width":696,"height":696,"caption":"All Score Media"},"image":{"@id":"https:\/\/www.allscore.de\/shop\/#\/schema\/logo\/image\/"}}]}},"_links":{"self":[{"href":"https:\/\/www.allscore.de\/shop\/wp-json\/wp\/v2\/product\/9768","targetHints":{"allow":["GET"]}}],"collection":[{"href":"https:\/\/www.allscore.de\/shop\/wp-json\/wp\/v2\/product"}],"about":[{"href":"https:\/\/www.allscore.de\/shop\/wp-json\/wp\/v2\/types\/product"}],"wp:featuredmedia":[{"embeddable":true,"href":"https:\/\/www.allscore.de\/shop\/wp-json\/wp\/v2\/media\/9715"}],"wp:attachment":[{"href":"https:\/\/www.allscore.de\/shop\/wp-json\/wp\/v2\/media?parent=9768"}],"wp:term":[{"taxonomy":"product_brand","embeddable":true,"href":"https:\/\/www.allscore.de\/shop\/wp-json\/wp\/v2\/product_brand?post=9768"},{"taxonomy":"product_cat","embeddable":true,"href":"https:\/\/www.allscore.de\/shop\/wp-json\/wp\/v2\/product_cat?post=9768"},{"taxonomy":"product_tag","embeddable":true,"href":"https:\/\/www.allscore.de\/shop\/wp-json\/wp\/v2\/product_tag?post=9768"}],"curies":[{"name":"wp","href":"https:\/\/api.w.org\/{rel}","templated":true}]}}