{"id":9674,"date":"2020-03-20T15:14:01","date_gmt":"2020-03-20T14:14:01","guid":{"rendered":"https:\/\/www.allscore.de\/shop\/?post_type=product&#038;p=9674"},"modified":"2025-12-15T17:59:42","modified_gmt":"2025-12-15T16:59:42","slug":"geister-schocker-86-der-hexer-mit-den-roten-augen","status":"publish","type":"product","link":"https:\/\/www.allscore.de\/shop\/produkt\/geister-schocker-86-der-hexer-mit-den-roten-augen\/","title":{"rendered":"Geister-Schocker 86: Der Hexer mit den roten Augen"},"content":{"rendered":"<p>Geister-Schocker 86: Der Hexer mit den roten Augen<\/p>\n<p><strong><u>Inhalt:<br \/>\n<\/u><\/strong>John Wolfe drehte sich um, als er erschrocken zusammenzuckte. Direkt hinter ihm stand ein Mann, den er noch nie gesehen hatte. Er war von Kopf bis Fu\u00df in Schwarz gekleidet. Der Fremde sagte nichts. Er tat auch nichts, als einfach dazustehen und ihn anzuschauen. Pl\u00f6tzlich f\u00fchle Wolfe einen dumpfen Schlag. Seine H\u00e4nde tasteten \u00fcber die Brust, schlossen sich um den Griff des Messers, der noch aus seinem K\u00f6rper ragte. Kurz vor seinem Tod warf John Wolfe noch einen Blick in das Gesicht des Unheimlichen. Dabei sah er die Augen seines M\u00f6rders, von denen ein d\u00e4monisches Leuchten ausging, dann brach der tot zusammen. Mit einem harten Ruck zog er Unheimliche das Messer aus der Brust des Toten und begann, die Leiche \u00fcbel zuzurichten \u2026<\/p>\n<p><strong><u>Sprecher:<br \/>\n<\/u><\/strong>Helgo Liebig, Christian Stark, Martin Sabel, Sven Matthias, Patrick Steiner, Sascha Krueger, Andr\u00e9 Beyer, Detlef Tams, Felix Str\u00fcven, Werner Wilkening, Vanida Karun, Christin Deuker, Christian Michalak, Marie Burghardt, Markus Raab<\/p>\n<p><strong><u>Autor:<br \/>\n<\/u><\/strong>Bob Collins<\/p>\n","protected":false},"excerpt":{"rendered":"<p>Geister-Schocker 86: Der Hexer mit den roten Augen Inhalt: John Wolfe drehte sich um, als er erschrocken zusammenzuckte. Direkt hinter ihm stand ein Mann, den er noch nie gesehen hatte. Er war von Kopf bis Fu\u00df in Schwarz gekleidet. Der Fremde sagte nichts. Er tat auch nichts, als einfach dazustehen und ihn anzuschauen. Pl\u00f6tzlich f\u00fchle&#8230;<\/p>\n<p><a rel=\"bookmark\" class=\"vonzot-button-simple wvc-button wvc-button-size-sm\" href=\"https:\/\/www.allscore.de\/shop\/produkt\/geister-schocker-86-der-hexer-mit-den-roten-augen\/\"><span>Read more<\/span><\/a><\/p>\n","protected":false},"featured_media":9394,"template":"","meta":[],"product_brand":[],"product_cat":[74,72],"product_tag":[],"class_list":{"0":"post-9674","1":"product","2":"type-product","3":"status-publish","4":"has-post-thumbnail","6":"product_cat-geister-schocker","7":"product_cat-hoerspiele","8":"product_shipping_class-tontraeger-cd","9":"entry","10":"clearfix","11":"entry-grid","12":"entry-columns-3","13":"entry-product-module-layout-sidebar-right","14":"thumbnail-color-tone-dark","15":"entry-product","17":"entry-product-grid","19":"first","20":"instock","21":"taxable","22":"shipping-taxable","23":"purchasable","24":"product-type-simple"},"yoast_head":"<!-- This site is optimized with the Yoast SEO plugin v27.4 - https:\/\/yoast.com\/product\/yoast-seo-wordpress\/ -->\n<title>Geister-Schocker 86: Der Hexer mit den roten Augen<\/title>\n<meta name=\"description\" content=\"Geister-Schocker 86: Der Hexer mit den roten Augen Inhalt: John Wolfe drehte sich um, als er erschrocken zusammenzuckte. Direkt hinter ihm stand ein Mann,\" \/>\n<meta name=\"robots\" content=\"index, follow, max-snippet:-1, max-image-preview:large, max-video-preview:-1\" \/>\n<link rel=\"canonical\" href=\"https:\/\/www.allscore.de\/shop\/produkt\/geister-schocker-86-der-hexer-mit-den-roten-augen\/\" \/>\n<meta property=\"og:locale\" content=\"de_DE\" \/>\n<meta property=\"og:type\" content=\"article\" \/>\n<meta property=\"og:title\" content=\"Geister-Schocker 86: Der Hexer mit den roten Augen\" \/>\n<meta property=\"og:description\" content=\"Geister-Schocker 86: Der Hexer mit den roten Augen Inhalt: John Wolfe drehte sich um, als er erschrocken zusammenzuckte. Direkt hinter ihm stand ein Mann,\" \/>\n<meta property=\"og:url\" content=\"https:\/\/www.allscore.de\/shop\/produkt\/geister-schocker-86-der-hexer-mit-den-roten-augen\/\" \/>\n<meta property=\"og:site_name\" content=\"Allscore Shop\" \/>\n<meta property=\"article:modified_time\" content=\"2025-12-15T16:59:42+00:00\" \/>\n<meta property=\"og:image\" content=\"https:\/\/www.allscore.de\/shop\/wp-content\/uploads\/2021\/03\/GS86_1200px.jpg\" \/>\n\t<meta property=\"og:image:width\" content=\"1200\" \/>\n\t<meta property=\"og:image:height\" content=\"1200\" \/>\n\t<meta property=\"og:image:type\" content=\"image\/jpeg\" \/>\n<meta name=\"twitter:card\" content=\"summary_large_image\" \/>\n<meta name=\"twitter:label1\" content=\"Gesch\u00e4tzte Lesezeit\" \/>\n\t<meta name=\"twitter:data1\" content=\"1\u00a0Minute\" \/>\n<script type=\"application\/ld+json\" class=\"yoast-schema-graph\">{\"@context\":\"https:\\\/\\\/schema.org\",\"@graph\":[{\"@type\":\"WebPage\",\"@id\":\"https:\\\/\\\/www.allscore.de\\\/shop\\\/produkt\\\/geister-schocker-86-der-hexer-mit-den-roten-augen\\\/\",\"url\":\"https:\\\/\\\/www.allscore.de\\\/shop\\\/produkt\\\/geister-schocker-86-der-hexer-mit-den-roten-augen\\\/\",\"name\":\"Geister-Schocker 86: Der Hexer mit den roten Augen\",\"isPartOf\":{\"@id\":\"https:\\\/\\\/www.allscore.de\\\/shop\\\/#website\"},\"primaryImageOfPage\":{\"@id\":\"https:\\\/\\\/www.allscore.de\\\/shop\\\/produkt\\\/geister-schocker-86-der-hexer-mit-den-roten-augen\\\/#primaryimage\"},\"image\":{\"@id\":\"https:\\\/\\\/www.allscore.de\\\/shop\\\/produkt\\\/geister-schocker-86-der-hexer-mit-den-roten-augen\\\/#primaryimage\"},\"thumbnailUrl\":\"https:\\\/\\\/www.allscore.de\\\/shop\\\/wp-content\\\/uploads\\\/2021\\\/03\\\/GS86_1200px.jpg\",\"datePublished\":\"2020-03-20T14:14:01+00:00\",\"dateModified\":\"2025-12-15T16:59:42+00:00\",\"description\":\"Geister-Schocker 86: Der Hexer mit den roten Augen Inhalt: John Wolfe drehte sich um, als er erschrocken zusammenzuckte. Direkt hinter ihm stand ein Mann,\",\"breadcrumb\":{\"@id\":\"https:\\\/\\\/www.allscore.de\\\/shop\\\/produkt\\\/geister-schocker-86-der-hexer-mit-den-roten-augen\\\/#breadcrumb\"},\"inLanguage\":\"de\",\"potentialAction\":[{\"@type\":\"ReadAction\",\"target\":[\"https:\\\/\\\/www.allscore.de\\\/shop\\\/produkt\\\/geister-schocker-86-der-hexer-mit-den-roten-augen\\\/\"]}]},{\"@type\":\"ImageObject\",\"inLanguage\":\"de\",\"@id\":\"https:\\\/\\\/www.allscore.de\\\/shop\\\/produkt\\\/geister-schocker-86-der-hexer-mit-den-roten-augen\\\/#primaryimage\",\"url\":\"https:\\\/\\\/www.allscore.de\\\/shop\\\/wp-content\\\/uploads\\\/2021\\\/03\\\/GS86_1200px.jpg\",\"contentUrl\":\"https:\\\/\\\/www.allscore.de\\\/shop\\\/wp-content\\\/uploads\\\/2021\\\/03\\\/GS86_1200px.jpg\",\"width\":1200,\"height\":1200,\"caption\":\"Geister-Schocker (86): Der Hexer mit den roten Augen\"},{\"@type\":\"BreadcrumbList\",\"@id\":\"https:\\\/\\\/www.allscore.de\\\/shop\\\/produkt\\\/geister-schocker-86-der-hexer-mit-den-roten-augen\\\/#breadcrumb\",\"itemListElement\":[{\"@type\":\"ListItem\",\"position\":1,\"name\":\"Startseite\",\"item\":\"https:\\\/\\\/www.allscore.de\\\/shop\\\/\"},{\"@type\":\"ListItem\",\"position\":2,\"name\":\"Produkte\",\"item\":\"https:\\\/\\\/www.allscore.de\\\/shop\\\/shop\\\/\"},{\"@type\":\"ListItem\",\"position\":3,\"name\":\"Geister-Schocker 86: Der Hexer mit den roten Augen\"}]},{\"@type\":\"WebSite\",\"@id\":\"https:\\\/\\\/www.allscore.de\\\/shop\\\/#website\",\"url\":\"https:\\\/\\\/www.allscore.de\\\/shop\\\/\",\"name\":\"Allscore Shop\",\"description\":\"All Score Media\",\"publisher\":{\"@id\":\"https:\\\/\\\/www.allscore.de\\\/shop\\\/#organization\"},\"potentialAction\":[{\"@type\":\"SearchAction\",\"target\":{\"@type\":\"EntryPoint\",\"urlTemplate\":\"https:\\\/\\\/www.allscore.de\\\/shop\\\/?s={search_term_string}\"},\"query-input\":{\"@type\":\"PropertyValueSpecification\",\"valueRequired\":true,\"valueName\":\"search_term_string\"}}],\"inLanguage\":\"de\"},{\"@type\":\"Organization\",\"@id\":\"https:\\\/\\\/www.allscore.de\\\/shop\\\/#organization\",\"name\":\"All Score Media\",\"alternateName\":\"Allscore\",\"url\":\"https:\\\/\\\/www.allscore.de\\\/shop\\\/\",\"logo\":{\"@type\":\"ImageObject\",\"inLanguage\":\"de\",\"@id\":\"https:\\\/\\\/www.allscore.de\\\/shop\\\/#\\\/schema\\\/logo\\\/image\\\/\",\"url\":\"https:\\\/\\\/www.allscore.de\\\/shop\\\/wp-content\\\/uploads\\\/2026\\\/01\\\/Logo_Yoast_Shop_2026.png\",\"contentUrl\":\"https:\\\/\\\/www.allscore.de\\\/shop\\\/wp-content\\\/uploads\\\/2026\\\/01\\\/Logo_Yoast_Shop_2026.png\",\"width\":696,\"height\":696,\"caption\":\"All Score Media\"},\"image\":{\"@id\":\"https:\\\/\\\/www.allscore.de\\\/shop\\\/#\\\/schema\\\/logo\\\/image\\\/\"}}]}<\/script>\n<!-- \/ Yoast SEO plugin. -->","yoast_head_json":{"title":"Geister-Schocker 86: Der Hexer mit den roten Augen","description":"Geister-Schocker 86: Der Hexer mit den roten Augen Inhalt: John Wolfe drehte sich um, als er erschrocken zusammenzuckte. Direkt hinter ihm stand ein Mann,","robots":{"index":"index","follow":"follow","max-snippet":"max-snippet:-1","max-image-preview":"max-image-preview:large","max-video-preview":"max-video-preview:-1"},"canonical":"https:\/\/www.allscore.de\/shop\/produkt\/geister-schocker-86-der-hexer-mit-den-roten-augen\/","og_locale":"de_DE","og_type":"article","og_title":"Geister-Schocker 86: Der Hexer mit den roten Augen","og_description":"Geister-Schocker 86: Der Hexer mit den roten Augen Inhalt: John Wolfe drehte sich um, als er erschrocken zusammenzuckte. Direkt hinter ihm stand ein Mann,","og_url":"https:\/\/www.allscore.de\/shop\/produkt\/geister-schocker-86-der-hexer-mit-den-roten-augen\/","og_site_name":"Allscore Shop","article_modified_time":"2025-12-15T16:59:42+00:00","og_image":[{"width":1200,"height":1200,"url":"https:\/\/www.allscore.de\/shop\/wp-content\/uploads\/2021\/03\/GS86_1200px.jpg","type":"image\/jpeg"}],"twitter_card":"summary_large_image","twitter_misc":{"Gesch\u00e4tzte Lesezeit":"1\u00a0Minute"},"schema":{"@context":"https:\/\/schema.org","@graph":[{"@type":"WebPage","@id":"https:\/\/www.allscore.de\/shop\/produkt\/geister-schocker-86-der-hexer-mit-den-roten-augen\/","url":"https:\/\/www.allscore.de\/shop\/produkt\/geister-schocker-86-der-hexer-mit-den-roten-augen\/","name":"Geister-Schocker 86: Der Hexer mit den roten Augen","isPartOf":{"@id":"https:\/\/www.allscore.de\/shop\/#website"},"primaryImageOfPage":{"@id":"https:\/\/www.allscore.de\/shop\/produkt\/geister-schocker-86-der-hexer-mit-den-roten-augen\/#primaryimage"},"image":{"@id":"https:\/\/www.allscore.de\/shop\/produkt\/geister-schocker-86-der-hexer-mit-den-roten-augen\/#primaryimage"},"thumbnailUrl":"https:\/\/www.allscore.de\/shop\/wp-content\/uploads\/2021\/03\/GS86_1200px.jpg","datePublished":"2020-03-20T14:14:01+00:00","dateModified":"2025-12-15T16:59:42+00:00","description":"Geister-Schocker 86: Der Hexer mit den roten Augen Inhalt: John Wolfe drehte sich um, als er erschrocken zusammenzuckte. Direkt hinter ihm stand ein Mann,","breadcrumb":{"@id":"https:\/\/www.allscore.de\/shop\/produkt\/geister-schocker-86-der-hexer-mit-den-roten-augen\/#breadcrumb"},"inLanguage":"de","potentialAction":[{"@type":"ReadAction","target":["https:\/\/www.allscore.de\/shop\/produkt\/geister-schocker-86-der-hexer-mit-den-roten-augen\/"]}]},{"@type":"ImageObject","inLanguage":"de","@id":"https:\/\/www.allscore.de\/shop\/produkt\/geister-schocker-86-der-hexer-mit-den-roten-augen\/#primaryimage","url":"https:\/\/www.allscore.de\/shop\/wp-content\/uploads\/2021\/03\/GS86_1200px.jpg","contentUrl":"https:\/\/www.allscore.de\/shop\/wp-content\/uploads\/2021\/03\/GS86_1200px.jpg","width":1200,"height":1200,"caption":"Geister-Schocker (86): Der Hexer mit den roten Augen"},{"@type":"BreadcrumbList","@id":"https:\/\/www.allscore.de\/shop\/produkt\/geister-schocker-86-der-hexer-mit-den-roten-augen\/#breadcrumb","itemListElement":[{"@type":"ListItem","position":1,"name":"Startseite","item":"https:\/\/www.allscore.de\/shop\/"},{"@type":"ListItem","position":2,"name":"Produkte","item":"https:\/\/www.allscore.de\/shop\/shop\/"},{"@type":"ListItem","position":3,"name":"Geister-Schocker 86: Der Hexer mit den roten Augen"}]},{"@type":"WebSite","@id":"https:\/\/www.allscore.de\/shop\/#website","url":"https:\/\/www.allscore.de\/shop\/","name":"Allscore Shop","description":"All Score Media","publisher":{"@id":"https:\/\/www.allscore.de\/shop\/#organization"},"potentialAction":[{"@type":"SearchAction","target":{"@type":"EntryPoint","urlTemplate":"https:\/\/www.allscore.de\/shop\/?s={search_term_string}"},"query-input":{"@type":"PropertyValueSpecification","valueRequired":true,"valueName":"search_term_string"}}],"inLanguage":"de"},{"@type":"Organization","@id":"https:\/\/www.allscore.de\/shop\/#organization","name":"All Score Media","alternateName":"Allscore","url":"https:\/\/www.allscore.de\/shop\/","logo":{"@type":"ImageObject","inLanguage":"de","@id":"https:\/\/www.allscore.de\/shop\/#\/schema\/logo\/image\/","url":"https:\/\/www.allscore.de\/shop\/wp-content\/uploads\/2026\/01\/Logo_Yoast_Shop_2026.png","contentUrl":"https:\/\/www.allscore.de\/shop\/wp-content\/uploads\/2026\/01\/Logo_Yoast_Shop_2026.png","width":696,"height":696,"caption":"All Score Media"},"image":{"@id":"https:\/\/www.allscore.de\/shop\/#\/schema\/logo\/image\/"}}]}},"_links":{"self":[{"href":"https:\/\/www.allscore.de\/shop\/wp-json\/wp\/v2\/product\/9674","targetHints":{"allow":["GET"]}}],"collection":[{"href":"https:\/\/www.allscore.de\/shop\/wp-json\/wp\/v2\/product"}],"about":[{"href":"https:\/\/www.allscore.de\/shop\/wp-json\/wp\/v2\/types\/product"}],"wp:featuredmedia":[{"embeddable":true,"href":"https:\/\/www.allscore.de\/shop\/wp-json\/wp\/v2\/media\/9394"}],"wp:attachment":[{"href":"https:\/\/www.allscore.de\/shop\/wp-json\/wp\/v2\/media?parent=9674"}],"wp:term":[{"taxonomy":"product_brand","embeddable":true,"href":"https:\/\/www.allscore.de\/shop\/wp-json\/wp\/v2\/product_brand?post=9674"},{"taxonomy":"product_cat","embeddable":true,"href":"https:\/\/www.allscore.de\/shop\/wp-json\/wp\/v2\/product_cat?post=9674"},{"taxonomy":"product_tag","embeddable":true,"href":"https:\/\/www.allscore.de\/shop\/wp-json\/wp\/v2\/product_tag?post=9674"}],"curies":[{"name":"wp","href":"https:\/\/api.w.org\/{rel}","templated":true}]}}