{"id":9638,"date":"2016-11-25T14:08:02","date_gmt":"2016-11-25T13:08:02","guid":{"rendered":"https:\/\/www.allscore.de\/shop\/?post_type=product&#038;p=9638"},"modified":"2025-12-17T12:19:11","modified_gmt":"2025-12-17T11:19:11","slug":"geister-schocker-66-invasion-des-grauens","status":"publish","type":"product","link":"https:\/\/www.allscore.de\/shop\/produkt\/geister-schocker-66-invasion-des-grauens\/","title":{"rendered":"Geister-Schocker 66: Invasion des Grauens"},"content":{"rendered":"<p>Geister-Schocker 66: Invasion des Grauens<\/p>\n<p><strong><u>Inhalt:<br \/>\n<\/u><\/strong>Evelyne Lefort betrachtete mit Wohlgefallen den nackten Mann, mit dem sie die Nacht verbracht hatte. Jetzt stand er vor ihrem Bett. Doch etwas st\u00f6rte sie an ihm. Er sah sie mit Augen an, die nach und nach wie Rubine gl\u00fchten, w\u00e4hrend sein Gesicht in st\u00e4ndiges Zittern geriet. Da nahm sie die Ver\u00e4nderung wahr, die mit ihrem K\u00f6rper im Zeitraffertempo vor sich ging. Er gewann an Schwere, w\u00f6lbte sich von Minute zu Minute mehr und sie begriff nicht, was mit ihr geschah. Sie sp\u00fcrte und sah ihren Leib weiterwachsen, bis er einer \u00fcberreifen Frucht glich. Ihr Bauch barst wie eine Schale und entlie\u00df nacheinander drei grauenvolle Wesen, die noch nie zuvor ein Menschenauge erblickt hatte \u2026<\/p>\n<p><strong><u>Sprecher:<br \/>\n<\/u><\/strong>Michael Bideller, Leonhard Mahlich, Luise Lunow, Marie Bierstedt, Rainer Fritzsche, Sandra Schwittau, Helmut Krauss, Konrad B\u00f6sherz, Annina Braunmiller, Tanja Dohse, Rita Engelmann, J\u00fcrgen Thormann, Michael Pan, Uta D\u00e4nekamp, Frank Felicetti, Wolfgang Bahro, Lutz Schnell, Uschi Hugo, Alexander Turrek, Bodo Wolf, Gerald Paradies<\/p>\n<p><strong><u>Autor:<br \/>\n<\/u><\/strong>Frederic Sinclair<\/p>\n","protected":false},"excerpt":{"rendered":"<p>Geister-Schocker 66: Invasion des Grauens Inhalt: Evelyne Lefort betrachtete mit Wohlgefallen den nackten Mann, mit dem sie die Nacht verbracht hatte. Jetzt stand er vor ihrem Bett. Doch etwas st\u00f6rte sie an ihm. Er sah sie mit Augen an, die nach und nach wie Rubine gl\u00fchten, w\u00e4hrend sein Gesicht in st\u00e4ndiges Zittern geriet. Da nahm&#8230;<\/p>\n<p><a rel=\"bookmark\" class=\"vonzot-button-simple wvc-button wvc-button-size-sm\" href=\"https:\/\/www.allscore.de\/shop\/produkt\/geister-schocker-66-invasion-des-grauens\/\"><span>Read more<\/span><\/a><\/p>\n","protected":false},"featured_media":9358,"template":"","meta":[],"product_brand":[],"product_cat":[74,72],"product_tag":[],"class_list":{"0":"post-9638","1":"product","2":"type-product","3":"status-publish","4":"has-post-thumbnail","6":"product_cat-geister-schocker","7":"product_cat-hoerspiele","8":"product_shipping_class-tontraeger-cd","9":"entry","10":"clearfix","11":"entry-grid","12":"entry-columns-3","13":"entry-product-module-layout-sidebar-right","14":"thumbnail-color-tone-dark","15":"entry-product","17":"entry-product-grid","19":"first","20":"instock","21":"sale","22":"taxable","23":"shipping-taxable","24":"purchasable","25":"product-type-simple"},"yoast_head":"<!-- This site is optimized with the Yoast SEO plugin v27.4 - https:\/\/yoast.com\/product\/yoast-seo-wordpress\/ -->\n<title>Geister-Schocker 66: Invasion des Grauens<\/title>\n<meta name=\"description\" content=\"Geister-Schocker 66: Invasion des Grauens Inhalt: Evelyne Lefort betrachtete mit Wohlgefallen den nackten Mann, mit dem sie die Nacht verbracht hatte.\" \/>\n<meta name=\"robots\" content=\"index, follow, max-snippet:-1, max-image-preview:large, max-video-preview:-1\" \/>\n<link rel=\"canonical\" href=\"https:\/\/www.allscore.de\/shop\/produkt\/geister-schocker-66-invasion-des-grauens\/\" \/>\n<meta property=\"og:locale\" content=\"de_DE\" \/>\n<meta property=\"og:type\" content=\"article\" \/>\n<meta property=\"og:title\" content=\"Geister-Schocker 66: Invasion des Grauens\" \/>\n<meta property=\"og:description\" content=\"Geister-Schocker 66: Invasion des Grauens Inhalt: Evelyne Lefort betrachtete mit Wohlgefallen den nackten Mann, mit dem sie die Nacht verbracht hatte.\" \/>\n<meta property=\"og:url\" content=\"https:\/\/www.allscore.de\/shop\/produkt\/geister-schocker-66-invasion-des-grauens\/\" \/>\n<meta property=\"og:site_name\" content=\"Allscore Shop\" \/>\n<meta property=\"article:modified_time\" content=\"2025-12-17T11:19:11+00:00\" \/>\n<meta property=\"og:image\" content=\"https:\/\/www.allscore.de\/shop\/wp-content\/uploads\/2021\/03\/GS66_1200px.jpg\" \/>\n\t<meta property=\"og:image:width\" content=\"1200\" \/>\n\t<meta property=\"og:image:height\" content=\"1200\" \/>\n\t<meta property=\"og:image:type\" content=\"image\/jpeg\" \/>\n<meta name=\"twitter:card\" content=\"summary_large_image\" \/>\n<meta name=\"twitter:label1\" content=\"Gesch\u00e4tzte Lesezeit\" \/>\n\t<meta name=\"twitter:data1\" content=\"1\u00a0Minute\" \/>\n<script type=\"application\/ld+json\" class=\"yoast-schema-graph\">{\"@context\":\"https:\\\/\\\/schema.org\",\"@graph\":[{\"@type\":\"WebPage\",\"@id\":\"https:\\\/\\\/www.allscore.de\\\/shop\\\/produkt\\\/geister-schocker-66-invasion-des-grauens\\\/\",\"url\":\"https:\\\/\\\/www.allscore.de\\\/shop\\\/produkt\\\/geister-schocker-66-invasion-des-grauens\\\/\",\"name\":\"Geister-Schocker 66: Invasion des Grauens\",\"isPartOf\":{\"@id\":\"https:\\\/\\\/www.allscore.de\\\/shop\\\/#website\"},\"primaryImageOfPage\":{\"@id\":\"https:\\\/\\\/www.allscore.de\\\/shop\\\/produkt\\\/geister-schocker-66-invasion-des-grauens\\\/#primaryimage\"},\"image\":{\"@id\":\"https:\\\/\\\/www.allscore.de\\\/shop\\\/produkt\\\/geister-schocker-66-invasion-des-grauens\\\/#primaryimage\"},\"thumbnailUrl\":\"https:\\\/\\\/www.allscore.de\\\/shop\\\/wp-content\\\/uploads\\\/2021\\\/03\\\/GS66_1200px.jpg\",\"datePublished\":\"2016-11-25T13:08:02+00:00\",\"dateModified\":\"2025-12-17T11:19:11+00:00\",\"description\":\"Geister-Schocker 66: Invasion des Grauens Inhalt: Evelyne Lefort betrachtete mit Wohlgefallen den nackten Mann, mit dem sie die Nacht verbracht hatte.\",\"breadcrumb\":{\"@id\":\"https:\\\/\\\/www.allscore.de\\\/shop\\\/produkt\\\/geister-schocker-66-invasion-des-grauens\\\/#breadcrumb\"},\"inLanguage\":\"de\",\"potentialAction\":[{\"@type\":\"ReadAction\",\"target\":[\"https:\\\/\\\/www.allscore.de\\\/shop\\\/produkt\\\/geister-schocker-66-invasion-des-grauens\\\/\"]}]},{\"@type\":\"ImageObject\",\"inLanguage\":\"de\",\"@id\":\"https:\\\/\\\/www.allscore.de\\\/shop\\\/produkt\\\/geister-schocker-66-invasion-des-grauens\\\/#primaryimage\",\"url\":\"https:\\\/\\\/www.allscore.de\\\/shop\\\/wp-content\\\/uploads\\\/2021\\\/03\\\/GS66_1200px.jpg\",\"contentUrl\":\"https:\\\/\\\/www.allscore.de\\\/shop\\\/wp-content\\\/uploads\\\/2021\\\/03\\\/GS66_1200px.jpg\",\"width\":1200,\"height\":1200,\"caption\":\"Geister-Schocker (66): Invasion des Grauens\"},{\"@type\":\"BreadcrumbList\",\"@id\":\"https:\\\/\\\/www.allscore.de\\\/shop\\\/produkt\\\/geister-schocker-66-invasion-des-grauens\\\/#breadcrumb\",\"itemListElement\":[{\"@type\":\"ListItem\",\"position\":1,\"name\":\"Startseite\",\"item\":\"https:\\\/\\\/www.allscore.de\\\/shop\\\/\"},{\"@type\":\"ListItem\",\"position\":2,\"name\":\"Produkte\",\"item\":\"https:\\\/\\\/www.allscore.de\\\/shop\\\/shop\\\/\"},{\"@type\":\"ListItem\",\"position\":3,\"name\":\"Geister-Schocker 66: Invasion des Grauens\"}]},{\"@type\":\"WebSite\",\"@id\":\"https:\\\/\\\/www.allscore.de\\\/shop\\\/#website\",\"url\":\"https:\\\/\\\/www.allscore.de\\\/shop\\\/\",\"name\":\"Allscore Shop\",\"description\":\"All Score Media\",\"publisher\":{\"@id\":\"https:\\\/\\\/www.allscore.de\\\/shop\\\/#organization\"},\"potentialAction\":[{\"@type\":\"SearchAction\",\"target\":{\"@type\":\"EntryPoint\",\"urlTemplate\":\"https:\\\/\\\/www.allscore.de\\\/shop\\\/?s={search_term_string}\"},\"query-input\":{\"@type\":\"PropertyValueSpecification\",\"valueRequired\":true,\"valueName\":\"search_term_string\"}}],\"inLanguage\":\"de\"},{\"@type\":\"Organization\",\"@id\":\"https:\\\/\\\/www.allscore.de\\\/shop\\\/#organization\",\"name\":\"All Score Media\",\"alternateName\":\"Allscore\",\"url\":\"https:\\\/\\\/www.allscore.de\\\/shop\\\/\",\"logo\":{\"@type\":\"ImageObject\",\"inLanguage\":\"de\",\"@id\":\"https:\\\/\\\/www.allscore.de\\\/shop\\\/#\\\/schema\\\/logo\\\/image\\\/\",\"url\":\"https:\\\/\\\/www.allscore.de\\\/shop\\\/wp-content\\\/uploads\\\/2026\\\/01\\\/Logo_Yoast_Shop_2026.png\",\"contentUrl\":\"https:\\\/\\\/www.allscore.de\\\/shop\\\/wp-content\\\/uploads\\\/2026\\\/01\\\/Logo_Yoast_Shop_2026.png\",\"width\":696,\"height\":696,\"caption\":\"All Score Media\"},\"image\":{\"@id\":\"https:\\\/\\\/www.allscore.de\\\/shop\\\/#\\\/schema\\\/logo\\\/image\\\/\"}}]}<\/script>\n<!-- \/ Yoast SEO plugin. -->","yoast_head_json":{"title":"Geister-Schocker 66: Invasion des Grauens","description":"Geister-Schocker 66: Invasion des Grauens Inhalt: Evelyne Lefort betrachtete mit Wohlgefallen den nackten Mann, mit dem sie die Nacht verbracht hatte.","robots":{"index":"index","follow":"follow","max-snippet":"max-snippet:-1","max-image-preview":"max-image-preview:large","max-video-preview":"max-video-preview:-1"},"canonical":"https:\/\/www.allscore.de\/shop\/produkt\/geister-schocker-66-invasion-des-grauens\/","og_locale":"de_DE","og_type":"article","og_title":"Geister-Schocker 66: Invasion des Grauens","og_description":"Geister-Schocker 66: Invasion des Grauens Inhalt: Evelyne Lefort betrachtete mit Wohlgefallen den nackten Mann, mit dem sie die Nacht verbracht hatte.","og_url":"https:\/\/www.allscore.de\/shop\/produkt\/geister-schocker-66-invasion-des-grauens\/","og_site_name":"Allscore Shop","article_modified_time":"2025-12-17T11:19:11+00:00","og_image":[{"width":1200,"height":1200,"url":"https:\/\/www.allscore.de\/shop\/wp-content\/uploads\/2021\/03\/GS66_1200px.jpg","type":"image\/jpeg"}],"twitter_card":"summary_large_image","twitter_misc":{"Gesch\u00e4tzte Lesezeit":"1\u00a0Minute"},"schema":{"@context":"https:\/\/schema.org","@graph":[{"@type":"WebPage","@id":"https:\/\/www.allscore.de\/shop\/produkt\/geister-schocker-66-invasion-des-grauens\/","url":"https:\/\/www.allscore.de\/shop\/produkt\/geister-schocker-66-invasion-des-grauens\/","name":"Geister-Schocker 66: Invasion des Grauens","isPartOf":{"@id":"https:\/\/www.allscore.de\/shop\/#website"},"primaryImageOfPage":{"@id":"https:\/\/www.allscore.de\/shop\/produkt\/geister-schocker-66-invasion-des-grauens\/#primaryimage"},"image":{"@id":"https:\/\/www.allscore.de\/shop\/produkt\/geister-schocker-66-invasion-des-grauens\/#primaryimage"},"thumbnailUrl":"https:\/\/www.allscore.de\/shop\/wp-content\/uploads\/2021\/03\/GS66_1200px.jpg","datePublished":"2016-11-25T13:08:02+00:00","dateModified":"2025-12-17T11:19:11+00:00","description":"Geister-Schocker 66: Invasion des Grauens Inhalt: Evelyne Lefort betrachtete mit Wohlgefallen den nackten Mann, mit dem sie die Nacht verbracht hatte.","breadcrumb":{"@id":"https:\/\/www.allscore.de\/shop\/produkt\/geister-schocker-66-invasion-des-grauens\/#breadcrumb"},"inLanguage":"de","potentialAction":[{"@type":"ReadAction","target":["https:\/\/www.allscore.de\/shop\/produkt\/geister-schocker-66-invasion-des-grauens\/"]}]},{"@type":"ImageObject","inLanguage":"de","@id":"https:\/\/www.allscore.de\/shop\/produkt\/geister-schocker-66-invasion-des-grauens\/#primaryimage","url":"https:\/\/www.allscore.de\/shop\/wp-content\/uploads\/2021\/03\/GS66_1200px.jpg","contentUrl":"https:\/\/www.allscore.de\/shop\/wp-content\/uploads\/2021\/03\/GS66_1200px.jpg","width":1200,"height":1200,"caption":"Geister-Schocker (66): Invasion des Grauens"},{"@type":"BreadcrumbList","@id":"https:\/\/www.allscore.de\/shop\/produkt\/geister-schocker-66-invasion-des-grauens\/#breadcrumb","itemListElement":[{"@type":"ListItem","position":1,"name":"Startseite","item":"https:\/\/www.allscore.de\/shop\/"},{"@type":"ListItem","position":2,"name":"Produkte","item":"https:\/\/www.allscore.de\/shop\/shop\/"},{"@type":"ListItem","position":3,"name":"Geister-Schocker 66: Invasion des Grauens"}]},{"@type":"WebSite","@id":"https:\/\/www.allscore.de\/shop\/#website","url":"https:\/\/www.allscore.de\/shop\/","name":"Allscore Shop","description":"All Score Media","publisher":{"@id":"https:\/\/www.allscore.de\/shop\/#organization"},"potentialAction":[{"@type":"SearchAction","target":{"@type":"EntryPoint","urlTemplate":"https:\/\/www.allscore.de\/shop\/?s={search_term_string}"},"query-input":{"@type":"PropertyValueSpecification","valueRequired":true,"valueName":"search_term_string"}}],"inLanguage":"de"},{"@type":"Organization","@id":"https:\/\/www.allscore.de\/shop\/#organization","name":"All Score Media","alternateName":"Allscore","url":"https:\/\/www.allscore.de\/shop\/","logo":{"@type":"ImageObject","inLanguage":"de","@id":"https:\/\/www.allscore.de\/shop\/#\/schema\/logo\/image\/","url":"https:\/\/www.allscore.de\/shop\/wp-content\/uploads\/2026\/01\/Logo_Yoast_Shop_2026.png","contentUrl":"https:\/\/www.allscore.de\/shop\/wp-content\/uploads\/2026\/01\/Logo_Yoast_Shop_2026.png","width":696,"height":696,"caption":"All Score Media"},"image":{"@id":"https:\/\/www.allscore.de\/shop\/#\/schema\/logo\/image\/"}}]}},"_links":{"self":[{"href":"https:\/\/www.allscore.de\/shop\/wp-json\/wp\/v2\/product\/9638","targetHints":{"allow":["GET"]}}],"collection":[{"href":"https:\/\/www.allscore.de\/shop\/wp-json\/wp\/v2\/product"}],"about":[{"href":"https:\/\/www.allscore.de\/shop\/wp-json\/wp\/v2\/types\/product"}],"wp:featuredmedia":[{"embeddable":true,"href":"https:\/\/www.allscore.de\/shop\/wp-json\/wp\/v2\/media\/9358"}],"wp:attachment":[{"href":"https:\/\/www.allscore.de\/shop\/wp-json\/wp\/v2\/media?parent=9638"}],"wp:term":[{"taxonomy":"product_brand","embeddable":true,"href":"https:\/\/www.allscore.de\/shop\/wp-json\/wp\/v2\/product_brand?post=9638"},{"taxonomy":"product_cat","embeddable":true,"href":"https:\/\/www.allscore.de\/shop\/wp-json\/wp\/v2\/product_cat?post=9638"},{"taxonomy":"product_tag","embeddable":true,"href":"https:\/\/www.allscore.de\/shop\/wp-json\/wp\/v2\/product_tag?post=9638"}],"curies":[{"name":"wp","href":"https:\/\/api.w.org\/{rel}","templated":true}]}}