{"id":9619,"date":"2015-10-14T18:52:47","date_gmt":"2015-10-14T16:52:47","guid":{"rendered":"https:\/\/www.allscore.de\/shop\/?post_type=product&#038;p=9619"},"modified":"2025-12-12T19:46:06","modified_gmt":"2025-12-12T18:46:06","slug":"geister-schocker-57-cargyro-der-schreckensdaemon","status":"publish","type":"product","link":"https:\/\/www.allscore.de\/shop\/produkt\/geister-schocker-57-cargyro-der-schreckensdaemon\/","title":{"rendered":"Geister-Schocker 57: Cargyro, der Schreckensd\u00e4mon"},"content":{"rendered":"<p>Geister-Schocker 57: Cargyro, der Schreckensd\u00e4mon<\/p>\n<p><strong><u>Inhalt:<br \/>\n<\/u><\/strong>Die Menschen im Raum erstarrten. Etwas Ungeheueres ging vor sich. Die Leute ahnten es mehr, als dass sie es sahen. Ein Brummen und Grollen erf\u00fcllte den Raum, brachte Luft und Boden zum Vibrieren, als arbeiteten ungeheure Kr\u00e4fte. Ein schauriges Gel\u00e4chter gellte auf. Eiskalt lief es den Zuh\u00f6rern den R\u00fccken hinunter. Pl\u00f6tzlich regte und bewegte sich etwas in der Ecke des Raumes und ein gr\u00e4ssliches Monstrum sch\u00e4lte sich aus der Dunkelheit. Der Cargyro war gekommen und mit ihm das Ende der Menschheit&#8230;<\/p>\n<p><strong><u>Sprecher:<br \/>\n<\/u><\/strong>Helgo Liebig, Lutz Schnell, Maja Maneiro, Thomas Nero Wolff, Arne Stephan, Hans-Eckart Eckhardt, Bert Franzke, Helmut Krauss, Uschi Hugo, Dirk Mierau, Martin Kautz, Tino Kie\u00dfling, Sarah Riedel, Anita Hopt, Norman Matt, Michael Pan, Kim Hasper, Roland Wolff, Ingo Abel, Rainer Gerlach, Frank Boldewin, Hartmut Neugebauer<\/p>\n<p><strong><u>Autor:<br \/>\n<\/u><\/strong>Earl Warren<\/p>\n","protected":false},"excerpt":{"rendered":"<p>Geister-Schocker 57: Cargyro, der Schreckensd\u00e4mon Inhalt: Die Menschen im Raum erstarrten. Etwas Ungeheueres ging vor sich. Die Leute ahnten es mehr, als dass sie es sahen. Ein Brummen und Grollen erf\u00fcllte den Raum, brachte Luft und Boden zum Vibrieren, als arbeiteten ungeheure Kr\u00e4fte. Ein schauriges Gel\u00e4chter gellte auf. Eiskalt lief es den Zuh\u00f6rern den R\u00fccken&#8230;<\/p>\n<p><a rel=\"bookmark\" class=\"vonzot-button-simple wvc-button wvc-button-size-sm\" href=\"https:\/\/www.allscore.de\/shop\/produkt\/geister-schocker-57-cargyro-der-schreckensdaemon\/\"><span>Read more<\/span><\/a><\/p>\n","protected":false},"featured_media":9340,"template":"","meta":[],"product_brand":[],"product_cat":[74,72],"product_tag":[],"class_list":{"0":"post-9619","1":"product","2":"type-product","3":"status-publish","4":"has-post-thumbnail","6":"product_cat-geister-schocker","7":"product_cat-hoerspiele","8":"product_shipping_class-tontraeger-cd","9":"entry","10":"clearfix","11":"entry-grid","12":"entry-columns-3","13":"entry-product-module-layout-sidebar-right","14":"thumbnail-color-tone-dark","15":"entry-product","17":"entry-product-grid","19":"first","20":"instock","21":"taxable","22":"shipping-taxable","23":"purchasable","24":"product-type-simple"},"yoast_head":"<!-- This site is optimized with the Yoast SEO plugin v27.3 - https:\/\/yoast.com\/product\/yoast-seo-wordpress\/ -->\n<title>Geister-Schocker 57: Cargyro, der Schreckensd\u00e4mon<\/title>\n<meta name=\"description\" content=\"Geister-Schocker 57: Cargyro, der Schreckensd\u00e4mon Inhalt: Die Menschen im Raum erstarrten. Etwas Ungeheueres ging vor sich. Die Leute ahnten es mehr, als\" \/>\n<meta name=\"robots\" content=\"index, follow, max-snippet:-1, max-image-preview:large, max-video-preview:-1\" \/>\n<link rel=\"canonical\" href=\"https:\/\/www.allscore.de\/shop\/produkt\/geister-schocker-57-cargyro-der-schreckensdaemon\/\" \/>\n<meta property=\"og:locale\" content=\"de_DE\" \/>\n<meta property=\"og:type\" content=\"article\" \/>\n<meta property=\"og:title\" content=\"Geister-Schocker 57: Cargyro, der Schreckensd\u00e4mon\" \/>\n<meta property=\"og:description\" content=\"Geister-Schocker 57: Cargyro, der Schreckensd\u00e4mon Inhalt: Die Menschen im Raum erstarrten. Etwas Ungeheueres ging vor sich. Die Leute ahnten es mehr, als\" \/>\n<meta property=\"og:url\" content=\"https:\/\/www.allscore.de\/shop\/produkt\/geister-schocker-57-cargyro-der-schreckensdaemon\/\" \/>\n<meta property=\"og:site_name\" content=\"Allscore Shop\" \/>\n<meta property=\"article:modified_time\" content=\"2025-12-12T18:46:06+00:00\" \/>\n<meta property=\"og:image\" content=\"https:\/\/www.allscore.de\/shop\/wp-content\/uploads\/2021\/03\/GS57_1000px.jpg\" \/>\n\t<meta property=\"og:image:width\" content=\"1000\" \/>\n\t<meta property=\"og:image:height\" content=\"1000\" \/>\n\t<meta property=\"og:image:type\" content=\"image\/jpeg\" \/>\n<meta name=\"twitter:card\" content=\"summary_large_image\" \/>\n<meta name=\"twitter:label1\" content=\"Gesch\u00e4tzte Lesezeit\" \/>\n\t<meta name=\"twitter:data1\" content=\"1\u00a0Minute\" \/>\n<script type=\"application\/ld+json\" class=\"yoast-schema-graph\">{\"@context\":\"https:\\\/\\\/schema.org\",\"@graph\":[{\"@type\":\"WebPage\",\"@id\":\"https:\\\/\\\/www.allscore.de\\\/shop\\\/produkt\\\/geister-schocker-57-cargyro-der-schreckensdaemon\\\/\",\"url\":\"https:\\\/\\\/www.allscore.de\\\/shop\\\/produkt\\\/geister-schocker-57-cargyro-der-schreckensdaemon\\\/\",\"name\":\"Geister-Schocker 57: Cargyro, der Schreckensd\u00e4mon\",\"isPartOf\":{\"@id\":\"https:\\\/\\\/www.allscore.de\\\/shop\\\/#website\"},\"primaryImageOfPage\":{\"@id\":\"https:\\\/\\\/www.allscore.de\\\/shop\\\/produkt\\\/geister-schocker-57-cargyro-der-schreckensdaemon\\\/#primaryimage\"},\"image\":{\"@id\":\"https:\\\/\\\/www.allscore.de\\\/shop\\\/produkt\\\/geister-schocker-57-cargyro-der-schreckensdaemon\\\/#primaryimage\"},\"thumbnailUrl\":\"https:\\\/\\\/www.allscore.de\\\/shop\\\/wp-content\\\/uploads\\\/2021\\\/03\\\/GS57_1000px.jpg\",\"datePublished\":\"2015-10-14T16:52:47+00:00\",\"dateModified\":\"2025-12-12T18:46:06+00:00\",\"description\":\"Geister-Schocker 57: Cargyro, der Schreckensd\u00e4mon Inhalt: Die Menschen im Raum erstarrten. Etwas Ungeheueres ging vor sich. Die Leute ahnten es mehr, als\",\"breadcrumb\":{\"@id\":\"https:\\\/\\\/www.allscore.de\\\/shop\\\/produkt\\\/geister-schocker-57-cargyro-der-schreckensdaemon\\\/#breadcrumb\"},\"inLanguage\":\"de\",\"potentialAction\":[{\"@type\":\"ReadAction\",\"target\":[\"https:\\\/\\\/www.allscore.de\\\/shop\\\/produkt\\\/geister-schocker-57-cargyro-der-schreckensdaemon\\\/\"]}]},{\"@type\":\"ImageObject\",\"inLanguage\":\"de\",\"@id\":\"https:\\\/\\\/www.allscore.de\\\/shop\\\/produkt\\\/geister-schocker-57-cargyro-der-schreckensdaemon\\\/#primaryimage\",\"url\":\"https:\\\/\\\/www.allscore.de\\\/shop\\\/wp-content\\\/uploads\\\/2021\\\/03\\\/GS57_1000px.jpg\",\"contentUrl\":\"https:\\\/\\\/www.allscore.de\\\/shop\\\/wp-content\\\/uploads\\\/2021\\\/03\\\/GS57_1000px.jpg\",\"width\":1000,\"height\":1000,\"caption\":\"Geister-Schocker (57): Cargyro, der Schreckensd\u00e4mon\"},{\"@type\":\"BreadcrumbList\",\"@id\":\"https:\\\/\\\/www.allscore.de\\\/shop\\\/produkt\\\/geister-schocker-57-cargyro-der-schreckensdaemon\\\/#breadcrumb\",\"itemListElement\":[{\"@type\":\"ListItem\",\"position\":1,\"name\":\"Startseite\",\"item\":\"https:\\\/\\\/www.allscore.de\\\/shop\\\/\"},{\"@type\":\"ListItem\",\"position\":2,\"name\":\"Produkte\",\"item\":\"https:\\\/\\\/www.allscore.de\\\/shop\\\/shop\\\/\"},{\"@type\":\"ListItem\",\"position\":3,\"name\":\"Geister-Schocker 57: Cargyro, der Schreckensd\u00e4mon\"}]},{\"@type\":\"WebSite\",\"@id\":\"https:\\\/\\\/www.allscore.de\\\/shop\\\/#website\",\"url\":\"https:\\\/\\\/www.allscore.de\\\/shop\\\/\",\"name\":\"Allscore Shop\",\"description\":\"All Score Media\",\"publisher\":{\"@id\":\"https:\\\/\\\/www.allscore.de\\\/shop\\\/#organization\"},\"potentialAction\":[{\"@type\":\"SearchAction\",\"target\":{\"@type\":\"EntryPoint\",\"urlTemplate\":\"https:\\\/\\\/www.allscore.de\\\/shop\\\/?s={search_term_string}\"},\"query-input\":{\"@type\":\"PropertyValueSpecification\",\"valueRequired\":true,\"valueName\":\"search_term_string\"}}],\"inLanguage\":\"de\"},{\"@type\":\"Organization\",\"@id\":\"https:\\\/\\\/www.allscore.de\\\/shop\\\/#organization\",\"name\":\"All Score Media\",\"alternateName\":\"Allscore\",\"url\":\"https:\\\/\\\/www.allscore.de\\\/shop\\\/\",\"logo\":{\"@type\":\"ImageObject\",\"inLanguage\":\"de\",\"@id\":\"https:\\\/\\\/www.allscore.de\\\/shop\\\/#\\\/schema\\\/logo\\\/image\\\/\",\"url\":\"https:\\\/\\\/www.allscore.de\\\/shop\\\/wp-content\\\/uploads\\\/2026\\\/01\\\/Logo_Yoast_Shop_2026.png\",\"contentUrl\":\"https:\\\/\\\/www.allscore.de\\\/shop\\\/wp-content\\\/uploads\\\/2026\\\/01\\\/Logo_Yoast_Shop_2026.png\",\"width\":696,\"height\":696,\"caption\":\"All Score Media\"},\"image\":{\"@id\":\"https:\\\/\\\/www.allscore.de\\\/shop\\\/#\\\/schema\\\/logo\\\/image\\\/\"}}]}<\/script>\n<!-- \/ Yoast SEO plugin. -->","yoast_head_json":{"title":"Geister-Schocker 57: Cargyro, der Schreckensd\u00e4mon","description":"Geister-Schocker 57: Cargyro, der Schreckensd\u00e4mon Inhalt: Die Menschen im Raum erstarrten. Etwas Ungeheueres ging vor sich. Die Leute ahnten es mehr, als","robots":{"index":"index","follow":"follow","max-snippet":"max-snippet:-1","max-image-preview":"max-image-preview:large","max-video-preview":"max-video-preview:-1"},"canonical":"https:\/\/www.allscore.de\/shop\/produkt\/geister-schocker-57-cargyro-der-schreckensdaemon\/","og_locale":"de_DE","og_type":"article","og_title":"Geister-Schocker 57: Cargyro, der Schreckensd\u00e4mon","og_description":"Geister-Schocker 57: Cargyro, der Schreckensd\u00e4mon Inhalt: Die Menschen im Raum erstarrten. Etwas Ungeheueres ging vor sich. Die Leute ahnten es mehr, als","og_url":"https:\/\/www.allscore.de\/shop\/produkt\/geister-schocker-57-cargyro-der-schreckensdaemon\/","og_site_name":"Allscore Shop","article_modified_time":"2025-12-12T18:46:06+00:00","og_image":[{"width":1000,"height":1000,"url":"https:\/\/www.allscore.de\/shop\/wp-content\/uploads\/2021\/03\/GS57_1000px.jpg","type":"image\/jpeg"}],"twitter_card":"summary_large_image","twitter_misc":{"Gesch\u00e4tzte Lesezeit":"1\u00a0Minute"},"schema":{"@context":"https:\/\/schema.org","@graph":[{"@type":"WebPage","@id":"https:\/\/www.allscore.de\/shop\/produkt\/geister-schocker-57-cargyro-der-schreckensdaemon\/","url":"https:\/\/www.allscore.de\/shop\/produkt\/geister-schocker-57-cargyro-der-schreckensdaemon\/","name":"Geister-Schocker 57: Cargyro, der Schreckensd\u00e4mon","isPartOf":{"@id":"https:\/\/www.allscore.de\/shop\/#website"},"primaryImageOfPage":{"@id":"https:\/\/www.allscore.de\/shop\/produkt\/geister-schocker-57-cargyro-der-schreckensdaemon\/#primaryimage"},"image":{"@id":"https:\/\/www.allscore.de\/shop\/produkt\/geister-schocker-57-cargyro-der-schreckensdaemon\/#primaryimage"},"thumbnailUrl":"https:\/\/www.allscore.de\/shop\/wp-content\/uploads\/2021\/03\/GS57_1000px.jpg","datePublished":"2015-10-14T16:52:47+00:00","dateModified":"2025-12-12T18:46:06+00:00","description":"Geister-Schocker 57: Cargyro, der Schreckensd\u00e4mon Inhalt: Die Menschen im Raum erstarrten. Etwas Ungeheueres ging vor sich. Die Leute ahnten es mehr, als","breadcrumb":{"@id":"https:\/\/www.allscore.de\/shop\/produkt\/geister-schocker-57-cargyro-der-schreckensdaemon\/#breadcrumb"},"inLanguage":"de","potentialAction":[{"@type":"ReadAction","target":["https:\/\/www.allscore.de\/shop\/produkt\/geister-schocker-57-cargyro-der-schreckensdaemon\/"]}]},{"@type":"ImageObject","inLanguage":"de","@id":"https:\/\/www.allscore.de\/shop\/produkt\/geister-schocker-57-cargyro-der-schreckensdaemon\/#primaryimage","url":"https:\/\/www.allscore.de\/shop\/wp-content\/uploads\/2021\/03\/GS57_1000px.jpg","contentUrl":"https:\/\/www.allscore.de\/shop\/wp-content\/uploads\/2021\/03\/GS57_1000px.jpg","width":1000,"height":1000,"caption":"Geister-Schocker (57): Cargyro, der Schreckensd\u00e4mon"},{"@type":"BreadcrumbList","@id":"https:\/\/www.allscore.de\/shop\/produkt\/geister-schocker-57-cargyro-der-schreckensdaemon\/#breadcrumb","itemListElement":[{"@type":"ListItem","position":1,"name":"Startseite","item":"https:\/\/www.allscore.de\/shop\/"},{"@type":"ListItem","position":2,"name":"Produkte","item":"https:\/\/www.allscore.de\/shop\/shop\/"},{"@type":"ListItem","position":3,"name":"Geister-Schocker 57: Cargyro, der Schreckensd\u00e4mon"}]},{"@type":"WebSite","@id":"https:\/\/www.allscore.de\/shop\/#website","url":"https:\/\/www.allscore.de\/shop\/","name":"Allscore Shop","description":"All Score Media","publisher":{"@id":"https:\/\/www.allscore.de\/shop\/#organization"},"potentialAction":[{"@type":"SearchAction","target":{"@type":"EntryPoint","urlTemplate":"https:\/\/www.allscore.de\/shop\/?s={search_term_string}"},"query-input":{"@type":"PropertyValueSpecification","valueRequired":true,"valueName":"search_term_string"}}],"inLanguage":"de"},{"@type":"Organization","@id":"https:\/\/www.allscore.de\/shop\/#organization","name":"All Score Media","alternateName":"Allscore","url":"https:\/\/www.allscore.de\/shop\/","logo":{"@type":"ImageObject","inLanguage":"de","@id":"https:\/\/www.allscore.de\/shop\/#\/schema\/logo\/image\/","url":"https:\/\/www.allscore.de\/shop\/wp-content\/uploads\/2026\/01\/Logo_Yoast_Shop_2026.png","contentUrl":"https:\/\/www.allscore.de\/shop\/wp-content\/uploads\/2026\/01\/Logo_Yoast_Shop_2026.png","width":696,"height":696,"caption":"All Score Media"},"image":{"@id":"https:\/\/www.allscore.de\/shop\/#\/schema\/logo\/image\/"}}]}},"_links":{"self":[{"href":"https:\/\/www.allscore.de\/shop\/wp-json\/wp\/v2\/product\/9619","targetHints":{"allow":["GET"]}}],"collection":[{"href":"https:\/\/www.allscore.de\/shop\/wp-json\/wp\/v2\/product"}],"about":[{"href":"https:\/\/www.allscore.de\/shop\/wp-json\/wp\/v2\/types\/product"}],"wp:featuredmedia":[{"embeddable":true,"href":"https:\/\/www.allscore.de\/shop\/wp-json\/wp\/v2\/media\/9340"}],"wp:attachment":[{"href":"https:\/\/www.allscore.de\/shop\/wp-json\/wp\/v2\/media?parent=9619"}],"wp:term":[{"taxonomy":"product_brand","embeddable":true,"href":"https:\/\/www.allscore.de\/shop\/wp-json\/wp\/v2\/product_brand?post=9619"},{"taxonomy":"product_cat","embeddable":true,"href":"https:\/\/www.allscore.de\/shop\/wp-json\/wp\/v2\/product_cat?post=9619"},{"taxonomy":"product_tag","embeddable":true,"href":"https:\/\/www.allscore.de\/shop\/wp-json\/wp\/v2\/product_tag?post=9619"}],"curies":[{"name":"wp","href":"https:\/\/api.w.org\/{rel}","templated":true}]}}