{"id":9597,"date":"2014-02-20T16:44:48","date_gmt":"2014-02-20T15:44:48","guid":{"rendered":"https:\/\/www.allscore.de\/shop\/?post_type=product&#038;p=9597"},"modified":"2025-06-19T15:30:58","modified_gmt":"2025-06-19T13:30:58","slug":"geister-schocker-46-die-schleier-der-nacht","status":"publish","type":"product","link":"https:\/\/www.allscore.de\/shop\/produkt\/geister-schocker-46-die-schleier-der-nacht\/","title":{"rendered":"Geister-Schocker 46: Die Schleier der Nacht"},"content":{"rendered":"<p>Geister-Schocker 46: Die Schleier der Nacht<\/p>\n<p><strong><u>Inhalt:<br \/>\n<\/u><\/strong>Sascha ist ein gut aussehender junger Mann, der gern mal ins Nachtleben eintaucht um sich ein h\u00fcbsches M\u00e4dchen f\u00fcr eine gemeinsame Nacht zu angeln. Als er auf einem Familienfest auftaucht ist er nur noch ein Schatten seiner selbst. Was ist geschehen? Eines Abends ist er auf Nadja gesto\u00dfen, eine junge Frau von ber\u00fcckender, k\u00fchler Sch\u00f6nheit. Er ist fasziniert. Mit dem Taxi fahren sie zu ihr nach Hause, einem gro\u00dfen Anwesen, umgeben von einem wilden, finsteren Garten. Kaum haben sie das Haus betreten ereignen sich seltsame Dinge. Je l\u00e4nger er sich in dem Haus aufh\u00e4lt desto mehr dr\u00e4ngt sich ein verst\u00f6render Gedanke auf: Das Haus selbst scheint zu leben \u2026<\/p>\n<p><strong><u>Sprecher:<br \/>\n<\/u><\/strong>Marc Sch\u00fclert<br \/>\nSabrina Heuer<br \/>\nDagmar Bittner<br \/>\nSonita Sohdi<br \/>\nHennes Bender<br \/>\nFranziska Kuropka<\/p>\n<p><strong><u>Autor:<br \/>\n<\/u><\/strong>Frederic Sinclair<\/p>\n","protected":false},"excerpt":{"rendered":"<p>Geister-Schocker 46: Die Schleier der Nacht Inhalt: Sascha ist ein gut aussehender junger Mann, der gern mal ins Nachtleben eintaucht um sich ein h\u00fcbsches M\u00e4dchen f\u00fcr eine gemeinsame Nacht zu angeln. Als er auf einem Familienfest auftaucht ist er nur noch ein Schatten seiner selbst. Was ist geschehen? Eines Abends ist er auf Nadja gesto\u00dfen,&#8230;<\/p>\n<p><a rel=\"bookmark\" class=\"vonzot-button-simple wvc-button wvc-button-size-sm\" href=\"https:\/\/www.allscore.de\/shop\/produkt\/geister-schocker-46-die-schleier-der-nacht\/\"><span>Read more<\/span><\/a><\/p>\n","protected":false},"featured_media":9466,"template":"","meta":[],"product_brand":[],"product_cat":[74,72],"product_tag":[],"class_list":{"0":"post-9597","1":"product","2":"type-product","3":"status-publish","4":"has-post-thumbnail","6":"product_cat-geister-schocker","7":"product_cat-hoerspiele","8":"product_shipping_class-tontraeger-cd","9":"entry","10":"clearfix","11":"entry-grid","12":"entry-columns-3","13":"entry-product-module-layout-sidebar-right","14":"thumbnail-color-tone-dark","15":"entry-product","17":"entry-product-grid","19":"first","20":"instock","21":"taxable","22":"shipping-taxable","23":"purchasable","24":"product-type-simple"},"yoast_head":"<!-- This site is optimized with the Yoast SEO plugin v27.4 - https:\/\/yoast.com\/product\/yoast-seo-wordpress\/ -->\n<title>Geister-Schocker 46: Die Schleier der Nacht<\/title>\n<meta name=\"description\" content=\"Geister-Schocker 46: Die Schleier der Nacht Inhalt: Sascha ist ein gut aussehender junger Mann, der gern mal ins Nachtleben eintaucht um sich ein h\u00fcbsches\" \/>\n<meta name=\"robots\" content=\"index, follow, max-snippet:-1, max-image-preview:large, max-video-preview:-1\" \/>\n<link rel=\"canonical\" href=\"https:\/\/www.allscore.de\/shop\/produkt\/geister-schocker-46-die-schleier-der-nacht\/\" \/>\n<meta property=\"og:locale\" content=\"de_DE\" \/>\n<meta property=\"og:type\" content=\"article\" \/>\n<meta property=\"og:title\" content=\"Geister-Schocker 46: Die Schleier der Nacht\" \/>\n<meta property=\"og:description\" content=\"Geister-Schocker 46: Die Schleier der Nacht Inhalt: Sascha ist ein gut aussehender junger Mann, der gern mal ins Nachtleben eintaucht um sich ein h\u00fcbsches\" \/>\n<meta property=\"og:url\" content=\"https:\/\/www.allscore.de\/shop\/produkt\/geister-schocker-46-die-schleier-der-nacht\/\" \/>\n<meta property=\"og:site_name\" content=\"Allscore Shop\" \/>\n<meta property=\"article:modified_time\" content=\"2025-06-19T13:30:58+00:00\" \/>\n<meta property=\"og:image\" content=\"https:\/\/www.allscore.de\/shop\/wp-content\/uploads\/2021\/03\/GS46_1000px.jpg\" \/>\n\t<meta property=\"og:image:width\" content=\"1000\" \/>\n\t<meta property=\"og:image:height\" content=\"1000\" \/>\n\t<meta property=\"og:image:type\" content=\"image\/jpeg\" \/>\n<meta name=\"twitter:card\" content=\"summary_large_image\" \/>\n<meta name=\"twitter:label1\" content=\"Gesch\u00e4tzte Lesezeit\" \/>\n\t<meta name=\"twitter:data1\" content=\"1\u00a0Minute\" \/>\n<script type=\"application\/ld+json\" class=\"yoast-schema-graph\">{\"@context\":\"https:\\\/\\\/schema.org\",\"@graph\":[{\"@type\":\"WebPage\",\"@id\":\"https:\\\/\\\/www.allscore.de\\\/shop\\\/produkt\\\/geister-schocker-46-die-schleier-der-nacht\\\/\",\"url\":\"https:\\\/\\\/www.allscore.de\\\/shop\\\/produkt\\\/geister-schocker-46-die-schleier-der-nacht\\\/\",\"name\":\"Geister-Schocker 46: Die Schleier der Nacht\",\"isPartOf\":{\"@id\":\"https:\\\/\\\/www.allscore.de\\\/shop\\\/#website\"},\"primaryImageOfPage\":{\"@id\":\"https:\\\/\\\/www.allscore.de\\\/shop\\\/produkt\\\/geister-schocker-46-die-schleier-der-nacht\\\/#primaryimage\"},\"image\":{\"@id\":\"https:\\\/\\\/www.allscore.de\\\/shop\\\/produkt\\\/geister-schocker-46-die-schleier-der-nacht\\\/#primaryimage\"},\"thumbnailUrl\":\"https:\\\/\\\/www.allscore.de\\\/shop\\\/wp-content\\\/uploads\\\/2021\\\/03\\\/GS46_1000px.jpg\",\"datePublished\":\"2014-02-20T15:44:48+00:00\",\"dateModified\":\"2025-06-19T13:30:58+00:00\",\"description\":\"Geister-Schocker 46: Die Schleier der Nacht Inhalt: Sascha ist ein gut aussehender junger Mann, der gern mal ins Nachtleben eintaucht um sich ein h\u00fcbsches\",\"breadcrumb\":{\"@id\":\"https:\\\/\\\/www.allscore.de\\\/shop\\\/produkt\\\/geister-schocker-46-die-schleier-der-nacht\\\/#breadcrumb\"},\"inLanguage\":\"de\",\"potentialAction\":[{\"@type\":\"ReadAction\",\"target\":[\"https:\\\/\\\/www.allscore.de\\\/shop\\\/produkt\\\/geister-schocker-46-die-schleier-der-nacht\\\/\"]}]},{\"@type\":\"ImageObject\",\"inLanguage\":\"de\",\"@id\":\"https:\\\/\\\/www.allscore.de\\\/shop\\\/produkt\\\/geister-schocker-46-die-schleier-der-nacht\\\/#primaryimage\",\"url\":\"https:\\\/\\\/www.allscore.de\\\/shop\\\/wp-content\\\/uploads\\\/2021\\\/03\\\/GS46_1000px.jpg\",\"contentUrl\":\"https:\\\/\\\/www.allscore.de\\\/shop\\\/wp-content\\\/uploads\\\/2021\\\/03\\\/GS46_1000px.jpg\",\"width\":1000,\"height\":1000,\"caption\":\"Geister-Schocker (46): Die Schleier der Nacht\"},{\"@type\":\"BreadcrumbList\",\"@id\":\"https:\\\/\\\/www.allscore.de\\\/shop\\\/produkt\\\/geister-schocker-46-die-schleier-der-nacht\\\/#breadcrumb\",\"itemListElement\":[{\"@type\":\"ListItem\",\"position\":1,\"name\":\"Startseite\",\"item\":\"https:\\\/\\\/www.allscore.de\\\/shop\\\/\"},{\"@type\":\"ListItem\",\"position\":2,\"name\":\"Produkte\",\"item\":\"https:\\\/\\\/www.allscore.de\\\/shop\\\/shop\\\/\"},{\"@type\":\"ListItem\",\"position\":3,\"name\":\"Geister-Schocker 46: Die Schleier der Nacht\"}]},{\"@type\":\"WebSite\",\"@id\":\"https:\\\/\\\/www.allscore.de\\\/shop\\\/#website\",\"url\":\"https:\\\/\\\/www.allscore.de\\\/shop\\\/\",\"name\":\"Allscore Shop\",\"description\":\"All Score Media\",\"publisher\":{\"@id\":\"https:\\\/\\\/www.allscore.de\\\/shop\\\/#organization\"},\"potentialAction\":[{\"@type\":\"SearchAction\",\"target\":{\"@type\":\"EntryPoint\",\"urlTemplate\":\"https:\\\/\\\/www.allscore.de\\\/shop\\\/?s={search_term_string}\"},\"query-input\":{\"@type\":\"PropertyValueSpecification\",\"valueRequired\":true,\"valueName\":\"search_term_string\"}}],\"inLanguage\":\"de\"},{\"@type\":\"Organization\",\"@id\":\"https:\\\/\\\/www.allscore.de\\\/shop\\\/#organization\",\"name\":\"All Score Media\",\"alternateName\":\"Allscore\",\"url\":\"https:\\\/\\\/www.allscore.de\\\/shop\\\/\",\"logo\":{\"@type\":\"ImageObject\",\"inLanguage\":\"de\",\"@id\":\"https:\\\/\\\/www.allscore.de\\\/shop\\\/#\\\/schema\\\/logo\\\/image\\\/\",\"url\":\"https:\\\/\\\/www.allscore.de\\\/shop\\\/wp-content\\\/uploads\\\/2026\\\/01\\\/Logo_Yoast_Shop_2026.png\",\"contentUrl\":\"https:\\\/\\\/www.allscore.de\\\/shop\\\/wp-content\\\/uploads\\\/2026\\\/01\\\/Logo_Yoast_Shop_2026.png\",\"width\":696,\"height\":696,\"caption\":\"All Score Media\"},\"image\":{\"@id\":\"https:\\\/\\\/www.allscore.de\\\/shop\\\/#\\\/schema\\\/logo\\\/image\\\/\"}}]}<\/script>\n<!-- \/ Yoast SEO plugin. -->","yoast_head_json":{"title":"Geister-Schocker 46: Die Schleier der Nacht","description":"Geister-Schocker 46: Die Schleier der Nacht Inhalt: Sascha ist ein gut aussehender junger Mann, der gern mal ins Nachtleben eintaucht um sich ein h\u00fcbsches","robots":{"index":"index","follow":"follow","max-snippet":"max-snippet:-1","max-image-preview":"max-image-preview:large","max-video-preview":"max-video-preview:-1"},"canonical":"https:\/\/www.allscore.de\/shop\/produkt\/geister-schocker-46-die-schleier-der-nacht\/","og_locale":"de_DE","og_type":"article","og_title":"Geister-Schocker 46: Die Schleier der Nacht","og_description":"Geister-Schocker 46: Die Schleier der Nacht Inhalt: Sascha ist ein gut aussehender junger Mann, der gern mal ins Nachtleben eintaucht um sich ein h\u00fcbsches","og_url":"https:\/\/www.allscore.de\/shop\/produkt\/geister-schocker-46-die-schleier-der-nacht\/","og_site_name":"Allscore Shop","article_modified_time":"2025-06-19T13:30:58+00:00","og_image":[{"width":1000,"height":1000,"url":"https:\/\/www.allscore.de\/shop\/wp-content\/uploads\/2021\/03\/GS46_1000px.jpg","type":"image\/jpeg"}],"twitter_card":"summary_large_image","twitter_misc":{"Gesch\u00e4tzte Lesezeit":"1\u00a0Minute"},"schema":{"@context":"https:\/\/schema.org","@graph":[{"@type":"WebPage","@id":"https:\/\/www.allscore.de\/shop\/produkt\/geister-schocker-46-die-schleier-der-nacht\/","url":"https:\/\/www.allscore.de\/shop\/produkt\/geister-schocker-46-die-schleier-der-nacht\/","name":"Geister-Schocker 46: Die Schleier der Nacht","isPartOf":{"@id":"https:\/\/www.allscore.de\/shop\/#website"},"primaryImageOfPage":{"@id":"https:\/\/www.allscore.de\/shop\/produkt\/geister-schocker-46-die-schleier-der-nacht\/#primaryimage"},"image":{"@id":"https:\/\/www.allscore.de\/shop\/produkt\/geister-schocker-46-die-schleier-der-nacht\/#primaryimage"},"thumbnailUrl":"https:\/\/www.allscore.de\/shop\/wp-content\/uploads\/2021\/03\/GS46_1000px.jpg","datePublished":"2014-02-20T15:44:48+00:00","dateModified":"2025-06-19T13:30:58+00:00","description":"Geister-Schocker 46: Die Schleier der Nacht Inhalt: Sascha ist ein gut aussehender junger Mann, der gern mal ins Nachtleben eintaucht um sich ein h\u00fcbsches","breadcrumb":{"@id":"https:\/\/www.allscore.de\/shop\/produkt\/geister-schocker-46-die-schleier-der-nacht\/#breadcrumb"},"inLanguage":"de","potentialAction":[{"@type":"ReadAction","target":["https:\/\/www.allscore.de\/shop\/produkt\/geister-schocker-46-die-schleier-der-nacht\/"]}]},{"@type":"ImageObject","inLanguage":"de","@id":"https:\/\/www.allscore.de\/shop\/produkt\/geister-schocker-46-die-schleier-der-nacht\/#primaryimage","url":"https:\/\/www.allscore.de\/shop\/wp-content\/uploads\/2021\/03\/GS46_1000px.jpg","contentUrl":"https:\/\/www.allscore.de\/shop\/wp-content\/uploads\/2021\/03\/GS46_1000px.jpg","width":1000,"height":1000,"caption":"Geister-Schocker (46): Die Schleier der Nacht"},{"@type":"BreadcrumbList","@id":"https:\/\/www.allscore.de\/shop\/produkt\/geister-schocker-46-die-schleier-der-nacht\/#breadcrumb","itemListElement":[{"@type":"ListItem","position":1,"name":"Startseite","item":"https:\/\/www.allscore.de\/shop\/"},{"@type":"ListItem","position":2,"name":"Produkte","item":"https:\/\/www.allscore.de\/shop\/shop\/"},{"@type":"ListItem","position":3,"name":"Geister-Schocker 46: Die Schleier der Nacht"}]},{"@type":"WebSite","@id":"https:\/\/www.allscore.de\/shop\/#website","url":"https:\/\/www.allscore.de\/shop\/","name":"Allscore Shop","description":"All Score Media","publisher":{"@id":"https:\/\/www.allscore.de\/shop\/#organization"},"potentialAction":[{"@type":"SearchAction","target":{"@type":"EntryPoint","urlTemplate":"https:\/\/www.allscore.de\/shop\/?s={search_term_string}"},"query-input":{"@type":"PropertyValueSpecification","valueRequired":true,"valueName":"search_term_string"}}],"inLanguage":"de"},{"@type":"Organization","@id":"https:\/\/www.allscore.de\/shop\/#organization","name":"All Score Media","alternateName":"Allscore","url":"https:\/\/www.allscore.de\/shop\/","logo":{"@type":"ImageObject","inLanguage":"de","@id":"https:\/\/www.allscore.de\/shop\/#\/schema\/logo\/image\/","url":"https:\/\/www.allscore.de\/shop\/wp-content\/uploads\/2026\/01\/Logo_Yoast_Shop_2026.png","contentUrl":"https:\/\/www.allscore.de\/shop\/wp-content\/uploads\/2026\/01\/Logo_Yoast_Shop_2026.png","width":696,"height":696,"caption":"All Score Media"},"image":{"@id":"https:\/\/www.allscore.de\/shop\/#\/schema\/logo\/image\/"}}]}},"_links":{"self":[{"href":"https:\/\/www.allscore.de\/shop\/wp-json\/wp\/v2\/product\/9597","targetHints":{"allow":["GET"]}}],"collection":[{"href":"https:\/\/www.allscore.de\/shop\/wp-json\/wp\/v2\/product"}],"about":[{"href":"https:\/\/www.allscore.de\/shop\/wp-json\/wp\/v2\/types\/product"}],"wp:featuredmedia":[{"embeddable":true,"href":"https:\/\/www.allscore.de\/shop\/wp-json\/wp\/v2\/media\/9466"}],"wp:attachment":[{"href":"https:\/\/www.allscore.de\/shop\/wp-json\/wp\/v2\/media?parent=9597"}],"wp:term":[{"taxonomy":"product_brand","embeddable":true,"href":"https:\/\/www.allscore.de\/shop\/wp-json\/wp\/v2\/product_brand?post=9597"},{"taxonomy":"product_cat","embeddable":true,"href":"https:\/\/www.allscore.de\/shop\/wp-json\/wp\/v2\/product_cat?post=9597"},{"taxonomy":"product_tag","embeddable":true,"href":"https:\/\/www.allscore.de\/shop\/wp-json\/wp\/v2\/product_tag?post=9597"}],"curies":[{"name":"wp","href":"https:\/\/api.w.org\/{rel}","templated":true}]}}