{"id":9558,"date":"2012-04-04T19:08:44","date_gmt":"2012-04-04T17:08:44","guid":{"rendered":"https:\/\/www.allscore.de\/shop\/?post_type=product&#038;p=9558"},"modified":"2025-10-24T15:48:41","modified_gmt":"2025-10-24T13:48:41","slug":"geister-schocker-26-venedig-sehen-und-sterben","status":"publish","type":"product","link":"https:\/\/www.allscore.de\/shop\/produkt\/geister-schocker-26-venedig-sehen-und-sterben\/","title":{"rendered":"Geister-Schocker 26: Venedig Sehen und Sterben"},"content":{"rendered":"<p>Geister-Schocker 26: Venedig Sehen und Sterben<\/p>\n<p><strong><u>Inhalt:<br \/>\n<\/u><\/strong>Blut regnet vom Himmel, Untote entsteigen ihren Gr\u00e4bern, D\u00e4monen machen Jagd auf Menschen und gigantische Monster hinterlassen Schneisen der Verw\u00fcstung. Nacht f\u00fcr Nacht kriechen Kreaturen des \u00dcbernat\u00fcrlichen aus den Schatten und suchen Venedig in immer furchtbareren Variationen heim. Die Quelle dieses grauenvollen Mysteriums zu vernichten \u2013 das ist die Mission von Malcolm Max. Mit der Halbvampirin Charisma an seiner Seite stellt er sich den Ausgeburten der H\u00f6lle, um ihren finsteren Machenschaften ein Ende zu setzen. W\u00e4hrend sie verbissen ums \u00dcberleben k\u00e4mpfen, decken Malcolm Max und seine Begleiterin einen Fluch auf, der die kosmische Ordnung der ganzen Welt bedroht<\/p>\n<p><strong><u>Sprecher:<br \/>\n<\/u><\/strong>Karlheinz Tafel, Robert Missler, Tanja Dohse, Detlef Tams, Katja Br\u00fcgger, Reent Reins, Sven Matthias, Tom Steinbrecher<\/p>\n<p><strong><u>Autor:<\/u><\/strong><br \/>\nPeter Mennigen<\/p>\n","protected":false},"excerpt":{"rendered":"<p>Geister-Schocker 26: Venedig Sehen und Sterben Inhalt: Blut regnet vom Himmel, Untote entsteigen ihren Gr\u00e4bern, D\u00e4monen machen Jagd auf Menschen und gigantische Monster hinterlassen Schneisen der Verw\u00fcstung. Nacht f\u00fcr Nacht kriechen Kreaturen des \u00dcbernat\u00fcrlichen aus den Schatten und suchen Venedig in immer furchtbareren Variationen heim. Die Quelle dieses grauenvollen Mysteriums zu vernichten \u2013 das ist&#8230;<\/p>\n<p><a rel=\"bookmark\" class=\"vonzot-button-simple wvc-button wvc-button-size-sm\" href=\"https:\/\/www.allscore.de\/shop\/produkt\/geister-schocker-26-venedig-sehen-und-sterben\/\"><span>Read more<\/span><\/a><\/p>\n","protected":false},"featured_media":9428,"template":"","meta":[],"product_brand":[],"product_cat":[74,72],"product_tag":[],"class_list":{"0":"post-9558","1":"product","2":"type-product","3":"status-publish","4":"has-post-thumbnail","6":"product_cat-geister-schocker","7":"product_cat-hoerspiele","8":"product_shipping_class-tontraeger-cd","9":"entry","10":"clearfix","11":"entry-grid","12":"entry-columns-3","13":"entry-product-module-layout-sidebar-right","14":"thumbnail-color-tone-dark","15":"entry-product","17":"entry-product-grid","19":"first","20":"instock","21":"taxable","22":"shipping-taxable","23":"purchasable","24":"product-type-simple"},"yoast_head":"<!-- This site is optimized with the Yoast SEO plugin v27.3 - https:\/\/yoast.com\/product\/yoast-seo-wordpress\/ -->\n<title>Geister-Schocker 26: Venedig Sehen und Sterben<\/title>\n<meta name=\"description\" content=\"Geister-Schocker 26: Venedig Sehen und Sterben Inhalt: Blut regnet vom Himmel, Untote entsteigen ihren Gr\u00e4bern, D\u00e4monen machen Jagd auf Menschen und\" \/>\n<meta name=\"robots\" content=\"index, follow, max-snippet:-1, max-image-preview:large, max-video-preview:-1\" \/>\n<link rel=\"canonical\" href=\"https:\/\/www.allscore.de\/shop\/produkt\/geister-schocker-26-venedig-sehen-und-sterben\/\" \/>\n<meta property=\"og:locale\" content=\"de_DE\" \/>\n<meta property=\"og:type\" content=\"article\" \/>\n<meta property=\"og:title\" content=\"Geister-Schocker 26: Venedig Sehen und Sterben\" \/>\n<meta property=\"og:description\" content=\"Geister-Schocker 26: Venedig Sehen und Sterben Inhalt: Blut regnet vom Himmel, Untote entsteigen ihren Gr\u00e4bern, D\u00e4monen machen Jagd auf Menschen und\" \/>\n<meta property=\"og:url\" content=\"https:\/\/www.allscore.de\/shop\/produkt\/geister-schocker-26-venedig-sehen-und-sterben\/\" \/>\n<meta property=\"og:site_name\" content=\"Allscore Shop\" \/>\n<meta property=\"article:modified_time\" content=\"2025-10-24T13:48:41+00:00\" \/>\n<meta property=\"og:image\" content=\"https:\/\/www.allscore.de\/shop\/wp-content\/uploads\/2021\/03\/GS26_1000px.jpg\" \/>\n\t<meta property=\"og:image:width\" content=\"1000\" \/>\n\t<meta property=\"og:image:height\" content=\"1000\" \/>\n\t<meta property=\"og:image:type\" content=\"image\/jpeg\" \/>\n<meta name=\"twitter:card\" content=\"summary_large_image\" \/>\n<meta name=\"twitter:label1\" content=\"Gesch\u00e4tzte Lesezeit\" \/>\n\t<meta name=\"twitter:data1\" content=\"1\u00a0Minute\" \/>\n<script type=\"application\/ld+json\" class=\"yoast-schema-graph\">{\"@context\":\"https:\\\/\\\/schema.org\",\"@graph\":[{\"@type\":\"WebPage\",\"@id\":\"https:\\\/\\\/www.allscore.de\\\/shop\\\/produkt\\\/geister-schocker-26-venedig-sehen-und-sterben\\\/\",\"url\":\"https:\\\/\\\/www.allscore.de\\\/shop\\\/produkt\\\/geister-schocker-26-venedig-sehen-und-sterben\\\/\",\"name\":\"Geister-Schocker 26: Venedig Sehen und Sterben\",\"isPartOf\":{\"@id\":\"https:\\\/\\\/www.allscore.de\\\/shop\\\/#website\"},\"primaryImageOfPage\":{\"@id\":\"https:\\\/\\\/www.allscore.de\\\/shop\\\/produkt\\\/geister-schocker-26-venedig-sehen-und-sterben\\\/#primaryimage\"},\"image\":{\"@id\":\"https:\\\/\\\/www.allscore.de\\\/shop\\\/produkt\\\/geister-schocker-26-venedig-sehen-und-sterben\\\/#primaryimage\"},\"thumbnailUrl\":\"https:\\\/\\\/www.allscore.de\\\/shop\\\/wp-content\\\/uploads\\\/2021\\\/03\\\/GS26_1000px.jpg\",\"datePublished\":\"2012-04-04T17:08:44+00:00\",\"dateModified\":\"2025-10-24T13:48:41+00:00\",\"description\":\"Geister-Schocker 26: Venedig Sehen und Sterben Inhalt: Blut regnet vom Himmel, Untote entsteigen ihren Gr\u00e4bern, D\u00e4monen machen Jagd auf Menschen und\",\"breadcrumb\":{\"@id\":\"https:\\\/\\\/www.allscore.de\\\/shop\\\/produkt\\\/geister-schocker-26-venedig-sehen-und-sterben\\\/#breadcrumb\"},\"inLanguage\":\"de\",\"potentialAction\":[{\"@type\":\"ReadAction\",\"target\":[\"https:\\\/\\\/www.allscore.de\\\/shop\\\/produkt\\\/geister-schocker-26-venedig-sehen-und-sterben\\\/\"]}]},{\"@type\":\"ImageObject\",\"inLanguage\":\"de\",\"@id\":\"https:\\\/\\\/www.allscore.de\\\/shop\\\/produkt\\\/geister-schocker-26-venedig-sehen-und-sterben\\\/#primaryimage\",\"url\":\"https:\\\/\\\/www.allscore.de\\\/shop\\\/wp-content\\\/uploads\\\/2021\\\/03\\\/GS26_1000px.jpg\",\"contentUrl\":\"https:\\\/\\\/www.allscore.de\\\/shop\\\/wp-content\\\/uploads\\\/2021\\\/03\\\/GS26_1000px.jpg\",\"width\":1000,\"height\":1000,\"caption\":\"Geister-Schocker (26): Venedig Sehen und Sterben\"},{\"@type\":\"BreadcrumbList\",\"@id\":\"https:\\\/\\\/www.allscore.de\\\/shop\\\/produkt\\\/geister-schocker-26-venedig-sehen-und-sterben\\\/#breadcrumb\",\"itemListElement\":[{\"@type\":\"ListItem\",\"position\":1,\"name\":\"Startseite\",\"item\":\"https:\\\/\\\/www.allscore.de\\\/shop\\\/\"},{\"@type\":\"ListItem\",\"position\":2,\"name\":\"Produkte\",\"item\":\"https:\\\/\\\/www.allscore.de\\\/shop\\\/shop\\\/\"},{\"@type\":\"ListItem\",\"position\":3,\"name\":\"Geister-Schocker 26: Venedig Sehen und Sterben\"}]},{\"@type\":\"WebSite\",\"@id\":\"https:\\\/\\\/www.allscore.de\\\/shop\\\/#website\",\"url\":\"https:\\\/\\\/www.allscore.de\\\/shop\\\/\",\"name\":\"Allscore Shop\",\"description\":\"All Score Media\",\"publisher\":{\"@id\":\"https:\\\/\\\/www.allscore.de\\\/shop\\\/#organization\"},\"potentialAction\":[{\"@type\":\"SearchAction\",\"target\":{\"@type\":\"EntryPoint\",\"urlTemplate\":\"https:\\\/\\\/www.allscore.de\\\/shop\\\/?s={search_term_string}\"},\"query-input\":{\"@type\":\"PropertyValueSpecification\",\"valueRequired\":true,\"valueName\":\"search_term_string\"}}],\"inLanguage\":\"de\"},{\"@type\":\"Organization\",\"@id\":\"https:\\\/\\\/www.allscore.de\\\/shop\\\/#organization\",\"name\":\"All Score Media\",\"alternateName\":\"Allscore\",\"url\":\"https:\\\/\\\/www.allscore.de\\\/shop\\\/\",\"logo\":{\"@type\":\"ImageObject\",\"inLanguage\":\"de\",\"@id\":\"https:\\\/\\\/www.allscore.de\\\/shop\\\/#\\\/schema\\\/logo\\\/image\\\/\",\"url\":\"https:\\\/\\\/www.allscore.de\\\/shop\\\/wp-content\\\/uploads\\\/2026\\\/01\\\/Logo_Yoast_Shop_2026.png\",\"contentUrl\":\"https:\\\/\\\/www.allscore.de\\\/shop\\\/wp-content\\\/uploads\\\/2026\\\/01\\\/Logo_Yoast_Shop_2026.png\",\"width\":696,\"height\":696,\"caption\":\"All Score Media\"},\"image\":{\"@id\":\"https:\\\/\\\/www.allscore.de\\\/shop\\\/#\\\/schema\\\/logo\\\/image\\\/\"}}]}<\/script>\n<!-- \/ Yoast SEO plugin. -->","yoast_head_json":{"title":"Geister-Schocker 26: Venedig Sehen und Sterben","description":"Geister-Schocker 26: Venedig Sehen und Sterben Inhalt: Blut regnet vom Himmel, Untote entsteigen ihren Gr\u00e4bern, D\u00e4monen machen Jagd auf Menschen und","robots":{"index":"index","follow":"follow","max-snippet":"max-snippet:-1","max-image-preview":"max-image-preview:large","max-video-preview":"max-video-preview:-1"},"canonical":"https:\/\/www.allscore.de\/shop\/produkt\/geister-schocker-26-venedig-sehen-und-sterben\/","og_locale":"de_DE","og_type":"article","og_title":"Geister-Schocker 26: Venedig Sehen und Sterben","og_description":"Geister-Schocker 26: Venedig Sehen und Sterben Inhalt: Blut regnet vom Himmel, Untote entsteigen ihren Gr\u00e4bern, D\u00e4monen machen Jagd auf Menschen und","og_url":"https:\/\/www.allscore.de\/shop\/produkt\/geister-schocker-26-venedig-sehen-und-sterben\/","og_site_name":"Allscore Shop","article_modified_time":"2025-10-24T13:48:41+00:00","og_image":[{"width":1000,"height":1000,"url":"https:\/\/www.allscore.de\/shop\/wp-content\/uploads\/2021\/03\/GS26_1000px.jpg","type":"image\/jpeg"}],"twitter_card":"summary_large_image","twitter_misc":{"Gesch\u00e4tzte Lesezeit":"1\u00a0Minute"},"schema":{"@context":"https:\/\/schema.org","@graph":[{"@type":"WebPage","@id":"https:\/\/www.allscore.de\/shop\/produkt\/geister-schocker-26-venedig-sehen-und-sterben\/","url":"https:\/\/www.allscore.de\/shop\/produkt\/geister-schocker-26-venedig-sehen-und-sterben\/","name":"Geister-Schocker 26: Venedig Sehen und Sterben","isPartOf":{"@id":"https:\/\/www.allscore.de\/shop\/#website"},"primaryImageOfPage":{"@id":"https:\/\/www.allscore.de\/shop\/produkt\/geister-schocker-26-venedig-sehen-und-sterben\/#primaryimage"},"image":{"@id":"https:\/\/www.allscore.de\/shop\/produkt\/geister-schocker-26-venedig-sehen-und-sterben\/#primaryimage"},"thumbnailUrl":"https:\/\/www.allscore.de\/shop\/wp-content\/uploads\/2021\/03\/GS26_1000px.jpg","datePublished":"2012-04-04T17:08:44+00:00","dateModified":"2025-10-24T13:48:41+00:00","description":"Geister-Schocker 26: Venedig Sehen und Sterben Inhalt: Blut regnet vom Himmel, Untote entsteigen ihren Gr\u00e4bern, D\u00e4monen machen Jagd auf Menschen und","breadcrumb":{"@id":"https:\/\/www.allscore.de\/shop\/produkt\/geister-schocker-26-venedig-sehen-und-sterben\/#breadcrumb"},"inLanguage":"de","potentialAction":[{"@type":"ReadAction","target":["https:\/\/www.allscore.de\/shop\/produkt\/geister-schocker-26-venedig-sehen-und-sterben\/"]}]},{"@type":"ImageObject","inLanguage":"de","@id":"https:\/\/www.allscore.de\/shop\/produkt\/geister-schocker-26-venedig-sehen-und-sterben\/#primaryimage","url":"https:\/\/www.allscore.de\/shop\/wp-content\/uploads\/2021\/03\/GS26_1000px.jpg","contentUrl":"https:\/\/www.allscore.de\/shop\/wp-content\/uploads\/2021\/03\/GS26_1000px.jpg","width":1000,"height":1000,"caption":"Geister-Schocker (26): Venedig Sehen und Sterben"},{"@type":"BreadcrumbList","@id":"https:\/\/www.allscore.de\/shop\/produkt\/geister-schocker-26-venedig-sehen-und-sterben\/#breadcrumb","itemListElement":[{"@type":"ListItem","position":1,"name":"Startseite","item":"https:\/\/www.allscore.de\/shop\/"},{"@type":"ListItem","position":2,"name":"Produkte","item":"https:\/\/www.allscore.de\/shop\/shop\/"},{"@type":"ListItem","position":3,"name":"Geister-Schocker 26: Venedig Sehen und Sterben"}]},{"@type":"WebSite","@id":"https:\/\/www.allscore.de\/shop\/#website","url":"https:\/\/www.allscore.de\/shop\/","name":"Allscore Shop","description":"All Score Media","publisher":{"@id":"https:\/\/www.allscore.de\/shop\/#organization"},"potentialAction":[{"@type":"SearchAction","target":{"@type":"EntryPoint","urlTemplate":"https:\/\/www.allscore.de\/shop\/?s={search_term_string}"},"query-input":{"@type":"PropertyValueSpecification","valueRequired":true,"valueName":"search_term_string"}}],"inLanguage":"de"},{"@type":"Organization","@id":"https:\/\/www.allscore.de\/shop\/#organization","name":"All Score Media","alternateName":"Allscore","url":"https:\/\/www.allscore.de\/shop\/","logo":{"@type":"ImageObject","inLanguage":"de","@id":"https:\/\/www.allscore.de\/shop\/#\/schema\/logo\/image\/","url":"https:\/\/www.allscore.de\/shop\/wp-content\/uploads\/2026\/01\/Logo_Yoast_Shop_2026.png","contentUrl":"https:\/\/www.allscore.de\/shop\/wp-content\/uploads\/2026\/01\/Logo_Yoast_Shop_2026.png","width":696,"height":696,"caption":"All Score Media"},"image":{"@id":"https:\/\/www.allscore.de\/shop\/#\/schema\/logo\/image\/"}}]}},"_links":{"self":[{"href":"https:\/\/www.allscore.de\/shop\/wp-json\/wp\/v2\/product\/9558","targetHints":{"allow":["GET"]}}],"collection":[{"href":"https:\/\/www.allscore.de\/shop\/wp-json\/wp\/v2\/product"}],"about":[{"href":"https:\/\/www.allscore.de\/shop\/wp-json\/wp\/v2\/types\/product"}],"wp:featuredmedia":[{"embeddable":true,"href":"https:\/\/www.allscore.de\/shop\/wp-json\/wp\/v2\/media\/9428"}],"wp:attachment":[{"href":"https:\/\/www.allscore.de\/shop\/wp-json\/wp\/v2\/media?parent=9558"}],"wp:term":[{"taxonomy":"product_brand","embeddable":true,"href":"https:\/\/www.allscore.de\/shop\/wp-json\/wp\/v2\/product_brand?post=9558"},{"taxonomy":"product_cat","embeddable":true,"href":"https:\/\/www.allscore.de\/shop\/wp-json\/wp\/v2\/product_cat?post=9558"},{"taxonomy":"product_tag","embeddable":true,"href":"https:\/\/www.allscore.de\/shop\/wp-json\/wp\/v2\/product_tag?post=9558"}],"curies":[{"name":"wp","href":"https:\/\/api.w.org\/{rel}","templated":true}]}}