{"id":9536,"date":"2011-02-10T17:46:13","date_gmt":"2011-02-10T16:46:13","guid":{"rendered":"https:\/\/www.allscore.de\/shop\/?post_type=product&#038;p=9536"},"modified":"2025-10-26T01:36:07","modified_gmt":"2025-10-25T23:36:07","slug":"geister-schocker-15-tod-in-paris","status":"publish","type":"product","link":"https:\/\/www.allscore.de\/shop\/produkt\/geister-schocker-15-tod-in-paris\/","title":{"rendered":"Geister-Schocker 15: Tod in Paris"},"content":{"rendered":"<p>Geister-Schocker 15: Tod in Paris<\/p>\n<p><strong><u>Inhalt:<br \/>\n<\/u><\/strong>Malcolm Max ist Mitglied der Geheimloge &#8222;Custodis Lux&#8220; (&#8222;H\u00fcter des Lichts&#8220;). An der Seite der sch\u00f6nen Vampirin Charisma bereist er die unheimlichsten Winkel der Erde. Gemeinsam k\u00e4mpfen sie gegen dunkle M\u00e4chte in Form von Geistern, Vampiren und D\u00e4monen. Dabei kommen sie Schritt um Schritt einer Weltverschw\u00f6rung der mysteri\u00f6sen &#8222;Schwarzen Engel&#8220; n\u00e4her.\u00a0 Silvester anno Domini 1888. Am Vorabend des neuen Jahres schlie\u00dft Malcolm Max einen Pakt mit finsteren M\u00e4chten, um Charismas Leben zu retten. Als Folge droht Paris der Untergang durch die entfesselten Kr\u00e4fte aus dem Jenseits. In der Neujahrsnacht kommt es zudem zu einer Konfrontation mit den &#8222;Schwarzen Engeln&#8220;, die Malcolm Max ausl\u00f6schen wollen &#8230;<\/p>\n<p><strong><u>Sprecher:<br \/>\n<\/u><\/strong>Malcolm Max: Robert Missler<br \/>\nCharisma: Tanja Dohse<br \/>\nPhilippe De Nevres: Erik Sch\u00e4ffler<br \/>\nGenevieve De Nevres (D\u00e4mon): Sonita Sodhi<br \/>\nSchwarzer Engel: Marion von Stengel<br \/>\nVerk\u00e4ufer: Konrad Halver<br \/>\nMonster: Rocky Rambo<br \/>\nD\u00e4monen: Gunnar Gorgonnzola<\/p>\n<p><strong><u>Autor:<br \/>\n<\/u><\/strong>Peter Mennigen<\/p>\n","protected":false},"excerpt":{"rendered":"<p>Geister-Schocker 15: Tod in Paris Inhalt: Malcolm Max ist Mitglied der Geheimloge &#8222;Custodis Lux&#8220; (&#8222;H\u00fcter des Lichts&#8220;). An der Seite der sch\u00f6nen Vampirin Charisma bereist er die unheimlichsten Winkel der Erde. Gemeinsam k\u00e4mpfen sie gegen dunkle M\u00e4chte in Form von Geistern, Vampiren und D\u00e4monen. Dabei kommen sie Schritt um Schritt einer Weltverschw\u00f6rung der mysteri\u00f6sen &#8222;Schwarzen&#8230;<\/p>\n<p><a rel=\"bookmark\" class=\"vonzot-button-simple wvc-button wvc-button-size-sm\" href=\"https:\/\/www.allscore.de\/shop\/produkt\/geister-schocker-15-tod-in-paris\/\"><span>Read more<\/span><\/a><\/p>\n","protected":false},"featured_media":9502,"template":"","meta":[],"product_brand":[],"product_cat":[74,72],"product_tag":[],"class_list":{"0":"post-9536","1":"product","2":"type-product","3":"status-publish","4":"has-post-thumbnail","6":"product_cat-geister-schocker","7":"product_cat-hoerspiele","8":"product_shipping_class-tontraeger-cd","9":"entry","10":"clearfix","11":"entry-grid","12":"entry-columns-3","13":"entry-product-module-layout-sidebar-right","14":"thumbnail-color-tone-dark","15":"entry-product","17":"entry-product-grid","19":"first","20":"instock","21":"taxable","22":"shipping-taxable","23":"purchasable","24":"product-type-simple"},"yoast_head":"<!-- This site is optimized with the Yoast SEO plugin v27.3 - https:\/\/yoast.com\/product\/yoast-seo-wordpress\/ -->\n<title>Geister-Schocker 15: Tod in Paris<\/title>\n<meta name=\"description\" content=\"Geister-Schocker 15: Tod in Paris Inhalt: Malcolm Max ist Mitglied der Geheimloge &quot;Custodis Lux&quot; (&quot;H\u00fcter des Lichts&quot;). An der Seite der sch\u00f6nen Vampirin\" \/>\n<meta name=\"robots\" content=\"index, follow, max-snippet:-1, max-image-preview:large, max-video-preview:-1\" \/>\n<link rel=\"canonical\" href=\"https:\/\/www.allscore.de\/shop\/produkt\/geister-schocker-15-tod-in-paris\/\" \/>\n<meta property=\"og:locale\" content=\"de_DE\" \/>\n<meta property=\"og:type\" content=\"article\" \/>\n<meta property=\"og:title\" content=\"Geister-Schocker 15: Tod in Paris\" \/>\n<meta property=\"og:description\" content=\"Geister-Schocker 15: Tod in Paris Inhalt: Malcolm Max ist Mitglied der Geheimloge &quot;Custodis Lux&quot; (&quot;H\u00fcter des Lichts&quot;). An der Seite der sch\u00f6nen Vampirin\" \/>\n<meta property=\"og:url\" content=\"https:\/\/www.allscore.de\/shop\/produkt\/geister-schocker-15-tod-in-paris\/\" \/>\n<meta property=\"og:site_name\" content=\"Allscore Shop\" \/>\n<meta property=\"article:modified_time\" content=\"2025-10-25T23:36:07+00:00\" \/>\n<meta property=\"og:image\" content=\"https:\/\/www.allscore.de\/shop\/wp-content\/uploads\/2021\/03\/GS15_1200px.jpg\" \/>\n\t<meta property=\"og:image:width\" content=\"1200\" \/>\n\t<meta property=\"og:image:height\" content=\"1200\" \/>\n\t<meta property=\"og:image:type\" content=\"image\/jpeg\" \/>\n<meta name=\"twitter:card\" content=\"summary_large_image\" \/>\n<meta name=\"twitter:label1\" content=\"Gesch\u00e4tzte Lesezeit\" \/>\n\t<meta name=\"twitter:data1\" content=\"1\u00a0Minute\" \/>\n<script type=\"application\/ld+json\" class=\"yoast-schema-graph\">{\"@context\":\"https:\\\/\\\/schema.org\",\"@graph\":[{\"@type\":\"WebPage\",\"@id\":\"https:\\\/\\\/www.allscore.de\\\/shop\\\/produkt\\\/geister-schocker-15-tod-in-paris\\\/\",\"url\":\"https:\\\/\\\/www.allscore.de\\\/shop\\\/produkt\\\/geister-schocker-15-tod-in-paris\\\/\",\"name\":\"Geister-Schocker 15: Tod in Paris\",\"isPartOf\":{\"@id\":\"https:\\\/\\\/www.allscore.de\\\/shop\\\/#website\"},\"primaryImageOfPage\":{\"@id\":\"https:\\\/\\\/www.allscore.de\\\/shop\\\/produkt\\\/geister-schocker-15-tod-in-paris\\\/#primaryimage\"},\"image\":{\"@id\":\"https:\\\/\\\/www.allscore.de\\\/shop\\\/produkt\\\/geister-schocker-15-tod-in-paris\\\/#primaryimage\"},\"thumbnailUrl\":\"https:\\\/\\\/www.allscore.de\\\/shop\\\/wp-content\\\/uploads\\\/2021\\\/03\\\/GS15_1200px.jpg\",\"datePublished\":\"2011-02-10T16:46:13+00:00\",\"dateModified\":\"2025-10-25T23:36:07+00:00\",\"description\":\"Geister-Schocker 15: Tod in Paris Inhalt: Malcolm Max ist Mitglied der Geheimloge \\\"Custodis Lux\\\" (\\\"H\u00fcter des Lichts\\\"). An der Seite der sch\u00f6nen Vampirin\",\"breadcrumb\":{\"@id\":\"https:\\\/\\\/www.allscore.de\\\/shop\\\/produkt\\\/geister-schocker-15-tod-in-paris\\\/#breadcrumb\"},\"inLanguage\":\"de\",\"potentialAction\":[{\"@type\":\"ReadAction\",\"target\":[\"https:\\\/\\\/www.allscore.de\\\/shop\\\/produkt\\\/geister-schocker-15-tod-in-paris\\\/\"]}]},{\"@type\":\"ImageObject\",\"inLanguage\":\"de\",\"@id\":\"https:\\\/\\\/www.allscore.de\\\/shop\\\/produkt\\\/geister-schocker-15-tod-in-paris\\\/#primaryimage\",\"url\":\"https:\\\/\\\/www.allscore.de\\\/shop\\\/wp-content\\\/uploads\\\/2021\\\/03\\\/GS15_1200px.jpg\",\"contentUrl\":\"https:\\\/\\\/www.allscore.de\\\/shop\\\/wp-content\\\/uploads\\\/2021\\\/03\\\/GS15_1200px.jpg\",\"width\":1200,\"height\":1200,\"caption\":\"Geister-Schocker (15): Tod in Paris\"},{\"@type\":\"BreadcrumbList\",\"@id\":\"https:\\\/\\\/www.allscore.de\\\/shop\\\/produkt\\\/geister-schocker-15-tod-in-paris\\\/#breadcrumb\",\"itemListElement\":[{\"@type\":\"ListItem\",\"position\":1,\"name\":\"Startseite\",\"item\":\"https:\\\/\\\/www.allscore.de\\\/shop\\\/\"},{\"@type\":\"ListItem\",\"position\":2,\"name\":\"Produkte\",\"item\":\"https:\\\/\\\/www.allscore.de\\\/shop\\\/shop\\\/\"},{\"@type\":\"ListItem\",\"position\":3,\"name\":\"Geister-Schocker 15: Tod in Paris\"}]},{\"@type\":\"WebSite\",\"@id\":\"https:\\\/\\\/www.allscore.de\\\/shop\\\/#website\",\"url\":\"https:\\\/\\\/www.allscore.de\\\/shop\\\/\",\"name\":\"Allscore Shop\",\"description\":\"All Score Media\",\"publisher\":{\"@id\":\"https:\\\/\\\/www.allscore.de\\\/shop\\\/#organization\"},\"potentialAction\":[{\"@type\":\"SearchAction\",\"target\":{\"@type\":\"EntryPoint\",\"urlTemplate\":\"https:\\\/\\\/www.allscore.de\\\/shop\\\/?s={search_term_string}\"},\"query-input\":{\"@type\":\"PropertyValueSpecification\",\"valueRequired\":true,\"valueName\":\"search_term_string\"}}],\"inLanguage\":\"de\"},{\"@type\":\"Organization\",\"@id\":\"https:\\\/\\\/www.allscore.de\\\/shop\\\/#organization\",\"name\":\"All Score Media\",\"alternateName\":\"Allscore\",\"url\":\"https:\\\/\\\/www.allscore.de\\\/shop\\\/\",\"logo\":{\"@type\":\"ImageObject\",\"inLanguage\":\"de\",\"@id\":\"https:\\\/\\\/www.allscore.de\\\/shop\\\/#\\\/schema\\\/logo\\\/image\\\/\",\"url\":\"https:\\\/\\\/www.allscore.de\\\/shop\\\/wp-content\\\/uploads\\\/2026\\\/01\\\/Logo_Yoast_Shop_2026.png\",\"contentUrl\":\"https:\\\/\\\/www.allscore.de\\\/shop\\\/wp-content\\\/uploads\\\/2026\\\/01\\\/Logo_Yoast_Shop_2026.png\",\"width\":696,\"height\":696,\"caption\":\"All Score Media\"},\"image\":{\"@id\":\"https:\\\/\\\/www.allscore.de\\\/shop\\\/#\\\/schema\\\/logo\\\/image\\\/\"}}]}<\/script>\n<!-- \/ Yoast SEO plugin. -->","yoast_head_json":{"title":"Geister-Schocker 15: Tod in Paris","description":"Geister-Schocker 15: Tod in Paris Inhalt: Malcolm Max ist Mitglied der Geheimloge \"Custodis Lux\" (\"H\u00fcter des Lichts\"). An der Seite der sch\u00f6nen Vampirin","robots":{"index":"index","follow":"follow","max-snippet":"max-snippet:-1","max-image-preview":"max-image-preview:large","max-video-preview":"max-video-preview:-1"},"canonical":"https:\/\/www.allscore.de\/shop\/produkt\/geister-schocker-15-tod-in-paris\/","og_locale":"de_DE","og_type":"article","og_title":"Geister-Schocker 15: Tod in Paris","og_description":"Geister-Schocker 15: Tod in Paris Inhalt: Malcolm Max ist Mitglied der Geheimloge \"Custodis Lux\" (\"H\u00fcter des Lichts\"). An der Seite der sch\u00f6nen Vampirin","og_url":"https:\/\/www.allscore.de\/shop\/produkt\/geister-schocker-15-tod-in-paris\/","og_site_name":"Allscore Shop","article_modified_time":"2025-10-25T23:36:07+00:00","og_image":[{"width":1200,"height":1200,"url":"https:\/\/www.allscore.de\/shop\/wp-content\/uploads\/2021\/03\/GS15_1200px.jpg","type":"image\/jpeg"}],"twitter_card":"summary_large_image","twitter_misc":{"Gesch\u00e4tzte Lesezeit":"1\u00a0Minute"},"schema":{"@context":"https:\/\/schema.org","@graph":[{"@type":"WebPage","@id":"https:\/\/www.allscore.de\/shop\/produkt\/geister-schocker-15-tod-in-paris\/","url":"https:\/\/www.allscore.de\/shop\/produkt\/geister-schocker-15-tod-in-paris\/","name":"Geister-Schocker 15: Tod in Paris","isPartOf":{"@id":"https:\/\/www.allscore.de\/shop\/#website"},"primaryImageOfPage":{"@id":"https:\/\/www.allscore.de\/shop\/produkt\/geister-schocker-15-tod-in-paris\/#primaryimage"},"image":{"@id":"https:\/\/www.allscore.de\/shop\/produkt\/geister-schocker-15-tod-in-paris\/#primaryimage"},"thumbnailUrl":"https:\/\/www.allscore.de\/shop\/wp-content\/uploads\/2021\/03\/GS15_1200px.jpg","datePublished":"2011-02-10T16:46:13+00:00","dateModified":"2025-10-25T23:36:07+00:00","description":"Geister-Schocker 15: Tod in Paris Inhalt: Malcolm Max ist Mitglied der Geheimloge \"Custodis Lux\" (\"H\u00fcter des Lichts\"). An der Seite der sch\u00f6nen Vampirin","breadcrumb":{"@id":"https:\/\/www.allscore.de\/shop\/produkt\/geister-schocker-15-tod-in-paris\/#breadcrumb"},"inLanguage":"de","potentialAction":[{"@type":"ReadAction","target":["https:\/\/www.allscore.de\/shop\/produkt\/geister-schocker-15-tod-in-paris\/"]}]},{"@type":"ImageObject","inLanguage":"de","@id":"https:\/\/www.allscore.de\/shop\/produkt\/geister-schocker-15-tod-in-paris\/#primaryimage","url":"https:\/\/www.allscore.de\/shop\/wp-content\/uploads\/2021\/03\/GS15_1200px.jpg","contentUrl":"https:\/\/www.allscore.de\/shop\/wp-content\/uploads\/2021\/03\/GS15_1200px.jpg","width":1200,"height":1200,"caption":"Geister-Schocker (15): Tod in Paris"},{"@type":"BreadcrumbList","@id":"https:\/\/www.allscore.de\/shop\/produkt\/geister-schocker-15-tod-in-paris\/#breadcrumb","itemListElement":[{"@type":"ListItem","position":1,"name":"Startseite","item":"https:\/\/www.allscore.de\/shop\/"},{"@type":"ListItem","position":2,"name":"Produkte","item":"https:\/\/www.allscore.de\/shop\/shop\/"},{"@type":"ListItem","position":3,"name":"Geister-Schocker 15: Tod in Paris"}]},{"@type":"WebSite","@id":"https:\/\/www.allscore.de\/shop\/#website","url":"https:\/\/www.allscore.de\/shop\/","name":"Allscore Shop","description":"All Score Media","publisher":{"@id":"https:\/\/www.allscore.de\/shop\/#organization"},"potentialAction":[{"@type":"SearchAction","target":{"@type":"EntryPoint","urlTemplate":"https:\/\/www.allscore.de\/shop\/?s={search_term_string}"},"query-input":{"@type":"PropertyValueSpecification","valueRequired":true,"valueName":"search_term_string"}}],"inLanguage":"de"},{"@type":"Organization","@id":"https:\/\/www.allscore.de\/shop\/#organization","name":"All Score Media","alternateName":"Allscore","url":"https:\/\/www.allscore.de\/shop\/","logo":{"@type":"ImageObject","inLanguage":"de","@id":"https:\/\/www.allscore.de\/shop\/#\/schema\/logo\/image\/","url":"https:\/\/www.allscore.de\/shop\/wp-content\/uploads\/2026\/01\/Logo_Yoast_Shop_2026.png","contentUrl":"https:\/\/www.allscore.de\/shop\/wp-content\/uploads\/2026\/01\/Logo_Yoast_Shop_2026.png","width":696,"height":696,"caption":"All Score Media"},"image":{"@id":"https:\/\/www.allscore.de\/shop\/#\/schema\/logo\/image\/"}}]}},"_links":{"self":[{"href":"https:\/\/www.allscore.de\/shop\/wp-json\/wp\/v2\/product\/9536","targetHints":{"allow":["GET"]}}],"collection":[{"href":"https:\/\/www.allscore.de\/shop\/wp-json\/wp\/v2\/product"}],"about":[{"href":"https:\/\/www.allscore.de\/shop\/wp-json\/wp\/v2\/types\/product"}],"wp:featuredmedia":[{"embeddable":true,"href":"https:\/\/www.allscore.de\/shop\/wp-json\/wp\/v2\/media\/9502"}],"wp:attachment":[{"href":"https:\/\/www.allscore.de\/shop\/wp-json\/wp\/v2\/media?parent=9536"}],"wp:term":[{"taxonomy":"product_brand","embeddable":true,"href":"https:\/\/www.allscore.de\/shop\/wp-json\/wp\/v2\/product_brand?post=9536"},{"taxonomy":"product_cat","embeddable":true,"href":"https:\/\/www.allscore.de\/shop\/wp-json\/wp\/v2\/product_cat?post=9536"},{"taxonomy":"product_tag","embeddable":true,"href":"https:\/\/www.allscore.de\/shop\/wp-json\/wp\/v2\/product_tag?post=9536"}],"curies":[{"name":"wp","href":"https:\/\/api.w.org\/{rel}","templated":true}]}}