{"id":9524,"date":"2010-03-01T17:08:20","date_gmt":"2010-03-01T16:08:20","guid":{"rendered":"https:\/\/www.allscore.de\/shop\/?post_type=product&#038;p=9524"},"modified":"2026-01-28T22:06:02","modified_gmt":"2026-01-28T21:06:02","slug":"geister-schocker-6-der-satansorden-von-chalderon","status":"publish","type":"product","link":"https:\/\/www.allscore.de\/shop\/produkt\/geister-schocker-6-der-satansorden-von-chalderon\/","title":{"rendered":"Geister-Schocker 6: Der Satansorden von Chalderon"},"content":{"rendered":"<p>Geister-Schocker 6: Der Satansorden von Chalderon<\/p>\n<p><strong><u>Inhalt:<br \/>\n<\/u><\/strong>Luisa Giglione sah im Schein der Lampe, wie eine schwarze, verdorrte Hand durch den Spalt in der knorrigen T\u00fcr griff und den Riegelbalken hochschob.<br \/>\nSprachlos vor Schrecken sah die junge Frau sie eintreten&#8230; Ein Zug aus sieben gr\u00e4\u00dflichen Gestalten! Geh\u00fcllt in vermoderte, schwarze Kapuzenkutten!<br \/>\nLuisa blickte in mumifizierte, grausige Gesichter&#8230; Augenlos! Schwarz und vermodert! Und sie schrie! Schrie wie von Sinnen, w\u00e4hrend sich ihr Verstand weigerte,<br \/>\ndas, was sich vor ihr abspielte, zu glauben&#8230;!<\/p>\n<p><strong><u>Sprecher:<br \/>\n<\/u><\/strong>Luisa Giglione: Lea Kohn<br \/>\nFrank Simms: Jens Wendland<br \/>\nHarvey Soundra: Rainer Schmitt<br \/>\nTonio Salvarin: Lutz Riedel<br \/>\nBootsverleiher: Helgo Liebig<br \/>\nInspektor Duvcek: Martin Armknecht<br \/>\nStella Canton: Daniela Wutte<br \/>\nOlga Czechrovka: Katja Br\u00fcgger<br \/>\nSchiffsarzt: Eckart Dux<br \/>\nBetty: Juliane Ahlemeier<br \/>\nDr. Draganovic: Claus Wilcke<br \/>\nGeneral: Walter Gontermann<\/p>\n<p><strong><u>Autor:<br \/>\n<\/u><\/strong>Earl Warren<\/p>\n","protected":false},"excerpt":{"rendered":"<p>Geister-Schocker 6: Der Satansorden von Chalderon Inhalt: Luisa Giglione sah im Schein der Lampe, wie eine schwarze, verdorrte Hand durch den Spalt in der knorrigen T\u00fcr griff und den Riegelbalken hochschob. Sprachlos vor Schrecken sah die junge Frau sie eintreten&#8230; Ein Zug aus sieben gr\u00e4\u00dflichen Gestalten! Geh\u00fcllt in vermoderte, schwarze Kapuzenkutten! Luisa blickte in mumifizierte,&#8230;<\/p>\n<p><a rel=\"bookmark\" class=\"vonzot-button-simple wvc-button wvc-button-size-sm\" href=\"https:\/\/www.allscore.de\/shop\/produkt\/geister-schocker-6-der-satansorden-von-chalderon\/\"><span>Read more<\/span><\/a><\/p>\n","protected":false},"featured_media":9488,"template":"","meta":[],"product_brand":[],"product_cat":[74,72],"product_tag":[],"class_list":{"0":"post-9524","1":"product","2":"type-product","3":"status-publish","4":"has-post-thumbnail","6":"product_cat-geister-schocker","7":"product_cat-hoerspiele","8":"product_shipping_class-tontraeger-cd","9":"entry","10":"clearfix","11":"entry-grid","12":"entry-columns-3","13":"entry-product-module-layout-sidebar-right","14":"thumbnail-color-tone-dark","15":"entry-product","17":"entry-product-grid","19":"first","20":"instock","21":"taxable","22":"shipping-taxable","23":"purchasable","24":"product-type-simple"},"yoast_head":"<!-- This site is optimized with the Yoast SEO plugin v27.3 - https:\/\/yoast.com\/product\/yoast-seo-wordpress\/ -->\n<title>Geister-Schocker 6: Der Satansorden von Chalderon<\/title>\n<meta name=\"description\" content=\"Geister-Schocker 6: Der Satansorden von Chalderon Inhalt: Luisa Giglione sah im Schein der Lampe, wie eine schwarze, verdorrte Hand durch den Spalt in der\" \/>\n<meta name=\"robots\" content=\"index, follow, max-snippet:-1, max-image-preview:large, max-video-preview:-1\" \/>\n<link rel=\"canonical\" href=\"https:\/\/www.allscore.de\/shop\/produkt\/geister-schocker-6-der-satansorden-von-chalderon\/\" \/>\n<meta property=\"og:locale\" content=\"de_DE\" \/>\n<meta property=\"og:type\" content=\"article\" \/>\n<meta property=\"og:title\" content=\"Geister-Schocker 6: Der Satansorden von Chalderon\" \/>\n<meta property=\"og:description\" content=\"Geister-Schocker 6: Der Satansorden von Chalderon Inhalt: Luisa Giglione sah im Schein der Lampe, wie eine schwarze, verdorrte Hand durch den Spalt in der\" \/>\n<meta property=\"og:url\" content=\"https:\/\/www.allscore.de\/shop\/produkt\/geister-schocker-6-der-satansorden-von-chalderon\/\" \/>\n<meta property=\"og:site_name\" content=\"Allscore Shop\" \/>\n<meta property=\"article:modified_time\" content=\"2026-01-28T21:06:02+00:00\" \/>\n<meta property=\"og:image\" content=\"https:\/\/www.allscore.de\/shop\/wp-content\/uploads\/2021\/03\/GS06_1000px.jpg\" \/>\n\t<meta property=\"og:image:width\" content=\"1000\" \/>\n\t<meta property=\"og:image:height\" content=\"1000\" \/>\n\t<meta property=\"og:image:type\" content=\"image\/jpeg\" \/>\n<meta name=\"twitter:card\" content=\"summary_large_image\" \/>\n<meta name=\"twitter:label1\" content=\"Gesch\u00e4tzte Lesezeit\" \/>\n\t<meta name=\"twitter:data1\" content=\"1\u00a0Minute\" \/>\n<script type=\"application\/ld+json\" class=\"yoast-schema-graph\">{\"@context\":\"https:\\\/\\\/schema.org\",\"@graph\":[{\"@type\":\"WebPage\",\"@id\":\"https:\\\/\\\/www.allscore.de\\\/shop\\\/produkt\\\/geister-schocker-6-der-satansorden-von-chalderon\\\/\",\"url\":\"https:\\\/\\\/www.allscore.de\\\/shop\\\/produkt\\\/geister-schocker-6-der-satansorden-von-chalderon\\\/\",\"name\":\"Geister-Schocker 6: Der Satansorden von Chalderon\",\"isPartOf\":{\"@id\":\"https:\\\/\\\/www.allscore.de\\\/shop\\\/#website\"},\"primaryImageOfPage\":{\"@id\":\"https:\\\/\\\/www.allscore.de\\\/shop\\\/produkt\\\/geister-schocker-6-der-satansorden-von-chalderon\\\/#primaryimage\"},\"image\":{\"@id\":\"https:\\\/\\\/www.allscore.de\\\/shop\\\/produkt\\\/geister-schocker-6-der-satansorden-von-chalderon\\\/#primaryimage\"},\"thumbnailUrl\":\"https:\\\/\\\/www.allscore.de\\\/shop\\\/wp-content\\\/uploads\\\/2021\\\/03\\\/GS06_1000px.jpg\",\"datePublished\":\"2010-03-01T16:08:20+00:00\",\"dateModified\":\"2026-01-28T21:06:02+00:00\",\"description\":\"Geister-Schocker 6: Der Satansorden von Chalderon Inhalt: Luisa Giglione sah im Schein der Lampe, wie eine schwarze, verdorrte Hand durch den Spalt in der\",\"breadcrumb\":{\"@id\":\"https:\\\/\\\/www.allscore.de\\\/shop\\\/produkt\\\/geister-schocker-6-der-satansorden-von-chalderon\\\/#breadcrumb\"},\"inLanguage\":\"de\",\"potentialAction\":[{\"@type\":\"ReadAction\",\"target\":[\"https:\\\/\\\/www.allscore.de\\\/shop\\\/produkt\\\/geister-schocker-6-der-satansorden-von-chalderon\\\/\"]}]},{\"@type\":\"ImageObject\",\"inLanguage\":\"de\",\"@id\":\"https:\\\/\\\/www.allscore.de\\\/shop\\\/produkt\\\/geister-schocker-6-der-satansorden-von-chalderon\\\/#primaryimage\",\"url\":\"https:\\\/\\\/www.allscore.de\\\/shop\\\/wp-content\\\/uploads\\\/2021\\\/03\\\/GS06_1000px.jpg\",\"contentUrl\":\"https:\\\/\\\/www.allscore.de\\\/shop\\\/wp-content\\\/uploads\\\/2021\\\/03\\\/GS06_1000px.jpg\",\"width\":1000,\"height\":1000,\"caption\":\"Geister-Schocker (6): Der Satansorden von Chalderon\"},{\"@type\":\"BreadcrumbList\",\"@id\":\"https:\\\/\\\/www.allscore.de\\\/shop\\\/produkt\\\/geister-schocker-6-der-satansorden-von-chalderon\\\/#breadcrumb\",\"itemListElement\":[{\"@type\":\"ListItem\",\"position\":1,\"name\":\"Startseite\",\"item\":\"https:\\\/\\\/www.allscore.de\\\/shop\\\/\"},{\"@type\":\"ListItem\",\"position\":2,\"name\":\"Produkte\",\"item\":\"https:\\\/\\\/www.allscore.de\\\/shop\\\/shop\\\/\"},{\"@type\":\"ListItem\",\"position\":3,\"name\":\"Geister-Schocker 6: Der Satansorden von Chalderon\"}]},{\"@type\":\"WebSite\",\"@id\":\"https:\\\/\\\/www.allscore.de\\\/shop\\\/#website\",\"url\":\"https:\\\/\\\/www.allscore.de\\\/shop\\\/\",\"name\":\"Allscore Shop\",\"description\":\"All Score Media\",\"publisher\":{\"@id\":\"https:\\\/\\\/www.allscore.de\\\/shop\\\/#organization\"},\"potentialAction\":[{\"@type\":\"SearchAction\",\"target\":{\"@type\":\"EntryPoint\",\"urlTemplate\":\"https:\\\/\\\/www.allscore.de\\\/shop\\\/?s={search_term_string}\"},\"query-input\":{\"@type\":\"PropertyValueSpecification\",\"valueRequired\":true,\"valueName\":\"search_term_string\"}}],\"inLanguage\":\"de\"},{\"@type\":\"Organization\",\"@id\":\"https:\\\/\\\/www.allscore.de\\\/shop\\\/#organization\",\"name\":\"All Score Media\",\"alternateName\":\"Allscore\",\"url\":\"https:\\\/\\\/www.allscore.de\\\/shop\\\/\",\"logo\":{\"@type\":\"ImageObject\",\"inLanguage\":\"de\",\"@id\":\"https:\\\/\\\/www.allscore.de\\\/shop\\\/#\\\/schema\\\/logo\\\/image\\\/\",\"url\":\"https:\\\/\\\/www.allscore.de\\\/shop\\\/wp-content\\\/uploads\\\/2026\\\/01\\\/Logo_Yoast_Shop_2026.png\",\"contentUrl\":\"https:\\\/\\\/www.allscore.de\\\/shop\\\/wp-content\\\/uploads\\\/2026\\\/01\\\/Logo_Yoast_Shop_2026.png\",\"width\":696,\"height\":696,\"caption\":\"All Score Media\"},\"image\":{\"@id\":\"https:\\\/\\\/www.allscore.de\\\/shop\\\/#\\\/schema\\\/logo\\\/image\\\/\"}}]}<\/script>\n<!-- \/ Yoast SEO plugin. -->","yoast_head_json":{"title":"Geister-Schocker 6: Der Satansorden von Chalderon","description":"Geister-Schocker 6: Der Satansorden von Chalderon Inhalt: Luisa Giglione sah im Schein der Lampe, wie eine schwarze, verdorrte Hand durch den Spalt in der","robots":{"index":"index","follow":"follow","max-snippet":"max-snippet:-1","max-image-preview":"max-image-preview:large","max-video-preview":"max-video-preview:-1"},"canonical":"https:\/\/www.allscore.de\/shop\/produkt\/geister-schocker-6-der-satansorden-von-chalderon\/","og_locale":"de_DE","og_type":"article","og_title":"Geister-Schocker 6: Der Satansorden von Chalderon","og_description":"Geister-Schocker 6: Der Satansorden von Chalderon Inhalt: Luisa Giglione sah im Schein der Lampe, wie eine schwarze, verdorrte Hand durch den Spalt in der","og_url":"https:\/\/www.allscore.de\/shop\/produkt\/geister-schocker-6-der-satansorden-von-chalderon\/","og_site_name":"Allscore Shop","article_modified_time":"2026-01-28T21:06:02+00:00","og_image":[{"width":1000,"height":1000,"url":"https:\/\/www.allscore.de\/shop\/wp-content\/uploads\/2021\/03\/GS06_1000px.jpg","type":"image\/jpeg"}],"twitter_card":"summary_large_image","twitter_misc":{"Gesch\u00e4tzte Lesezeit":"1\u00a0Minute"},"schema":{"@context":"https:\/\/schema.org","@graph":[{"@type":"WebPage","@id":"https:\/\/www.allscore.de\/shop\/produkt\/geister-schocker-6-der-satansorden-von-chalderon\/","url":"https:\/\/www.allscore.de\/shop\/produkt\/geister-schocker-6-der-satansorden-von-chalderon\/","name":"Geister-Schocker 6: Der Satansorden von Chalderon","isPartOf":{"@id":"https:\/\/www.allscore.de\/shop\/#website"},"primaryImageOfPage":{"@id":"https:\/\/www.allscore.de\/shop\/produkt\/geister-schocker-6-der-satansorden-von-chalderon\/#primaryimage"},"image":{"@id":"https:\/\/www.allscore.de\/shop\/produkt\/geister-schocker-6-der-satansorden-von-chalderon\/#primaryimage"},"thumbnailUrl":"https:\/\/www.allscore.de\/shop\/wp-content\/uploads\/2021\/03\/GS06_1000px.jpg","datePublished":"2010-03-01T16:08:20+00:00","dateModified":"2026-01-28T21:06:02+00:00","description":"Geister-Schocker 6: Der Satansorden von Chalderon Inhalt: Luisa Giglione sah im Schein der Lampe, wie eine schwarze, verdorrte Hand durch den Spalt in der","breadcrumb":{"@id":"https:\/\/www.allscore.de\/shop\/produkt\/geister-schocker-6-der-satansorden-von-chalderon\/#breadcrumb"},"inLanguage":"de","potentialAction":[{"@type":"ReadAction","target":["https:\/\/www.allscore.de\/shop\/produkt\/geister-schocker-6-der-satansorden-von-chalderon\/"]}]},{"@type":"ImageObject","inLanguage":"de","@id":"https:\/\/www.allscore.de\/shop\/produkt\/geister-schocker-6-der-satansorden-von-chalderon\/#primaryimage","url":"https:\/\/www.allscore.de\/shop\/wp-content\/uploads\/2021\/03\/GS06_1000px.jpg","contentUrl":"https:\/\/www.allscore.de\/shop\/wp-content\/uploads\/2021\/03\/GS06_1000px.jpg","width":1000,"height":1000,"caption":"Geister-Schocker (6): Der Satansorden von Chalderon"},{"@type":"BreadcrumbList","@id":"https:\/\/www.allscore.de\/shop\/produkt\/geister-schocker-6-der-satansorden-von-chalderon\/#breadcrumb","itemListElement":[{"@type":"ListItem","position":1,"name":"Startseite","item":"https:\/\/www.allscore.de\/shop\/"},{"@type":"ListItem","position":2,"name":"Produkte","item":"https:\/\/www.allscore.de\/shop\/shop\/"},{"@type":"ListItem","position":3,"name":"Geister-Schocker 6: Der Satansorden von Chalderon"}]},{"@type":"WebSite","@id":"https:\/\/www.allscore.de\/shop\/#website","url":"https:\/\/www.allscore.de\/shop\/","name":"Allscore Shop","description":"All Score Media","publisher":{"@id":"https:\/\/www.allscore.de\/shop\/#organization"},"potentialAction":[{"@type":"SearchAction","target":{"@type":"EntryPoint","urlTemplate":"https:\/\/www.allscore.de\/shop\/?s={search_term_string}"},"query-input":{"@type":"PropertyValueSpecification","valueRequired":true,"valueName":"search_term_string"}}],"inLanguage":"de"},{"@type":"Organization","@id":"https:\/\/www.allscore.de\/shop\/#organization","name":"All Score Media","alternateName":"Allscore","url":"https:\/\/www.allscore.de\/shop\/","logo":{"@type":"ImageObject","inLanguage":"de","@id":"https:\/\/www.allscore.de\/shop\/#\/schema\/logo\/image\/","url":"https:\/\/www.allscore.de\/shop\/wp-content\/uploads\/2026\/01\/Logo_Yoast_Shop_2026.png","contentUrl":"https:\/\/www.allscore.de\/shop\/wp-content\/uploads\/2026\/01\/Logo_Yoast_Shop_2026.png","width":696,"height":696,"caption":"All Score Media"},"image":{"@id":"https:\/\/www.allscore.de\/shop\/#\/schema\/logo\/image\/"}}]}},"_links":{"self":[{"href":"https:\/\/www.allscore.de\/shop\/wp-json\/wp\/v2\/product\/9524","targetHints":{"allow":["GET"]}}],"collection":[{"href":"https:\/\/www.allscore.de\/shop\/wp-json\/wp\/v2\/product"}],"about":[{"href":"https:\/\/www.allscore.de\/shop\/wp-json\/wp\/v2\/types\/product"}],"wp:featuredmedia":[{"embeddable":true,"href":"https:\/\/www.allscore.de\/shop\/wp-json\/wp\/v2\/media\/9488"}],"wp:attachment":[{"href":"https:\/\/www.allscore.de\/shop\/wp-json\/wp\/v2\/media?parent=9524"}],"wp:term":[{"taxonomy":"product_brand","embeddable":true,"href":"https:\/\/www.allscore.de\/shop\/wp-json\/wp\/v2\/product_brand?post=9524"},{"taxonomy":"product_cat","embeddable":true,"href":"https:\/\/www.allscore.de\/shop\/wp-json\/wp\/v2\/product_cat?post=9524"},{"taxonomy":"product_tag","embeddable":true,"href":"https:\/\/www.allscore.de\/shop\/wp-json\/wp\/v2\/product_tag?post=9524"}],"curies":[{"name":"wp","href":"https:\/\/api.w.org\/{rel}","templated":true}]}}