{"id":9199,"date":"2020-12-17T18:59:17","date_gmt":"2020-12-17T17:59:17","guid":{"rendered":"https:\/\/www.allscore.de\/shop\/?post_type=product&#038;p=9199"},"modified":"2026-03-12T15:04:45","modified_gmt":"2026-03-12T14:04:45","slug":"occhio-malocchio-prezzemolo-e-finocchio-uno-sceriffo-extraterrestre","status":"publish","type":"product","link":"https:\/\/www.allscore.de\/shop\/produkt\/occhio-malocchio-prezzemolo-e-finocchio-uno-sceriffo-extraterrestre\/","title":{"rendered":"Uno sceriffo extraterrestre&#8230; (Der Gro\u00dfe mit seinem au\u00dferirdischen Kleinen) \/ Occhio&#8230; limitierte 7&#8243;-Single"},"content":{"rendered":"<p>Occhio malocchio prezzemolo e finocchio \/ Uno sceriffo extraterrestre\u2026 poco extra e molto terrestre (lim. 7\u2033-Single)\t<\/p>\n<p>Beat Records schreibt:<\/p>\n<p>&#8222;Occhio malocchio prezzemolo e finocchio is one of the classic cult comedies of the 80s, the most prolific decade in Italian cinema for that cinematic genre. The movie is split into two episodes, the first featuring the absolute star Lino Banfi trying to find a jinx, and the second starring singer\/actor Johnny Dorelli playing an amateur magician.<\/p>\n<p>Our collaboration with Cabum publishing and the subsequent discovery in their vault of the complete original recording sessions, totally unreleased until now, gave us the opportunity for a new release dedicated to the music for cult Italian cinema that will entertain us with its fresh and funny style. The soundtrack also features &#8220;Sheriff,&#8220; the main titles of the movie Uno sceriffo extraterrestre\u2026 poco extra e molto terrestre, which together with the main titles of Occhio malocchio prezzemolo e finocchio reflects the content of the 7-inch vinyl, highly collectible, with Enzo Sciotti&#8217;s original artwork for Occhio Malocchio prezzemolo e finocchio on the front cover and Renato Casaro&#8217;s original artwork for Uno sceriffo extraterrestre\u2026 poco extra e molto terrestre on the back. <\/p>\n<p>The 45rpm also features a special edition for collectors, numbered. Mastered by Enrico De Gemini with graphic layout by Daniele De Gemini, available as a limited edition of only 400 copies.&#8220;<\/p>\n","protected":false},"excerpt":{"rendered":"<p>Aka: Der Gro\u00dfe mit seinem au\u00dferirdischen Kleinen, The Sheriff and the Satellite Kid, Le sh\u00e9rif et les extraterrestres, El pelo de la desgracia, O Teu Olho \u00e9 a Minha Desgra\u00e7a<\/p>\n","protected":false},"featured_media":9182,"template":"","meta":[],"product_brand":[],"product_cat":[620,411,105],"product_tag":[416],"class_list":{"0":"post-9199","1":"product","2":"type-product","3":"status-publish","4":"has-post-thumbnail","6":"product_cat-italienische-filmmusik","7":"product_cat-komoedie","8":"product_cat-soundtracks","9":"product_tag-bud-spencer","10":"product_shipping_class-tontraeger-cd","11":"entry","12":"clearfix","13":"entry-grid","14":"entry-columns-3","15":"entry-product-module-layout-sidebar-right","16":"thumbnail-color-tone-dark","17":"entry-product","19":"entry-product-grid","21":"first","22":"instock","23":"taxable","24":"shipping-taxable","25":"purchasable","26":"product-type-simple"},"yoast_head":"<!-- This site is optimized with the Yoast SEO plugin v27.3 - https:\/\/yoast.com\/product\/yoast-seo-wordpress\/ -->\n<title>Der Gro\u00dfe mit seinem au\u00dferirdischen Kleinen (7&quot;-Single)<\/title>\n<meta name=\"description\" content=\"Occhio malocchio prezzemolo e finocchio \/ Uno sceriffo extraterrestre\u2026 poco extra e molto terrestre (auf 400 Exemplare limitierte 7\u2033-Single)\" \/>\n<meta name=\"robots\" content=\"index, follow, max-snippet:-1, max-image-preview:large, max-video-preview:-1\" \/>\n<link rel=\"canonical\" href=\"https:\/\/www.allscore.de\/shop\/produkt\/occhio-malocchio-prezzemolo-e-finocchio-uno-sceriffo-extraterrestre\/\" \/>\n<meta property=\"og:locale\" content=\"de_DE\" \/>\n<meta property=\"og:type\" content=\"article\" \/>\n<meta property=\"og:title\" content=\"Der Gro\u00dfe mit seinem au\u00dferirdischen Kleinen (7&quot;-Single)\" \/>\n<meta property=\"og:description\" content=\"Occhio malocchio prezzemolo e finocchio \/ Uno sceriffo extraterrestre\u2026 poco extra e molto terrestre (auf 400 Exemplare limitierte 7\u2033-Single)\" \/>\n<meta property=\"og:url\" content=\"https:\/\/www.allscore.de\/shop\/produkt\/occhio-malocchio-prezzemolo-e-finocchio-uno-sceriffo-extraterrestre\/\" \/>\n<meta property=\"og:site_name\" content=\"Allscore Shop\" \/>\n<meta property=\"article:modified_time\" content=\"2026-03-12T14:04:45+00:00\" \/>\n<meta property=\"og:image\" content=\"https:\/\/www.allscore.de\/shop\/wp-content\/uploads\/2020\/12\/DDJ4501-Uno-sceriffo.jpg\" \/>\n\t<meta property=\"og:image:width\" content=\"1200\" \/>\n\t<meta property=\"og:image:height\" content=\"1200\" \/>\n\t<meta property=\"og:image:type\" content=\"image\/jpeg\" \/>\n<meta name=\"twitter:card\" content=\"summary_large_image\" \/>\n<meta name=\"twitter:label1\" content=\"Gesch\u00e4tzte Lesezeit\" \/>\n\t<meta name=\"twitter:data1\" content=\"2\u00a0Minuten\" \/>\n<script type=\"application\/ld+json\" class=\"yoast-schema-graph\">{\"@context\":\"https:\\\/\\\/schema.org\",\"@graph\":[{\"@type\":\"WebPage\",\"@id\":\"https:\\\/\\\/www.allscore.de\\\/shop\\\/produkt\\\/occhio-malocchio-prezzemolo-e-finocchio-uno-sceriffo-extraterrestre\\\/\",\"url\":\"https:\\\/\\\/www.allscore.de\\\/shop\\\/produkt\\\/occhio-malocchio-prezzemolo-e-finocchio-uno-sceriffo-extraterrestre\\\/\",\"name\":\"Der Gro\u00dfe mit seinem au\u00dferirdischen Kleinen (7\\\"-Single)\",\"isPartOf\":{\"@id\":\"https:\\\/\\\/www.allscore.de\\\/shop\\\/#website\"},\"primaryImageOfPage\":{\"@id\":\"https:\\\/\\\/www.allscore.de\\\/shop\\\/produkt\\\/occhio-malocchio-prezzemolo-e-finocchio-uno-sceriffo-extraterrestre\\\/#primaryimage\"},\"image\":{\"@id\":\"https:\\\/\\\/www.allscore.de\\\/shop\\\/produkt\\\/occhio-malocchio-prezzemolo-e-finocchio-uno-sceriffo-extraterrestre\\\/#primaryimage\"},\"thumbnailUrl\":\"https:\\\/\\\/www.allscore.de\\\/shop\\\/wp-content\\\/uploads\\\/2020\\\/12\\\/DDJ4501-Uno-sceriffo.jpg\",\"datePublished\":\"2020-12-17T17:59:17+00:00\",\"dateModified\":\"2026-03-12T14:04:45+00:00\",\"description\":\"Occhio malocchio prezzemolo e finocchio \\\/ Uno sceriffo extraterrestre\u2026 poco extra e molto terrestre (auf 400 Exemplare limitierte 7\u2033-Single)\",\"breadcrumb\":{\"@id\":\"https:\\\/\\\/www.allscore.de\\\/shop\\\/produkt\\\/occhio-malocchio-prezzemolo-e-finocchio-uno-sceriffo-extraterrestre\\\/#breadcrumb\"},\"inLanguage\":\"de\",\"potentialAction\":[{\"@type\":\"ReadAction\",\"target\":[\"https:\\\/\\\/www.allscore.de\\\/shop\\\/produkt\\\/occhio-malocchio-prezzemolo-e-finocchio-uno-sceriffo-extraterrestre\\\/\"]}]},{\"@type\":\"ImageObject\",\"inLanguage\":\"de\",\"@id\":\"https:\\\/\\\/www.allscore.de\\\/shop\\\/produkt\\\/occhio-malocchio-prezzemolo-e-finocchio-uno-sceriffo-extraterrestre\\\/#primaryimage\",\"url\":\"https:\\\/\\\/www.allscore.de\\\/shop\\\/wp-content\\\/uploads\\\/2020\\\/12\\\/DDJ4501-Uno-sceriffo.jpg\",\"contentUrl\":\"https:\\\/\\\/www.allscore.de\\\/shop\\\/wp-content\\\/uploads\\\/2020\\\/12\\\/DDJ4501-Uno-sceriffo.jpg\",\"width\":1200,\"height\":1200,\"caption\":\"Uno sceriffo extraterrestre\"},{\"@type\":\"BreadcrumbList\",\"@id\":\"https:\\\/\\\/www.allscore.de\\\/shop\\\/produkt\\\/occhio-malocchio-prezzemolo-e-finocchio-uno-sceriffo-extraterrestre\\\/#breadcrumb\",\"itemListElement\":[{\"@type\":\"ListItem\",\"position\":1,\"name\":\"Startseite\",\"item\":\"https:\\\/\\\/www.allscore.de\\\/shop\\\/\"},{\"@type\":\"ListItem\",\"position\":2,\"name\":\"Produkte\",\"item\":\"https:\\\/\\\/www.allscore.de\\\/shop\\\/shop\\\/\"},{\"@type\":\"ListItem\",\"position\":3,\"name\":\"Uno sceriffo extraterrestre&#8230; (Der Gro\u00dfe mit seinem au\u00dferirdischen Kleinen) \\\/ Occhio&#8230; limitierte 7&#8243;-Single\"}]},{\"@type\":\"WebSite\",\"@id\":\"https:\\\/\\\/www.allscore.de\\\/shop\\\/#website\",\"url\":\"https:\\\/\\\/www.allscore.de\\\/shop\\\/\",\"name\":\"Allscore Shop\",\"description\":\"All Score Media\",\"publisher\":{\"@id\":\"https:\\\/\\\/www.allscore.de\\\/shop\\\/#organization\"},\"potentialAction\":[{\"@type\":\"SearchAction\",\"target\":{\"@type\":\"EntryPoint\",\"urlTemplate\":\"https:\\\/\\\/www.allscore.de\\\/shop\\\/?s={search_term_string}\"},\"query-input\":{\"@type\":\"PropertyValueSpecification\",\"valueRequired\":true,\"valueName\":\"search_term_string\"}}],\"inLanguage\":\"de\"},{\"@type\":\"Organization\",\"@id\":\"https:\\\/\\\/www.allscore.de\\\/shop\\\/#organization\",\"name\":\"All Score Media\",\"alternateName\":\"Allscore\",\"url\":\"https:\\\/\\\/www.allscore.de\\\/shop\\\/\",\"logo\":{\"@type\":\"ImageObject\",\"inLanguage\":\"de\",\"@id\":\"https:\\\/\\\/www.allscore.de\\\/shop\\\/#\\\/schema\\\/logo\\\/image\\\/\",\"url\":\"https:\\\/\\\/www.allscore.de\\\/shop\\\/wp-content\\\/uploads\\\/2026\\\/01\\\/Logo_Yoast_Shop_2026.png\",\"contentUrl\":\"https:\\\/\\\/www.allscore.de\\\/shop\\\/wp-content\\\/uploads\\\/2026\\\/01\\\/Logo_Yoast_Shop_2026.png\",\"width\":696,\"height\":696,\"caption\":\"All Score Media\"},\"image\":{\"@id\":\"https:\\\/\\\/www.allscore.de\\\/shop\\\/#\\\/schema\\\/logo\\\/image\\\/\"}}]}<\/script>\n<!-- \/ Yoast SEO plugin. -->","yoast_head_json":{"title":"Der Gro\u00dfe mit seinem au\u00dferirdischen Kleinen (7\"-Single)","description":"Occhio malocchio prezzemolo e finocchio \/ Uno sceriffo extraterrestre\u2026 poco extra e molto terrestre (auf 400 Exemplare limitierte 7\u2033-Single)","robots":{"index":"index","follow":"follow","max-snippet":"max-snippet:-1","max-image-preview":"max-image-preview:large","max-video-preview":"max-video-preview:-1"},"canonical":"https:\/\/www.allscore.de\/shop\/produkt\/occhio-malocchio-prezzemolo-e-finocchio-uno-sceriffo-extraterrestre\/","og_locale":"de_DE","og_type":"article","og_title":"Der Gro\u00dfe mit seinem au\u00dferirdischen Kleinen (7\"-Single)","og_description":"Occhio malocchio prezzemolo e finocchio \/ Uno sceriffo extraterrestre\u2026 poco extra e molto terrestre (auf 400 Exemplare limitierte 7\u2033-Single)","og_url":"https:\/\/www.allscore.de\/shop\/produkt\/occhio-malocchio-prezzemolo-e-finocchio-uno-sceriffo-extraterrestre\/","og_site_name":"Allscore Shop","article_modified_time":"2026-03-12T14:04:45+00:00","og_image":[{"width":1200,"height":1200,"url":"https:\/\/www.allscore.de\/shop\/wp-content\/uploads\/2020\/12\/DDJ4501-Uno-sceriffo.jpg","type":"image\/jpeg"}],"twitter_card":"summary_large_image","twitter_misc":{"Gesch\u00e4tzte Lesezeit":"2\u00a0Minuten"},"schema":{"@context":"https:\/\/schema.org","@graph":[{"@type":"WebPage","@id":"https:\/\/www.allscore.de\/shop\/produkt\/occhio-malocchio-prezzemolo-e-finocchio-uno-sceriffo-extraterrestre\/","url":"https:\/\/www.allscore.de\/shop\/produkt\/occhio-malocchio-prezzemolo-e-finocchio-uno-sceriffo-extraterrestre\/","name":"Der Gro\u00dfe mit seinem au\u00dferirdischen Kleinen (7\"-Single)","isPartOf":{"@id":"https:\/\/www.allscore.de\/shop\/#website"},"primaryImageOfPage":{"@id":"https:\/\/www.allscore.de\/shop\/produkt\/occhio-malocchio-prezzemolo-e-finocchio-uno-sceriffo-extraterrestre\/#primaryimage"},"image":{"@id":"https:\/\/www.allscore.de\/shop\/produkt\/occhio-malocchio-prezzemolo-e-finocchio-uno-sceriffo-extraterrestre\/#primaryimage"},"thumbnailUrl":"https:\/\/www.allscore.de\/shop\/wp-content\/uploads\/2020\/12\/DDJ4501-Uno-sceriffo.jpg","datePublished":"2020-12-17T17:59:17+00:00","dateModified":"2026-03-12T14:04:45+00:00","description":"Occhio malocchio prezzemolo e finocchio \/ Uno sceriffo extraterrestre\u2026 poco extra e molto terrestre (auf 400 Exemplare limitierte 7\u2033-Single)","breadcrumb":{"@id":"https:\/\/www.allscore.de\/shop\/produkt\/occhio-malocchio-prezzemolo-e-finocchio-uno-sceriffo-extraterrestre\/#breadcrumb"},"inLanguage":"de","potentialAction":[{"@type":"ReadAction","target":["https:\/\/www.allscore.de\/shop\/produkt\/occhio-malocchio-prezzemolo-e-finocchio-uno-sceriffo-extraterrestre\/"]}]},{"@type":"ImageObject","inLanguage":"de","@id":"https:\/\/www.allscore.de\/shop\/produkt\/occhio-malocchio-prezzemolo-e-finocchio-uno-sceriffo-extraterrestre\/#primaryimage","url":"https:\/\/www.allscore.de\/shop\/wp-content\/uploads\/2020\/12\/DDJ4501-Uno-sceriffo.jpg","contentUrl":"https:\/\/www.allscore.de\/shop\/wp-content\/uploads\/2020\/12\/DDJ4501-Uno-sceriffo.jpg","width":1200,"height":1200,"caption":"Uno sceriffo extraterrestre"},{"@type":"BreadcrumbList","@id":"https:\/\/www.allscore.de\/shop\/produkt\/occhio-malocchio-prezzemolo-e-finocchio-uno-sceriffo-extraterrestre\/#breadcrumb","itemListElement":[{"@type":"ListItem","position":1,"name":"Startseite","item":"https:\/\/www.allscore.de\/shop\/"},{"@type":"ListItem","position":2,"name":"Produkte","item":"https:\/\/www.allscore.de\/shop\/shop\/"},{"@type":"ListItem","position":3,"name":"Uno sceriffo extraterrestre&#8230; (Der Gro\u00dfe mit seinem au\u00dferirdischen Kleinen) \/ Occhio&#8230; limitierte 7&#8243;-Single"}]},{"@type":"WebSite","@id":"https:\/\/www.allscore.de\/shop\/#website","url":"https:\/\/www.allscore.de\/shop\/","name":"Allscore Shop","description":"All Score Media","publisher":{"@id":"https:\/\/www.allscore.de\/shop\/#organization"},"potentialAction":[{"@type":"SearchAction","target":{"@type":"EntryPoint","urlTemplate":"https:\/\/www.allscore.de\/shop\/?s={search_term_string}"},"query-input":{"@type":"PropertyValueSpecification","valueRequired":true,"valueName":"search_term_string"}}],"inLanguage":"de"},{"@type":"Organization","@id":"https:\/\/www.allscore.de\/shop\/#organization","name":"All Score Media","alternateName":"Allscore","url":"https:\/\/www.allscore.de\/shop\/","logo":{"@type":"ImageObject","inLanguage":"de","@id":"https:\/\/www.allscore.de\/shop\/#\/schema\/logo\/image\/","url":"https:\/\/www.allscore.de\/shop\/wp-content\/uploads\/2026\/01\/Logo_Yoast_Shop_2026.png","contentUrl":"https:\/\/www.allscore.de\/shop\/wp-content\/uploads\/2026\/01\/Logo_Yoast_Shop_2026.png","width":696,"height":696,"caption":"All Score Media"},"image":{"@id":"https:\/\/www.allscore.de\/shop\/#\/schema\/logo\/image\/"}}]}},"_links":{"self":[{"href":"https:\/\/www.allscore.de\/shop\/wp-json\/wp\/v2\/product\/9199","targetHints":{"allow":["GET"]}}],"collection":[{"href":"https:\/\/www.allscore.de\/shop\/wp-json\/wp\/v2\/product"}],"about":[{"href":"https:\/\/www.allscore.de\/shop\/wp-json\/wp\/v2\/types\/product"}],"wp:featuredmedia":[{"embeddable":true,"href":"https:\/\/www.allscore.de\/shop\/wp-json\/wp\/v2\/media\/9182"}],"wp:attachment":[{"href":"https:\/\/www.allscore.de\/shop\/wp-json\/wp\/v2\/media?parent=9199"}],"wp:term":[{"taxonomy":"product_brand","embeddable":true,"href":"https:\/\/www.allscore.de\/shop\/wp-json\/wp\/v2\/product_brand?post=9199"},{"taxonomy":"product_cat","embeddable":true,"href":"https:\/\/www.allscore.de\/shop\/wp-json\/wp\/v2\/product_cat?post=9199"},{"taxonomy":"product_tag","embeddable":true,"href":"https:\/\/www.allscore.de\/shop\/wp-json\/wp\/v2\/product_tag?post=9199"}],"curies":[{"name":"wp","href":"https:\/\/api.w.org\/{rel}","templated":true}]}}