{"id":8287,"date":"2020-09-27T20:31:03","date_gmt":"2020-09-27T18:31:03","guid":{"rendered":"https:\/\/www.allscore.de\/shop\/?post_type=product&#038;p=8287"},"modified":"2022-07-20T22:27:31","modified_gmt":"2022-07-20T20:27:31","slug":"rework-pleasure-is-pretty-2","status":"publish","type":"product","link":"https:\/\/www.allscore.de\/shop\/produkt\/rework-pleasure-is-pretty-2\/","title":{"rendered":"Rework &#8211; pleasure is pretty"},"content":{"rendered":"<p>PRESSE<\/p>\n<p>Intro [#154]: &#8222;&#8230;wenn man Rework dabei zuh\u00f6rt, wie sie vier Jahre nach ihrem ersten Album die eigene Wiedergeburt als Synthiepopband feiern, ist New Order auf jeden Fall die erste Station im Referenzreigen. Eine gelungene \u00dcberraschung&#8230;&#8220;<\/p>\n<p>Groove [31.10.07]: &#8222;Retro-Pop der leckeren Sorte, der um Rave wei\u00df. Eine herbstliche Platte, die ideal zum Runterkommen ist.&#8220;<\/p>\n<p>Subculture [10\/07]: &#8222;Pleasure Is Pretty ist eine Verneigung von der 80ern. Die Rework-Profis fusionieren gekonnt ihren alten Stil mit 80ies-Synthies, &#8230; und fangen mit eigener Handschrift die typische, unterk\u00fchlte Stimmung der damaligen Zeit ein.&#8220;<\/p>\n<p>Partysan [10\/07]: &#8222;K\u00fchle Dancefloorhits kompiliert mit retro-lastigen Elektro-Gitarren-Synth-Balladen. Alles sch\u00f6n straight im Rhythmus und in Tradition und Emotion der Grossen Achtziger Jahre Tanzbodenkultur.&#8220;<\/p>\n<p>thelastbeat.com [10\/07]: &#8222;Wenn man mich nach einem der pr\u00e4gendsten Songs den laufenden Jahres fragen w\u00fcrde, dann kommt mir augenblicklich Love Love Love Yeah von Rework in den Sinn.&#8220;<\/p>\n<p>&nbsp;<\/p>\n","protected":false},"excerpt":{"rendered":"<p>Rework, die bisher beim Frankfurter Label Playhouse beheimatet waren, ver\u00f6ffentlichen nunmehr ihr zweites Full Length Album und zelebrieren mit dem Release ihre New-Wave-Roots, die sich nicht zuletzt in Form der neuen S\u00e4ngerin Sascha Hedgehog outen. Die \u00fcblichen No-Gos l\u00e4\u00dft das Trio dabei hinter sich und so treffen hier so ziemlich alle Lebensentw\u00fcrfe aufeinander: Egal ob auf der Pariser Fashionweek, im Touristen-Gro\u00dfraumnirvana Ibizas oder in Berliner und Frankfurter Houseclubs, Rework fr\u00f6nen den Wave Hits im Post 2000ad Gewand. \u201eReady for Pressure, Ready for Pleasure&#8230;\u201c \u201eDont fuck with love, it\u00b4s fucking life&#8230;\u201c und \u201eYou are so sick and sweet, I am losing myself&#8230;.\u201c sind die Tags ihrer Songtexte, \u201ewhile programmers Daniel Varga and Michael Kuebler wear their sunglasses at night, punching out beats fresh out of 1981.\u201c (J. Meggitt)<\/p>\n<p>&nbsp;<\/p>\n<p><img decoding=\"async\" src=\"https:\/\/www.allscore.de\/upload\/rework_500.jpg\" \/><\/p>\n<p>&nbsp;<\/p>\n<p>Den Dancefloor, ihren Soil, lassen sie dabei nat\u00fcrlich nicht aus den Augen und so schieben sie ihre k\u00fchlen Dancefloortracks durch die PA der Clubs und Konzerts\u00e4le, um danach mit ihren retro-lastigen Elektro-Gitarren-Synth-Balladen den Hangover zu feiern. Alles sch\u00f6n straight im Rhythmus und in Tradition des Achtziger Jahre Tanzbodendestruktivismus. Dass man sich entschieden hat, f\u00fcrs Album Playhouse zu verlassen, liegt zum einen an der neuen Songhaftigkeit der St\u00fccke und zum anderen am vermehrten E-Gitarreneinsatz. Letztlich wurde man sich schnell einig, weiterhin Maxis auf Playhouse zu releasen, f\u00fcrs Album aber wurde mit der Kooperation von Pavlek Records und Allscore ein neuer Labelpartner aus dem erweiterten Freundesnetzwerk gefunden. Mit den Songs der neuen Scheibe f\u00fchren sie ihren schon auf dem letztes Album eingeschlagen Weg fort, konsequent an ihrem Glam- und Rock-Faktor zu arbeiten und sprengen so abermals ihren bisherigen Clubkontext. Live best\u00e4tigen Sie dies um so mehr, wenn Frontfrau Sascha B\u00fchne betritt und Rework ihren \u201eWho loves You\u201c Elektrowave anstimmen.<\/p>\n<p>&nbsp;<\/p>\n<p><iframe loading=\"lazy\" src=\"https:\/\/www.youtube.com\/embed\/3DvbtP1UEFE?showinfo=0\" width=\"500\" height=\"281\" frameborder=\"0\" allowfullscreen=\"allowfullscreen\"><\/iframe><\/p>\n","protected":false},"featured_media":8025,"template":"","meta":[],"product_brand":[],"product_cat":[49,242,249,153],"product_tag":[],"class_list":{"0":"post-8287","1":"product","2":"type-product","3":"status-publish","4":"has-post-thumbnail","6":"product_cat-bands","7":"product_cat-rework","8":"product_cat-sonderangebote","9":"product_cat-specials","10":"product_shipping_class-tontraeger-schallplatte","11":"entry","12":"clearfix","13":"entry-grid","14":"entry-columns-3","15":"entry-product-module-layout-sidebar-right","16":"thumbnail-color-tone-dark","17":"entry-product","19":"entry-product-grid","21":"first","22":"instock","23":"sale","24":"taxable","25":"shipping-taxable","26":"purchasable","27":"product-type-simple"},"yoast_head":"<!-- This site is optimized with the Yoast SEO plugin v27.4 - https:\/\/yoast.com\/product\/yoast-seo-wordpress\/ -->\n<title>Rework - pleasure is pretty<\/title>\n<meta name=\"description\" content=\"Rework, die bisher beim Frankfurter Label Playhouse beheimatet waren, ver\u00f6ffentlichen nunmehr ihr zweites Full Length Album und zelebrieren mit dem Release ihre New-Wave-Roots, die sich nicht zuletzt in Form der neuen S\u00e4ngerin Sascha Hedgehog outen. Die \u00fcblichen No-Gos l\u00e4\u00dft das Trio dabei hinter sich und so treffen hier so ziemlich alle Lebensentw\u00fcrfe aufeinander: Egal ob auf der Pariser Fashionweek, im Touristen-Gro\u00dfraumnirvana Ibizas oder in Berliner und Frankfurter Houseclubs, Rework fr\u00f6nen den Wave Hits im Post 2000ad Gewand. \u201eReady for Pressure, Ready for Pleasure...\u201c \u201eDont fuck with love, it\u00b4s fucking life...\u201c und \u201eYou are so sick and sweet, I am losing myself....\u201c sind die Tags ihrer Songtexte, \u201ewhile programmers Daniel Varga and Michael Kuebler wear their sunglasses at night, punching out beats fresh out of 1981.\u201c (J. Meggitt)  &nbsp;    &nbsp;  Den Dancefloor, ihren Soil, lassen sie dabei nat\u00fcrlich nicht aus den Augen und so schieben sie ihre k\u00fchlen Dancefloortracks durch die PA der Clubs und Konzerts\u00e4le, um danach mit ihren retro-lastigen Elektro-Gitarren-Synth-Balladen den Hangover zu feiern. Alles sch\u00f6n straight im Rhythmus und in Tradition des Achtziger Jahre Tanzbodendestruktivismus. Dass man sich entschieden hat, f\u00fcrs Album Playhouse zu verlassen, liegt zum einen an der neuen Songhaftigkeit der St\u00fccke und zum anderen am vermehrten E-Gitarreneinsatz. Letztlich wurde man sich schnell einig, weiterhin Maxis auf Playhouse zu releasen, f\u00fcrs Album aber wurde mit der Kooperation von Pavlek Records und Allscore ein neuer Labelpartner aus dem erweiterten Freundesnetzwerk gefunden. Mit den Songs der neuen Scheibe f\u00fchren sie ihren schon auf dem letztes Album eingeschlagen Weg fort, konsequent an ihrem Glam- und Rock-Faktor zu arbeiten und sprengen so abermals ihren bisherigen Clubkontext. Live best\u00e4tigen Sie dies um so mehr, wenn Frontfrau Sascha B\u00fchne betritt und Rework ihren \u201eWho loves You\u201c Elektrowave anstimmen.  &nbsp;\" \/>\n<meta name=\"robots\" content=\"index, follow, max-snippet:-1, max-image-preview:large, max-video-preview:-1\" \/>\n<link rel=\"canonical\" href=\"https:\/\/www.allscore.de\/shop\/produkt\/rework-pleasure-is-pretty-2\/\" \/>\n<meta property=\"og:locale\" content=\"de_DE\" \/>\n<meta property=\"og:type\" content=\"article\" \/>\n<meta property=\"og:title\" content=\"Rework - pleasure is pretty\" \/>\n<meta property=\"og:description\" content=\"Rework, die bisher beim Frankfurter Label Playhouse beheimatet waren, ver\u00f6ffentlichen nunmehr ihr zweites Full Length Album und zelebrieren mit dem Release ihre New-Wave-Roots, die sich nicht zuletzt in Form der neuen S\u00e4ngerin Sascha Hedgehog outen. Die \u00fcblichen No-Gos l\u00e4\u00dft das Trio dabei hinter sich und so treffen hier so ziemlich alle Lebensentw\u00fcrfe aufeinander: Egal ob auf der Pariser Fashionweek, im Touristen-Gro\u00dfraumnirvana Ibizas oder in Berliner und Frankfurter Houseclubs, Rework fr\u00f6nen den Wave Hits im Post 2000ad Gewand. \u201eReady for Pressure, Ready for Pleasure...\u201c \u201eDont fuck with love, it\u00b4s fucking life...\u201c und \u201eYou are so sick and sweet, I am losing myself....\u201c sind die Tags ihrer Songtexte, \u201ewhile programmers Daniel Varga and Michael Kuebler wear their sunglasses at night, punching out beats fresh out of 1981.\u201c (J. Meggitt)  &nbsp;    &nbsp;  Den Dancefloor, ihren Soil, lassen sie dabei nat\u00fcrlich nicht aus den Augen und so schieben sie ihre k\u00fchlen Dancefloortracks durch die PA der Clubs und Konzerts\u00e4le, um danach mit ihren retro-lastigen Elektro-Gitarren-Synth-Balladen den Hangover zu feiern. Alles sch\u00f6n straight im Rhythmus und in Tradition des Achtziger Jahre Tanzbodendestruktivismus. Dass man sich entschieden hat, f\u00fcrs Album Playhouse zu verlassen, liegt zum einen an der neuen Songhaftigkeit der St\u00fccke und zum anderen am vermehrten E-Gitarreneinsatz. Letztlich wurde man sich schnell einig, weiterhin Maxis auf Playhouse zu releasen, f\u00fcrs Album aber wurde mit der Kooperation von Pavlek Records und Allscore ein neuer Labelpartner aus dem erweiterten Freundesnetzwerk gefunden. Mit den Songs der neuen Scheibe f\u00fchren sie ihren schon auf dem letztes Album eingeschlagen Weg fort, konsequent an ihrem Glam- und Rock-Faktor zu arbeiten und sprengen so abermals ihren bisherigen Clubkontext. Live best\u00e4tigen Sie dies um so mehr, wenn Frontfrau Sascha B\u00fchne betritt und Rework ihren \u201eWho loves You\u201c Elektrowave anstimmen.  &nbsp;\" \/>\n<meta property=\"og:url\" content=\"https:\/\/www.allscore.de\/shop\/produkt\/rework-pleasure-is-pretty-2\/\" \/>\n<meta property=\"og:site_name\" content=\"Allscore Shop\" \/>\n<meta property=\"article:modified_time\" content=\"2022-07-20T20:27:31+00:00\" \/>\n<meta property=\"og:image\" content=\"https:\/\/www.allscore.de\/shop\/wp-content\/uploads\/2020\/09\/ASM026_1200x1200.jpg\" \/>\n\t<meta property=\"og:image:width\" content=\"887\" \/>\n\t<meta property=\"og:image:height\" content=\"887\" \/>\n\t<meta property=\"og:image:type\" content=\"image\/jpeg\" \/>\n<meta name=\"twitter:card\" content=\"summary_large_image\" \/>\n<meta name=\"twitter:label1\" content=\"Gesch\u00e4tzte Lesezeit\" \/>\n\t<meta name=\"twitter:data1\" content=\"1\u00a0Minute\" \/>\n<script type=\"application\/ld+json\" class=\"yoast-schema-graph\">{\"@context\":\"https:\\\/\\\/schema.org\",\"@graph\":[{\"@type\":\"WebPage\",\"@id\":\"https:\\\/\\\/www.allscore.de\\\/shop\\\/produkt\\\/rework-pleasure-is-pretty-2\\\/\",\"url\":\"https:\\\/\\\/www.allscore.de\\\/shop\\\/produkt\\\/rework-pleasure-is-pretty-2\\\/\",\"name\":\"Rework - pleasure is pretty\",\"isPartOf\":{\"@id\":\"https:\\\/\\\/www.allscore.de\\\/shop\\\/#website\"},\"primaryImageOfPage\":{\"@id\":\"https:\\\/\\\/www.allscore.de\\\/shop\\\/produkt\\\/rework-pleasure-is-pretty-2\\\/#primaryimage\"},\"image\":{\"@id\":\"https:\\\/\\\/www.allscore.de\\\/shop\\\/produkt\\\/rework-pleasure-is-pretty-2\\\/#primaryimage\"},\"thumbnailUrl\":\"https:\\\/\\\/www.allscore.de\\\/shop\\\/wp-content\\\/uploads\\\/2020\\\/09\\\/ASM026_1200x1200.jpg\",\"datePublished\":\"2020-09-27T18:31:03+00:00\",\"dateModified\":\"2022-07-20T20:27:31+00:00\",\"description\":\"Rework, die bisher beim Frankfurter Label Playhouse beheimatet waren, ver\u00f6ffentlichen nunmehr ihr zweites Full Length Album und zelebrieren mit dem Release ihre New-Wave-Roots, die sich nicht zuletzt in Form der neuen S\u00e4ngerin Sascha Hedgehog outen. Die \u00fcblichen No-Gos l\u00e4\u00dft das Trio dabei hinter sich und so treffen hier so ziemlich alle Lebensentw\u00fcrfe aufeinander: Egal ob auf der Pariser Fashionweek, im Touristen-Gro\u00dfraumnirvana Ibizas oder in Berliner und Frankfurter Houseclubs, Rework fr\u00f6nen den Wave Hits im Post 2000ad Gewand. \u201eReady for Pressure, Ready for Pleasure...\u201c \u201eDont fuck with love, it\u00b4s fucking life...\u201c und \u201eYou are so sick and sweet, I am losing myself....\u201c sind die Tags ihrer Songtexte, \u201ewhile programmers Daniel Varga and Michael Kuebler wear their sunglasses at night, punching out beats fresh out of 1981.\u201c (J. Meggitt) &nbsp; &nbsp; Den Dancefloor, ihren Soil, lassen sie dabei nat\u00fcrlich nicht aus den Augen und so schieben sie ihre k\u00fchlen Dancefloortracks durch die PA der Clubs und Konzerts\u00e4le, um danach mit ihren retro-lastigen Elektro-Gitarren-Synth-Balladen den Hangover zu feiern. Alles sch\u00f6n straight im Rhythmus und in Tradition des Achtziger Jahre Tanzbodendestruktivismus. Dass man sich entschieden hat, f\u00fcrs Album Playhouse zu verlassen, liegt zum einen an der neuen Songhaftigkeit der St\u00fccke und zum anderen am vermehrten E-Gitarreneinsatz. Letztlich wurde man sich schnell einig, weiterhin Maxis auf Playhouse zu releasen, f\u00fcrs Album aber wurde mit der Kooperation von Pavlek Records und Allscore ein neuer Labelpartner aus dem erweiterten Freundesnetzwerk gefunden. Mit den Songs der neuen Scheibe f\u00fchren sie ihren schon auf dem letztes Album eingeschlagen Weg fort, konsequent an ihrem Glam- und Rock-Faktor zu arbeiten und sprengen so abermals ihren bisherigen Clubkontext. Live best\u00e4tigen Sie dies um so mehr, wenn Frontfrau Sascha B\u00fchne betritt und Rework ihren \u201eWho loves You\u201c Elektrowave anstimmen. &nbsp;\",\"breadcrumb\":{\"@id\":\"https:\\\/\\\/www.allscore.de\\\/shop\\\/produkt\\\/rework-pleasure-is-pretty-2\\\/#breadcrumb\"},\"inLanguage\":\"de\",\"potentialAction\":[{\"@type\":\"ReadAction\",\"target\":[\"https:\\\/\\\/www.allscore.de\\\/shop\\\/produkt\\\/rework-pleasure-is-pretty-2\\\/\"]}]},{\"@type\":\"ImageObject\",\"inLanguage\":\"de\",\"@id\":\"https:\\\/\\\/www.allscore.de\\\/shop\\\/produkt\\\/rework-pleasure-is-pretty-2\\\/#primaryimage\",\"url\":\"https:\\\/\\\/www.allscore.de\\\/shop\\\/wp-content\\\/uploads\\\/2020\\\/09\\\/ASM026_1200x1200.jpg\",\"contentUrl\":\"https:\\\/\\\/www.allscore.de\\\/shop\\\/wp-content\\\/uploads\\\/2020\\\/09\\\/ASM026_1200x1200.jpg\",\"width\":887,\"height\":887,\"caption\":\"Rework\"},{\"@type\":\"BreadcrumbList\",\"@id\":\"https:\\\/\\\/www.allscore.de\\\/shop\\\/produkt\\\/rework-pleasure-is-pretty-2\\\/#breadcrumb\",\"itemListElement\":[{\"@type\":\"ListItem\",\"position\":1,\"name\":\"Startseite\",\"item\":\"https:\\\/\\\/www.allscore.de\\\/shop\\\/\"},{\"@type\":\"ListItem\",\"position\":2,\"name\":\"Produkte\",\"item\":\"https:\\\/\\\/www.allscore.de\\\/shop\\\/shop\\\/\"},{\"@type\":\"ListItem\",\"position\":3,\"name\":\"Rework &#8211; pleasure is pretty\"}]},{\"@type\":\"WebSite\",\"@id\":\"https:\\\/\\\/www.allscore.de\\\/shop\\\/#website\",\"url\":\"https:\\\/\\\/www.allscore.de\\\/shop\\\/\",\"name\":\"Allscore Shop\",\"description\":\"All Score Media\",\"publisher\":{\"@id\":\"https:\\\/\\\/www.allscore.de\\\/shop\\\/#organization\"},\"potentialAction\":[{\"@type\":\"SearchAction\",\"target\":{\"@type\":\"EntryPoint\",\"urlTemplate\":\"https:\\\/\\\/www.allscore.de\\\/shop\\\/?s={search_term_string}\"},\"query-input\":{\"@type\":\"PropertyValueSpecification\",\"valueRequired\":true,\"valueName\":\"search_term_string\"}}],\"inLanguage\":\"de\"},{\"@type\":\"Organization\",\"@id\":\"https:\\\/\\\/www.allscore.de\\\/shop\\\/#organization\",\"name\":\"All Score Media\",\"alternateName\":\"Allscore\",\"url\":\"https:\\\/\\\/www.allscore.de\\\/shop\\\/\",\"logo\":{\"@type\":\"ImageObject\",\"inLanguage\":\"de\",\"@id\":\"https:\\\/\\\/www.allscore.de\\\/shop\\\/#\\\/schema\\\/logo\\\/image\\\/\",\"url\":\"https:\\\/\\\/www.allscore.de\\\/shop\\\/wp-content\\\/uploads\\\/2026\\\/01\\\/Logo_Yoast_Shop_2026.png\",\"contentUrl\":\"https:\\\/\\\/www.allscore.de\\\/shop\\\/wp-content\\\/uploads\\\/2026\\\/01\\\/Logo_Yoast_Shop_2026.png\",\"width\":696,\"height\":696,\"caption\":\"All Score Media\"},\"image\":{\"@id\":\"https:\\\/\\\/www.allscore.de\\\/shop\\\/#\\\/schema\\\/logo\\\/image\\\/\"}}]}<\/script>\n<!-- \/ Yoast SEO plugin. -->","yoast_head_json":{"title":"Rework - pleasure is pretty","description":"Rework, die bisher beim Frankfurter Label Playhouse beheimatet waren, ver\u00f6ffentlichen nunmehr ihr zweites Full Length Album und zelebrieren mit dem Release ihre New-Wave-Roots, die sich nicht zuletzt in Form der neuen S\u00e4ngerin Sascha Hedgehog outen. Die \u00fcblichen No-Gos l\u00e4\u00dft das Trio dabei hinter sich und so treffen hier so ziemlich alle Lebensentw\u00fcrfe aufeinander: Egal ob auf der Pariser Fashionweek, im Touristen-Gro\u00dfraumnirvana Ibizas oder in Berliner und Frankfurter Houseclubs, Rework fr\u00f6nen den Wave Hits im Post 2000ad Gewand. \u201eReady for Pressure, Ready for Pleasure...\u201c \u201eDont fuck with love, it\u00b4s fucking life...\u201c und \u201eYou are so sick and sweet, I am losing myself....\u201c sind die Tags ihrer Songtexte, \u201ewhile programmers Daniel Varga and Michael Kuebler wear their sunglasses at night, punching out beats fresh out of 1981.\u201c (J. Meggitt)  &nbsp;    &nbsp;  Den Dancefloor, ihren Soil, lassen sie dabei nat\u00fcrlich nicht aus den Augen und so schieben sie ihre k\u00fchlen Dancefloortracks durch die PA der Clubs und Konzerts\u00e4le, um danach mit ihren retro-lastigen Elektro-Gitarren-Synth-Balladen den Hangover zu feiern. Alles sch\u00f6n straight im Rhythmus und in Tradition des Achtziger Jahre Tanzbodendestruktivismus. Dass man sich entschieden hat, f\u00fcrs Album Playhouse zu verlassen, liegt zum einen an der neuen Songhaftigkeit der St\u00fccke und zum anderen am vermehrten E-Gitarreneinsatz. Letztlich wurde man sich schnell einig, weiterhin Maxis auf Playhouse zu releasen, f\u00fcrs Album aber wurde mit der Kooperation von Pavlek Records und Allscore ein neuer Labelpartner aus dem erweiterten Freundesnetzwerk gefunden. Mit den Songs der neuen Scheibe f\u00fchren sie ihren schon auf dem letztes Album eingeschlagen Weg fort, konsequent an ihrem Glam- und Rock-Faktor zu arbeiten und sprengen so abermals ihren bisherigen Clubkontext. Live best\u00e4tigen Sie dies um so mehr, wenn Frontfrau Sascha B\u00fchne betritt und Rework ihren \u201eWho loves You\u201c Elektrowave anstimmen.  &nbsp;","robots":{"index":"index","follow":"follow","max-snippet":"max-snippet:-1","max-image-preview":"max-image-preview:large","max-video-preview":"max-video-preview:-1"},"canonical":"https:\/\/www.allscore.de\/shop\/produkt\/rework-pleasure-is-pretty-2\/","og_locale":"de_DE","og_type":"article","og_title":"Rework - pleasure is pretty","og_description":"Rework, die bisher beim Frankfurter Label Playhouse beheimatet waren, ver\u00f6ffentlichen nunmehr ihr zweites Full Length Album und zelebrieren mit dem Release ihre New-Wave-Roots, die sich nicht zuletzt in Form der neuen S\u00e4ngerin Sascha Hedgehog outen. Die \u00fcblichen No-Gos l\u00e4\u00dft das Trio dabei hinter sich und so treffen hier so ziemlich alle Lebensentw\u00fcrfe aufeinander: Egal ob auf der Pariser Fashionweek, im Touristen-Gro\u00dfraumnirvana Ibizas oder in Berliner und Frankfurter Houseclubs, Rework fr\u00f6nen den Wave Hits im Post 2000ad Gewand. \u201eReady for Pressure, Ready for Pleasure...\u201c \u201eDont fuck with love, it\u00b4s fucking life...\u201c und \u201eYou are so sick and sweet, I am losing myself....\u201c sind die Tags ihrer Songtexte, \u201ewhile programmers Daniel Varga and Michael Kuebler wear their sunglasses at night, punching out beats fresh out of 1981.\u201c (J. Meggitt)  &nbsp;    &nbsp;  Den Dancefloor, ihren Soil, lassen sie dabei nat\u00fcrlich nicht aus den Augen und so schieben sie ihre k\u00fchlen Dancefloortracks durch die PA der Clubs und Konzerts\u00e4le, um danach mit ihren retro-lastigen Elektro-Gitarren-Synth-Balladen den Hangover zu feiern. Alles sch\u00f6n straight im Rhythmus und in Tradition des Achtziger Jahre Tanzbodendestruktivismus. Dass man sich entschieden hat, f\u00fcrs Album Playhouse zu verlassen, liegt zum einen an der neuen Songhaftigkeit der St\u00fccke und zum anderen am vermehrten E-Gitarreneinsatz. Letztlich wurde man sich schnell einig, weiterhin Maxis auf Playhouse zu releasen, f\u00fcrs Album aber wurde mit der Kooperation von Pavlek Records und Allscore ein neuer Labelpartner aus dem erweiterten Freundesnetzwerk gefunden. Mit den Songs der neuen Scheibe f\u00fchren sie ihren schon auf dem letztes Album eingeschlagen Weg fort, konsequent an ihrem Glam- und Rock-Faktor zu arbeiten und sprengen so abermals ihren bisherigen Clubkontext. Live best\u00e4tigen Sie dies um so mehr, wenn Frontfrau Sascha B\u00fchne betritt und Rework ihren \u201eWho loves You\u201c Elektrowave anstimmen.  &nbsp;","og_url":"https:\/\/www.allscore.de\/shop\/produkt\/rework-pleasure-is-pretty-2\/","og_site_name":"Allscore Shop","article_modified_time":"2022-07-20T20:27:31+00:00","og_image":[{"width":887,"height":887,"url":"https:\/\/www.allscore.de\/shop\/wp-content\/uploads\/2020\/09\/ASM026_1200x1200.jpg","type":"image\/jpeg"}],"twitter_card":"summary_large_image","twitter_misc":{"Gesch\u00e4tzte Lesezeit":"1\u00a0Minute"},"schema":{"@context":"https:\/\/schema.org","@graph":[{"@type":"WebPage","@id":"https:\/\/www.allscore.de\/shop\/produkt\/rework-pleasure-is-pretty-2\/","url":"https:\/\/www.allscore.de\/shop\/produkt\/rework-pleasure-is-pretty-2\/","name":"Rework - pleasure is pretty","isPartOf":{"@id":"https:\/\/www.allscore.de\/shop\/#website"},"primaryImageOfPage":{"@id":"https:\/\/www.allscore.de\/shop\/produkt\/rework-pleasure-is-pretty-2\/#primaryimage"},"image":{"@id":"https:\/\/www.allscore.de\/shop\/produkt\/rework-pleasure-is-pretty-2\/#primaryimage"},"thumbnailUrl":"https:\/\/www.allscore.de\/shop\/wp-content\/uploads\/2020\/09\/ASM026_1200x1200.jpg","datePublished":"2020-09-27T18:31:03+00:00","dateModified":"2022-07-20T20:27:31+00:00","description":"Rework, die bisher beim Frankfurter Label Playhouse beheimatet waren, ver\u00f6ffentlichen nunmehr ihr zweites Full Length Album und zelebrieren mit dem Release ihre New-Wave-Roots, die sich nicht zuletzt in Form der neuen S\u00e4ngerin Sascha Hedgehog outen. Die \u00fcblichen No-Gos l\u00e4\u00dft das Trio dabei hinter sich und so treffen hier so ziemlich alle Lebensentw\u00fcrfe aufeinander: Egal ob auf der Pariser Fashionweek, im Touristen-Gro\u00dfraumnirvana Ibizas oder in Berliner und Frankfurter Houseclubs, Rework fr\u00f6nen den Wave Hits im Post 2000ad Gewand. \u201eReady for Pressure, Ready for Pleasure...\u201c \u201eDont fuck with love, it\u00b4s fucking life...\u201c und \u201eYou are so sick and sweet, I am losing myself....\u201c sind die Tags ihrer Songtexte, \u201ewhile programmers Daniel Varga and Michael Kuebler wear their sunglasses at night, punching out beats fresh out of 1981.\u201c (J. Meggitt) &nbsp; &nbsp; Den Dancefloor, ihren Soil, lassen sie dabei nat\u00fcrlich nicht aus den Augen und so schieben sie ihre k\u00fchlen Dancefloortracks durch die PA der Clubs und Konzerts\u00e4le, um danach mit ihren retro-lastigen Elektro-Gitarren-Synth-Balladen den Hangover zu feiern. Alles sch\u00f6n straight im Rhythmus und in Tradition des Achtziger Jahre Tanzbodendestruktivismus. Dass man sich entschieden hat, f\u00fcrs Album Playhouse zu verlassen, liegt zum einen an der neuen Songhaftigkeit der St\u00fccke und zum anderen am vermehrten E-Gitarreneinsatz. Letztlich wurde man sich schnell einig, weiterhin Maxis auf Playhouse zu releasen, f\u00fcrs Album aber wurde mit der Kooperation von Pavlek Records und Allscore ein neuer Labelpartner aus dem erweiterten Freundesnetzwerk gefunden. Mit den Songs der neuen Scheibe f\u00fchren sie ihren schon auf dem letztes Album eingeschlagen Weg fort, konsequent an ihrem Glam- und Rock-Faktor zu arbeiten und sprengen so abermals ihren bisherigen Clubkontext. Live best\u00e4tigen Sie dies um so mehr, wenn Frontfrau Sascha B\u00fchne betritt und Rework ihren \u201eWho loves You\u201c Elektrowave anstimmen. &nbsp;","breadcrumb":{"@id":"https:\/\/www.allscore.de\/shop\/produkt\/rework-pleasure-is-pretty-2\/#breadcrumb"},"inLanguage":"de","potentialAction":[{"@type":"ReadAction","target":["https:\/\/www.allscore.de\/shop\/produkt\/rework-pleasure-is-pretty-2\/"]}]},{"@type":"ImageObject","inLanguage":"de","@id":"https:\/\/www.allscore.de\/shop\/produkt\/rework-pleasure-is-pretty-2\/#primaryimage","url":"https:\/\/www.allscore.de\/shop\/wp-content\/uploads\/2020\/09\/ASM026_1200x1200.jpg","contentUrl":"https:\/\/www.allscore.de\/shop\/wp-content\/uploads\/2020\/09\/ASM026_1200x1200.jpg","width":887,"height":887,"caption":"Rework"},{"@type":"BreadcrumbList","@id":"https:\/\/www.allscore.de\/shop\/produkt\/rework-pleasure-is-pretty-2\/#breadcrumb","itemListElement":[{"@type":"ListItem","position":1,"name":"Startseite","item":"https:\/\/www.allscore.de\/shop\/"},{"@type":"ListItem","position":2,"name":"Produkte","item":"https:\/\/www.allscore.de\/shop\/shop\/"},{"@type":"ListItem","position":3,"name":"Rework &#8211; pleasure is pretty"}]},{"@type":"WebSite","@id":"https:\/\/www.allscore.de\/shop\/#website","url":"https:\/\/www.allscore.de\/shop\/","name":"Allscore Shop","description":"All Score Media","publisher":{"@id":"https:\/\/www.allscore.de\/shop\/#organization"},"potentialAction":[{"@type":"SearchAction","target":{"@type":"EntryPoint","urlTemplate":"https:\/\/www.allscore.de\/shop\/?s={search_term_string}"},"query-input":{"@type":"PropertyValueSpecification","valueRequired":true,"valueName":"search_term_string"}}],"inLanguage":"de"},{"@type":"Organization","@id":"https:\/\/www.allscore.de\/shop\/#organization","name":"All Score Media","alternateName":"Allscore","url":"https:\/\/www.allscore.de\/shop\/","logo":{"@type":"ImageObject","inLanguage":"de","@id":"https:\/\/www.allscore.de\/shop\/#\/schema\/logo\/image\/","url":"https:\/\/www.allscore.de\/shop\/wp-content\/uploads\/2026\/01\/Logo_Yoast_Shop_2026.png","contentUrl":"https:\/\/www.allscore.de\/shop\/wp-content\/uploads\/2026\/01\/Logo_Yoast_Shop_2026.png","width":696,"height":696,"caption":"All Score Media"},"image":{"@id":"https:\/\/www.allscore.de\/shop\/#\/schema\/logo\/image\/"}}]}},"_links":{"self":[{"href":"https:\/\/www.allscore.de\/shop\/wp-json\/wp\/v2\/product\/8287","targetHints":{"allow":["GET"]}}],"collection":[{"href":"https:\/\/www.allscore.de\/shop\/wp-json\/wp\/v2\/product"}],"about":[{"href":"https:\/\/www.allscore.de\/shop\/wp-json\/wp\/v2\/types\/product"}],"wp:featuredmedia":[{"embeddable":true,"href":"https:\/\/www.allscore.de\/shop\/wp-json\/wp\/v2\/media\/8025"}],"wp:attachment":[{"href":"https:\/\/www.allscore.de\/shop\/wp-json\/wp\/v2\/media?parent=8287"}],"wp:term":[{"taxonomy":"product_brand","embeddable":true,"href":"https:\/\/www.allscore.de\/shop\/wp-json\/wp\/v2\/product_brand?post=8287"},{"taxonomy":"product_cat","embeddable":true,"href":"https:\/\/www.allscore.de\/shop\/wp-json\/wp\/v2\/product_cat?post=8287"},{"taxonomy":"product_tag","embeddable":true,"href":"https:\/\/www.allscore.de\/shop\/wp-json\/wp\/v2\/product_tag?post=8287"}],"curies":[{"name":"wp","href":"https:\/\/api.w.org\/{rel}","templated":true}]}}