{"id":8258,"date":"2014-09-27T19:15:14","date_gmt":"2014-09-27T17:15:14","guid":{"rendered":"https:\/\/www.allscore.de\/shop\/?post_type=product&#038;p=8258"},"modified":"2023-05-25T14:49:08","modified_gmt":"2023-05-25T12:49:08","slug":"the-kilaueas-wiki-waki-woooo-cd","status":"publish","type":"product","link":"https:\/\/www.allscore.de\/shop\/produkt\/the-kilaueas-wiki-waki-woooo-cd\/","title":{"rendered":"The Kilaueas &#8211; Wiki Waki Woooo"},"content":{"rendered":"<p>PRESSE<\/p>\n<p>TAZ, Thomas Winkler [07. Aug. 2014]: &#8222;Technisch extrem versiert, mit dem n\u00f6tigen Druck, dem einschl\u00e4gigen jammerigen Aloha-He-Gitarrensound, ein paar Ausfl\u00fcgen ins Osteurop\u00e4ische und viel Liebe zum allerkleinsten historischen Klangdetail rekonstruieren Ralf Kilauea (Gitarre), Tom Kilauea (ebenfalls Gitarre) und Jacque Kilauea (Bass) einen gelungenen Abend mit Toast Hawaii und B\u00fcchsenbier.&#8220;<\/p>\n<p>H\u00f6rerlebnis, Thomas Neumann [22. Sept. 2014]: &#8222;Ein Must-Have-Surf-Album.&#8220;<\/p>\n<p>Kulturwelt (BR2), Tobias Ruhland [05. Aug. 2014]: &#8222;Neun Jahre nach ihrem letzten Album &#8222;Professor Volcano&#8220; gibt&#8217;s bei den Berlinern die in der Surf-Szene lang erwartete neuerliche Sound-Explosion namens &#8222;Wiki Waki Wooo&#8220;&#8230; &#8220;<\/p>\n<p>Cinesoundz, Stefan Rambow [08\/14]: &#8222;Surfsound auf Weltniveau!&#8220;<\/p>\n","protected":false},"excerpt":{"rendered":"<p>Neun Jahre lie\u00dfen sich die Kilaueas Zeit. Zeit, in der sie unz\u00e4hlige, teils internationale Auftritte absolvierten, Zeit, in der ihr letztes Album \u201eProfesor Volcanova\u201c sich l\u00e4ngst ausverkauft hatte. Mittlerweile schon eine Legende in der \u201eSurf-Szene\u201c waren sie nun endlich wieder im Studio. Herausgekommen ist ein Album, das die instrumentale Surfmusik auf h\u00f6chstem Niveau zelebriert.<\/p>\n<p>Mit \u201eWiki Waki Woooo\u201c gelingt der Berliner Band The Kilaueas ein gro\u00dfer Wurf. Die 16 Eigenkompositionen &#8211; man kommt mittlerweile ganz ohne die im Genre \u00fcblichen Coverversionen aus &#8211; zeigen alle Facetten des aktuellen Surf Rock auf. Vom highspeed Stakkato-Griffbrettschrubber \u201eSurf Demon\u201c \u00fcber Russisch-Folkloristisches (\u201ePlanet Olga\u201c) bis hinein in den Italo-Western (\u201eThe Tremolo Gear Butt\u201c). Vom Vatikan \u00fcber Bagdad in die Arktis: Spione, Bikinis, Raumschiffe &#8211; die vier M\u00e4nner vom hawaiianischen Vulkan spielen ebenso lustvoll mit den Rock\u2019n\u2019Roll-Klischees wie mit ihren Instrumenten.<\/p>\n<p>&nbsp;<\/p>\n<p><img decoding=\"async\" src=\"https:\/\/www.allscore.de\/upload\/Kilaueas_CD_2014.jpg\" \/><\/p>\n<p>&nbsp;<\/p>\n<p>Das Comic-Style-Cover zeigt diesmal Monstr\u00f6ses, das n\u00e4chtens um den Kilauea surft: Beim 180g Vinyl auf extra dickem Karton (plus gef\u00fctterter Innenh\u00fclle), bei der CD auf Miniatur-LP-H\u00fclle mit separater Innenh\u00fclle. Stilecht wird die Release-Party im Mutterland der Surf Musik, in Kalifornien stattfinden. Sie bildet den Auftakt zu einer US Westcoast-Tour im August 2014. Danach darf man sich in deutschen Landen auf die Kilaueas freuen.<\/p>\n","protected":false},"featured_media":8018,"template":"","meta":[],"product_brand":[],"product_cat":[49,249,153,100],"product_tag":[233],"class_list":{"0":"post-8258","1":"product","2":"type-product","3":"status-publish","4":"has-post-thumbnail","6":"product_cat-bands","7":"product_cat-sonderangebote","8":"product_cat-specials","9":"product_cat-the-kilaueas","10":"product_tag-surf","11":"product_shipping_class-tontraeger-cd","12":"entry","13":"clearfix","14":"entry-grid","15":"entry-columns-3","16":"entry-product-module-layout-sidebar-right","17":"thumbnail-color-tone-dark","18":"entry-product","20":"entry-product-grid","22":"first","23":"instock","24":"sale","25":"taxable","26":"shipping-taxable","27":"purchasable","28":"product-type-simple"},"yoast_head":"<!-- This site is optimized with the Yoast SEO plugin v27.3 - https:\/\/yoast.com\/product\/yoast-seo-wordpress\/ -->\n<title>The Kilaueas - Wiki Waki Woooo<\/title>\n<meta name=\"description\" content=\"Neun Jahre lie\u00dfen sich die Kilaueas Zeit. Zeit, in der sie unz\u00e4hlige, teils internationale Auftritte absolvierten, Zeit, in der ihr letztes Album \u201eProfesor Volcanova\u201c sich l\u00e4ngst ausverkauft hatte. Mittlerweile schon eine Legende in der \u201eSurf-Szene\u201c waren sie nun endlich wieder im Studio. Herausgekommen ist ein Album, das die instrumentale Surfmusik auf h\u00f6chstem Niveau zelebriert.  Mit \u201eWiki Waki Woooo\u201c gelingt der Berliner Band The Kilaueas ein gro\u00dfer Wurf. Die 16 Eigenkompositionen - man kommt mittlerweile ganz ohne die im Genre \u00fcblichen Coverversionen aus - zeigen alle Facetten des aktuellen Surf Rock auf. Vom highspeed Stakkato-Griffbrettschrubber \u201eSurf Demon\u201c \u00fcber Russisch-Folkloristisches (\u201ePlanet Olga\u201c) bis hinein in den Italo-Western (\u201eThe Tremolo Gear Butt\u201c). Vom Vatikan \u00fcber Bagdad in die Arktis: Spione, Bikinis, Raumschiffe - die vier M\u00e4nner vom hawaiianischen Vulkan spielen ebenso lustvoll mit den Rock\u2019n\u2019Roll-Klischees wie mit ihren Instrumenten.  &nbsp;    &nbsp;  Das Comic-Style-Cover zeigt diesmal Monstr\u00f6ses, das n\u00e4chtens um den Kilauea surft: Beim 180g Vinyl auf extra dickem Karton (plus gef\u00fctterter Innenh\u00fclle), bei der CD auf Miniatur-LP-H\u00fclle mit separater Innenh\u00fclle. Stilecht wird die Release-Party im Mutterland der Surf Musik, in Kalifornien stattfinden. Sie bildet den Auftakt zu einer US Westcoast-Tour im August 2014. Danach darf man sich in deutschen Landen auf die Kilaueas freuen.\" \/>\n<meta name=\"robots\" content=\"index, follow, max-snippet:-1, max-image-preview:large, max-video-preview:-1\" \/>\n<link rel=\"canonical\" href=\"https:\/\/www.allscore.de\/shop\/produkt\/the-kilaueas-wiki-waki-woooo-cd\/\" \/>\n<meta property=\"og:locale\" content=\"de_DE\" \/>\n<meta property=\"og:type\" content=\"article\" \/>\n<meta property=\"og:title\" content=\"The Kilaueas - Wiki Waki Woooo\" \/>\n<meta property=\"og:description\" content=\"Neun Jahre lie\u00dfen sich die Kilaueas Zeit. Zeit, in der sie unz\u00e4hlige, teils internationale Auftritte absolvierten, Zeit, in der ihr letztes Album \u201eProfesor Volcanova\u201c sich l\u00e4ngst ausverkauft hatte. Mittlerweile schon eine Legende in der \u201eSurf-Szene\u201c waren sie nun endlich wieder im Studio. Herausgekommen ist ein Album, das die instrumentale Surfmusik auf h\u00f6chstem Niveau zelebriert.  Mit \u201eWiki Waki Woooo\u201c gelingt der Berliner Band The Kilaueas ein gro\u00dfer Wurf. Die 16 Eigenkompositionen - man kommt mittlerweile ganz ohne die im Genre \u00fcblichen Coverversionen aus - zeigen alle Facetten des aktuellen Surf Rock auf. Vom highspeed Stakkato-Griffbrettschrubber \u201eSurf Demon\u201c \u00fcber Russisch-Folkloristisches (\u201ePlanet Olga\u201c) bis hinein in den Italo-Western (\u201eThe Tremolo Gear Butt\u201c). Vom Vatikan \u00fcber Bagdad in die Arktis: Spione, Bikinis, Raumschiffe - die vier M\u00e4nner vom hawaiianischen Vulkan spielen ebenso lustvoll mit den Rock\u2019n\u2019Roll-Klischees wie mit ihren Instrumenten.  &nbsp;    &nbsp;  Das Comic-Style-Cover zeigt diesmal Monstr\u00f6ses, das n\u00e4chtens um den Kilauea surft: Beim 180g Vinyl auf extra dickem Karton (plus gef\u00fctterter Innenh\u00fclle), bei der CD auf Miniatur-LP-H\u00fclle mit separater Innenh\u00fclle. Stilecht wird die Release-Party im Mutterland der Surf Musik, in Kalifornien stattfinden. Sie bildet den Auftakt zu einer US Westcoast-Tour im August 2014. Danach darf man sich in deutschen Landen auf die Kilaueas freuen.\" \/>\n<meta property=\"og:url\" content=\"https:\/\/www.allscore.de\/shop\/produkt\/the-kilaueas-wiki-waki-woooo-cd\/\" \/>\n<meta property=\"og:site_name\" content=\"Allscore Shop\" \/>\n<meta property=\"article:modified_time\" content=\"2023-05-25T12:49:08+00:00\" \/>\n<meta property=\"og:image\" content=\"https:\/\/www.allscore.de\/shop\/wp-content\/uploads\/2020\/09\/ASM039_1200x1200.jpg\" \/>\n\t<meta property=\"og:image:width\" content=\"1200\" \/>\n\t<meta property=\"og:image:height\" content=\"1200\" \/>\n\t<meta property=\"og:image:type\" content=\"image\/jpeg\" \/>\n<meta name=\"twitter:card\" content=\"summary_large_image\" \/>\n<meta name=\"twitter:label1\" content=\"Gesch\u00e4tzte Lesezeit\" \/>\n\t<meta name=\"twitter:data1\" content=\"1\u00a0Minute\" \/>\n<script type=\"application\/ld+json\" class=\"yoast-schema-graph\">{\"@context\":\"https:\\\/\\\/schema.org\",\"@graph\":[{\"@type\":\"WebPage\",\"@id\":\"https:\\\/\\\/www.allscore.de\\\/shop\\\/produkt\\\/the-kilaueas-wiki-waki-woooo-cd\\\/\",\"url\":\"https:\\\/\\\/www.allscore.de\\\/shop\\\/produkt\\\/the-kilaueas-wiki-waki-woooo-cd\\\/\",\"name\":\"The Kilaueas - Wiki Waki Woooo\",\"isPartOf\":{\"@id\":\"https:\\\/\\\/www.allscore.de\\\/shop\\\/#website\"},\"primaryImageOfPage\":{\"@id\":\"https:\\\/\\\/www.allscore.de\\\/shop\\\/produkt\\\/the-kilaueas-wiki-waki-woooo-cd\\\/#primaryimage\"},\"image\":{\"@id\":\"https:\\\/\\\/www.allscore.de\\\/shop\\\/produkt\\\/the-kilaueas-wiki-waki-woooo-cd\\\/#primaryimage\"},\"thumbnailUrl\":\"https:\\\/\\\/www.allscore.de\\\/shop\\\/wp-content\\\/uploads\\\/2020\\\/09\\\/ASM039_1200x1200.jpg\",\"datePublished\":\"2014-09-27T17:15:14+00:00\",\"dateModified\":\"2023-05-25T12:49:08+00:00\",\"description\":\"Neun Jahre lie\u00dfen sich die Kilaueas Zeit. Zeit, in der sie unz\u00e4hlige, teils internationale Auftritte absolvierten, Zeit, in der ihr letztes Album \u201eProfesor Volcanova\u201c sich l\u00e4ngst ausverkauft hatte. Mittlerweile schon eine Legende in der \u201eSurf-Szene\u201c waren sie nun endlich wieder im Studio. Herausgekommen ist ein Album, das die instrumentale Surfmusik auf h\u00f6chstem Niveau zelebriert. Mit \u201eWiki Waki Woooo\u201c gelingt der Berliner Band The Kilaueas ein gro\u00dfer Wurf. Die 16 Eigenkompositionen - man kommt mittlerweile ganz ohne die im Genre \u00fcblichen Coverversionen aus - zeigen alle Facetten des aktuellen Surf Rock auf. Vom highspeed Stakkato-Griffbrettschrubber \u201eSurf Demon\u201c \u00fcber Russisch-Folkloristisches (\u201ePlanet Olga\u201c) bis hinein in den Italo-Western (\u201eThe Tremolo Gear Butt\u201c). Vom Vatikan \u00fcber Bagdad in die Arktis: Spione, Bikinis, Raumschiffe - die vier M\u00e4nner vom hawaiianischen Vulkan spielen ebenso lustvoll mit den Rock\u2019n\u2019Roll-Klischees wie mit ihren Instrumenten. &nbsp; &nbsp; Das Comic-Style-Cover zeigt diesmal Monstr\u00f6ses, das n\u00e4chtens um den Kilauea surft: Beim 180g Vinyl auf extra dickem Karton (plus gef\u00fctterter Innenh\u00fclle), bei der CD auf Miniatur-LP-H\u00fclle mit separater Innenh\u00fclle. Stilecht wird die Release-Party im Mutterland der Surf Musik, in Kalifornien stattfinden. Sie bildet den Auftakt zu einer US Westcoast-Tour im August 2014. Danach darf man sich in deutschen Landen auf die Kilaueas freuen.\",\"breadcrumb\":{\"@id\":\"https:\\\/\\\/www.allscore.de\\\/shop\\\/produkt\\\/the-kilaueas-wiki-waki-woooo-cd\\\/#breadcrumb\"},\"inLanguage\":\"de\",\"potentialAction\":[{\"@type\":\"ReadAction\",\"target\":[\"https:\\\/\\\/www.allscore.de\\\/shop\\\/produkt\\\/the-kilaueas-wiki-waki-woooo-cd\\\/\"]}]},{\"@type\":\"ImageObject\",\"inLanguage\":\"de\",\"@id\":\"https:\\\/\\\/www.allscore.de\\\/shop\\\/produkt\\\/the-kilaueas-wiki-waki-woooo-cd\\\/#primaryimage\",\"url\":\"https:\\\/\\\/www.allscore.de\\\/shop\\\/wp-content\\\/uploads\\\/2020\\\/09\\\/ASM039_1200x1200.jpg\",\"contentUrl\":\"https:\\\/\\\/www.allscore.de\\\/shop\\\/wp-content\\\/uploads\\\/2020\\\/09\\\/ASM039_1200x1200.jpg\",\"width\":1200,\"height\":1200,\"caption\":\"The Kilaueas - Wiki Waki Woooo\"},{\"@type\":\"BreadcrumbList\",\"@id\":\"https:\\\/\\\/www.allscore.de\\\/shop\\\/produkt\\\/the-kilaueas-wiki-waki-woooo-cd\\\/#breadcrumb\",\"itemListElement\":[{\"@type\":\"ListItem\",\"position\":1,\"name\":\"Startseite\",\"item\":\"https:\\\/\\\/www.allscore.de\\\/shop\\\/\"},{\"@type\":\"ListItem\",\"position\":2,\"name\":\"Produkte\",\"item\":\"https:\\\/\\\/www.allscore.de\\\/shop\\\/shop\\\/\"},{\"@type\":\"ListItem\",\"position\":3,\"name\":\"The Kilaueas &#8211; Wiki Waki Woooo\"}]},{\"@type\":\"WebSite\",\"@id\":\"https:\\\/\\\/www.allscore.de\\\/shop\\\/#website\",\"url\":\"https:\\\/\\\/www.allscore.de\\\/shop\\\/\",\"name\":\"Allscore Shop\",\"description\":\"All Score Media\",\"publisher\":{\"@id\":\"https:\\\/\\\/www.allscore.de\\\/shop\\\/#organization\"},\"potentialAction\":[{\"@type\":\"SearchAction\",\"target\":{\"@type\":\"EntryPoint\",\"urlTemplate\":\"https:\\\/\\\/www.allscore.de\\\/shop\\\/?s={search_term_string}\"},\"query-input\":{\"@type\":\"PropertyValueSpecification\",\"valueRequired\":true,\"valueName\":\"search_term_string\"}}],\"inLanguage\":\"de\"},{\"@type\":\"Organization\",\"@id\":\"https:\\\/\\\/www.allscore.de\\\/shop\\\/#organization\",\"name\":\"All Score Media\",\"alternateName\":\"Allscore\",\"url\":\"https:\\\/\\\/www.allscore.de\\\/shop\\\/\",\"logo\":{\"@type\":\"ImageObject\",\"inLanguage\":\"de\",\"@id\":\"https:\\\/\\\/www.allscore.de\\\/shop\\\/#\\\/schema\\\/logo\\\/image\\\/\",\"url\":\"https:\\\/\\\/www.allscore.de\\\/shop\\\/wp-content\\\/uploads\\\/2026\\\/01\\\/Logo_Yoast_Shop_2026.png\",\"contentUrl\":\"https:\\\/\\\/www.allscore.de\\\/shop\\\/wp-content\\\/uploads\\\/2026\\\/01\\\/Logo_Yoast_Shop_2026.png\",\"width\":696,\"height\":696,\"caption\":\"All Score Media\"},\"image\":{\"@id\":\"https:\\\/\\\/www.allscore.de\\\/shop\\\/#\\\/schema\\\/logo\\\/image\\\/\"}}]}<\/script>\n<!-- \/ Yoast SEO plugin. -->","yoast_head_json":{"title":"The Kilaueas - Wiki Waki Woooo","description":"Neun Jahre lie\u00dfen sich die Kilaueas Zeit. Zeit, in der sie unz\u00e4hlige, teils internationale Auftritte absolvierten, Zeit, in der ihr letztes Album \u201eProfesor Volcanova\u201c sich l\u00e4ngst ausverkauft hatte. Mittlerweile schon eine Legende in der \u201eSurf-Szene\u201c waren sie nun endlich wieder im Studio. Herausgekommen ist ein Album, das die instrumentale Surfmusik auf h\u00f6chstem Niveau zelebriert.  Mit \u201eWiki Waki Woooo\u201c gelingt der Berliner Band The Kilaueas ein gro\u00dfer Wurf. Die 16 Eigenkompositionen - man kommt mittlerweile ganz ohne die im Genre \u00fcblichen Coverversionen aus - zeigen alle Facetten des aktuellen Surf Rock auf. Vom highspeed Stakkato-Griffbrettschrubber \u201eSurf Demon\u201c \u00fcber Russisch-Folkloristisches (\u201ePlanet Olga\u201c) bis hinein in den Italo-Western (\u201eThe Tremolo Gear Butt\u201c). Vom Vatikan \u00fcber Bagdad in die Arktis: Spione, Bikinis, Raumschiffe - die vier M\u00e4nner vom hawaiianischen Vulkan spielen ebenso lustvoll mit den Rock\u2019n\u2019Roll-Klischees wie mit ihren Instrumenten.  &nbsp;    &nbsp;  Das Comic-Style-Cover zeigt diesmal Monstr\u00f6ses, das n\u00e4chtens um den Kilauea surft: Beim 180g Vinyl auf extra dickem Karton (plus gef\u00fctterter Innenh\u00fclle), bei der CD auf Miniatur-LP-H\u00fclle mit separater Innenh\u00fclle. Stilecht wird die Release-Party im Mutterland der Surf Musik, in Kalifornien stattfinden. Sie bildet den Auftakt zu einer US Westcoast-Tour im August 2014. Danach darf man sich in deutschen Landen auf die Kilaueas freuen.","robots":{"index":"index","follow":"follow","max-snippet":"max-snippet:-1","max-image-preview":"max-image-preview:large","max-video-preview":"max-video-preview:-1"},"canonical":"https:\/\/www.allscore.de\/shop\/produkt\/the-kilaueas-wiki-waki-woooo-cd\/","og_locale":"de_DE","og_type":"article","og_title":"The Kilaueas - Wiki Waki Woooo","og_description":"Neun Jahre lie\u00dfen sich die Kilaueas Zeit. Zeit, in der sie unz\u00e4hlige, teils internationale Auftritte absolvierten, Zeit, in der ihr letztes Album \u201eProfesor Volcanova\u201c sich l\u00e4ngst ausverkauft hatte. Mittlerweile schon eine Legende in der \u201eSurf-Szene\u201c waren sie nun endlich wieder im Studio. Herausgekommen ist ein Album, das die instrumentale Surfmusik auf h\u00f6chstem Niveau zelebriert.  Mit \u201eWiki Waki Woooo\u201c gelingt der Berliner Band The Kilaueas ein gro\u00dfer Wurf. Die 16 Eigenkompositionen - man kommt mittlerweile ganz ohne die im Genre \u00fcblichen Coverversionen aus - zeigen alle Facetten des aktuellen Surf Rock auf. Vom highspeed Stakkato-Griffbrettschrubber \u201eSurf Demon\u201c \u00fcber Russisch-Folkloristisches (\u201ePlanet Olga\u201c) bis hinein in den Italo-Western (\u201eThe Tremolo Gear Butt\u201c). Vom Vatikan \u00fcber Bagdad in die Arktis: Spione, Bikinis, Raumschiffe - die vier M\u00e4nner vom hawaiianischen Vulkan spielen ebenso lustvoll mit den Rock\u2019n\u2019Roll-Klischees wie mit ihren Instrumenten.  &nbsp;    &nbsp;  Das Comic-Style-Cover zeigt diesmal Monstr\u00f6ses, das n\u00e4chtens um den Kilauea surft: Beim 180g Vinyl auf extra dickem Karton (plus gef\u00fctterter Innenh\u00fclle), bei der CD auf Miniatur-LP-H\u00fclle mit separater Innenh\u00fclle. Stilecht wird die Release-Party im Mutterland der Surf Musik, in Kalifornien stattfinden. Sie bildet den Auftakt zu einer US Westcoast-Tour im August 2014. Danach darf man sich in deutschen Landen auf die Kilaueas freuen.","og_url":"https:\/\/www.allscore.de\/shop\/produkt\/the-kilaueas-wiki-waki-woooo-cd\/","og_site_name":"Allscore Shop","article_modified_time":"2023-05-25T12:49:08+00:00","og_image":[{"width":1200,"height":1200,"url":"https:\/\/www.allscore.de\/shop\/wp-content\/uploads\/2020\/09\/ASM039_1200x1200.jpg","type":"image\/jpeg"}],"twitter_card":"summary_large_image","twitter_misc":{"Gesch\u00e4tzte Lesezeit":"1\u00a0Minute"},"schema":{"@context":"https:\/\/schema.org","@graph":[{"@type":"WebPage","@id":"https:\/\/www.allscore.de\/shop\/produkt\/the-kilaueas-wiki-waki-woooo-cd\/","url":"https:\/\/www.allscore.de\/shop\/produkt\/the-kilaueas-wiki-waki-woooo-cd\/","name":"The Kilaueas - Wiki Waki Woooo","isPartOf":{"@id":"https:\/\/www.allscore.de\/shop\/#website"},"primaryImageOfPage":{"@id":"https:\/\/www.allscore.de\/shop\/produkt\/the-kilaueas-wiki-waki-woooo-cd\/#primaryimage"},"image":{"@id":"https:\/\/www.allscore.de\/shop\/produkt\/the-kilaueas-wiki-waki-woooo-cd\/#primaryimage"},"thumbnailUrl":"https:\/\/www.allscore.de\/shop\/wp-content\/uploads\/2020\/09\/ASM039_1200x1200.jpg","datePublished":"2014-09-27T17:15:14+00:00","dateModified":"2023-05-25T12:49:08+00:00","description":"Neun Jahre lie\u00dfen sich die Kilaueas Zeit. Zeit, in der sie unz\u00e4hlige, teils internationale Auftritte absolvierten, Zeit, in der ihr letztes Album \u201eProfesor Volcanova\u201c sich l\u00e4ngst ausverkauft hatte. Mittlerweile schon eine Legende in der \u201eSurf-Szene\u201c waren sie nun endlich wieder im Studio. Herausgekommen ist ein Album, das die instrumentale Surfmusik auf h\u00f6chstem Niveau zelebriert. Mit \u201eWiki Waki Woooo\u201c gelingt der Berliner Band The Kilaueas ein gro\u00dfer Wurf. Die 16 Eigenkompositionen - man kommt mittlerweile ganz ohne die im Genre \u00fcblichen Coverversionen aus - zeigen alle Facetten des aktuellen Surf Rock auf. Vom highspeed Stakkato-Griffbrettschrubber \u201eSurf Demon\u201c \u00fcber Russisch-Folkloristisches (\u201ePlanet Olga\u201c) bis hinein in den Italo-Western (\u201eThe Tremolo Gear Butt\u201c). Vom Vatikan \u00fcber Bagdad in die Arktis: Spione, Bikinis, Raumschiffe - die vier M\u00e4nner vom hawaiianischen Vulkan spielen ebenso lustvoll mit den Rock\u2019n\u2019Roll-Klischees wie mit ihren Instrumenten. &nbsp; &nbsp; Das Comic-Style-Cover zeigt diesmal Monstr\u00f6ses, das n\u00e4chtens um den Kilauea surft: Beim 180g Vinyl auf extra dickem Karton (plus gef\u00fctterter Innenh\u00fclle), bei der CD auf Miniatur-LP-H\u00fclle mit separater Innenh\u00fclle. Stilecht wird die Release-Party im Mutterland der Surf Musik, in Kalifornien stattfinden. Sie bildet den Auftakt zu einer US Westcoast-Tour im August 2014. Danach darf man sich in deutschen Landen auf die Kilaueas freuen.","breadcrumb":{"@id":"https:\/\/www.allscore.de\/shop\/produkt\/the-kilaueas-wiki-waki-woooo-cd\/#breadcrumb"},"inLanguage":"de","potentialAction":[{"@type":"ReadAction","target":["https:\/\/www.allscore.de\/shop\/produkt\/the-kilaueas-wiki-waki-woooo-cd\/"]}]},{"@type":"ImageObject","inLanguage":"de","@id":"https:\/\/www.allscore.de\/shop\/produkt\/the-kilaueas-wiki-waki-woooo-cd\/#primaryimage","url":"https:\/\/www.allscore.de\/shop\/wp-content\/uploads\/2020\/09\/ASM039_1200x1200.jpg","contentUrl":"https:\/\/www.allscore.de\/shop\/wp-content\/uploads\/2020\/09\/ASM039_1200x1200.jpg","width":1200,"height":1200,"caption":"The Kilaueas - Wiki Waki Woooo"},{"@type":"BreadcrumbList","@id":"https:\/\/www.allscore.de\/shop\/produkt\/the-kilaueas-wiki-waki-woooo-cd\/#breadcrumb","itemListElement":[{"@type":"ListItem","position":1,"name":"Startseite","item":"https:\/\/www.allscore.de\/shop\/"},{"@type":"ListItem","position":2,"name":"Produkte","item":"https:\/\/www.allscore.de\/shop\/shop\/"},{"@type":"ListItem","position":3,"name":"The Kilaueas &#8211; Wiki Waki Woooo"}]},{"@type":"WebSite","@id":"https:\/\/www.allscore.de\/shop\/#website","url":"https:\/\/www.allscore.de\/shop\/","name":"Allscore Shop","description":"All Score Media","publisher":{"@id":"https:\/\/www.allscore.de\/shop\/#organization"},"potentialAction":[{"@type":"SearchAction","target":{"@type":"EntryPoint","urlTemplate":"https:\/\/www.allscore.de\/shop\/?s={search_term_string}"},"query-input":{"@type":"PropertyValueSpecification","valueRequired":true,"valueName":"search_term_string"}}],"inLanguage":"de"},{"@type":"Organization","@id":"https:\/\/www.allscore.de\/shop\/#organization","name":"All Score Media","alternateName":"Allscore","url":"https:\/\/www.allscore.de\/shop\/","logo":{"@type":"ImageObject","inLanguage":"de","@id":"https:\/\/www.allscore.de\/shop\/#\/schema\/logo\/image\/","url":"https:\/\/www.allscore.de\/shop\/wp-content\/uploads\/2026\/01\/Logo_Yoast_Shop_2026.png","contentUrl":"https:\/\/www.allscore.de\/shop\/wp-content\/uploads\/2026\/01\/Logo_Yoast_Shop_2026.png","width":696,"height":696,"caption":"All Score Media"},"image":{"@id":"https:\/\/www.allscore.de\/shop\/#\/schema\/logo\/image\/"}}]}},"_links":{"self":[{"href":"https:\/\/www.allscore.de\/shop\/wp-json\/wp\/v2\/product\/8258","targetHints":{"allow":["GET"]}}],"collection":[{"href":"https:\/\/www.allscore.de\/shop\/wp-json\/wp\/v2\/product"}],"about":[{"href":"https:\/\/www.allscore.de\/shop\/wp-json\/wp\/v2\/types\/product"}],"wp:featuredmedia":[{"embeddable":true,"href":"https:\/\/www.allscore.de\/shop\/wp-json\/wp\/v2\/media\/8018"}],"wp:attachment":[{"href":"https:\/\/www.allscore.de\/shop\/wp-json\/wp\/v2\/media?parent=8258"}],"wp:term":[{"taxonomy":"product_brand","embeddable":true,"href":"https:\/\/www.allscore.de\/shop\/wp-json\/wp\/v2\/product_brand?post=8258"},{"taxonomy":"product_cat","embeddable":true,"href":"https:\/\/www.allscore.de\/shop\/wp-json\/wp\/v2\/product_cat?post=8258"},{"taxonomy":"product_tag","embeddable":true,"href":"https:\/\/www.allscore.de\/shop\/wp-json\/wp\/v2\/product_tag?post=8258"}],"curies":[{"name":"wp","href":"https:\/\/api.w.org\/{rel}","templated":true}]}}