{"id":7841,"date":"2017-11-18T22:01:08","date_gmt":"2017-11-18T21:01:08","guid":{"rendered":"https:\/\/www.allscore.de\/shop\/?post_type=product&#038;p=7841"},"modified":"2026-04-02T13:39:03","modified_gmt":"2026-04-02T11:39:03","slug":"die-letzte-symphonie-fall-35","status":"publish","type":"product","link":"https:\/\/www.allscore.de\/shop\/produkt\/die-letzte-symphonie-fall-35\/","title":{"rendered":"Sherlock Holmes, neue F\u00e4lle 35: Die letzte Symphonie"},"content":{"rendered":"<p>Sherlock Holmes, neue F\u00e4lle 35: Die letzte Symphonie<\/p>\n<p>Holmes\u2019 Erzfeind, das gef\u00e4hrliche Verbrechergenie Farley Straker, hat sich in den Besitz einer Formel zum Bau einer Bombe mit verheerender Zerst\u00f6rungskraft gebracht. Als es Holmes\u2019 gelingt, Straker in einem verschlafenen Dorf an der englischen Ostk\u00fcste aufzusp\u00fcren, l\u00e4sst der erste Mord nicht lange auf sich warten. Doch ausgerechnet Straker hat ein wasserdichtes Alibi: Die Gesellschaft von Sherlock Holmes pers\u00f6nlich! Schnell wird eines klar: Der gro\u00dfe Detektiv muss alle Register ziehen, wenn er seinen Gegner \u00fcberlisten will. W\u00e4hrend die Royal Albert Hall in der Silvesternacht zum Schauplatz einer f\u00fcrchterlichen Bedrohung wird, begegnen sich Holmes und Straker \u00fcber den D\u00e4chern von London zum letzten Duell.<\/p>\n<p>Sherlock Holmes: Christian Rode<br \/>\nWatson \/ Erz\u00e4hler: Peter Groeger<br \/>\nInspector Lestrade: Lutz Harder<br \/>\nFarley Straker: Alexis Kr\u00fcger<br \/>\nPhilipp Drummond: Arne Elsholtz<br \/>\nLeila Harding: Lena Taege<br \/>\nRufus Harding: Matti Wien<\/p>\n<p>Regie: Gerd Naumann<br \/>\nBuch und Idee: Marc Freund<br \/>\nKomponist: Stephan Eicke<br \/>\nInterpret: Deryn Cullen [Cello]<br \/>\nSounddesign, Mischung &amp; Master: Tom Steinbrecher<\/p>\n<p>Spieldauer: ca. 79 Minuten<\/p>\n","protected":false},"excerpt":{"rendered":"<p>Sherlock Holmes, neue F\u00e4lle 35: Die letzte Symphonie Holmes\u2019 Erzfeind, das gef\u00e4hrliche Verbrechergenie Farley Straker, hat sich in den Besitz einer Formel zum Bau einer Bombe mit verheerender Zerst\u00f6rungskraft gebracht. Als es Holmes\u2019 gelingt, Straker in einem verschlafenen Dorf an der englischen Ostk\u00fcste aufzusp\u00fcren, l\u00e4sst der erste Mord nicht lange auf sich warten. Doch ausgerechnet&#8230;<\/p>\n<p><a rel=\"bookmark\" class=\"vonzot-button-simple wvc-button wvc-button-size-sm\" href=\"https:\/\/www.allscore.de\/shop\/produkt\/die-letzte-symphonie-fall-35\/\"><span>Read more<\/span><\/a><\/p>\n","protected":false},"featured_media":7509,"template":"","meta":[],"product_brand":[],"product_cat":[72,213],"product_tag":[],"class_list":{"0":"post-7841","1":"product","2":"type-product","3":"status-publish","4":"has-post-thumbnail","6":"product_cat-hoerspiele","7":"product_cat-sherlock-holmes-die-neuen-faelle","8":"product_shipping_class-tontraeger-cd","9":"entry","10":"clearfix","11":"entry-grid","12":"entry-columns-3","13":"entry-product-module-layout-sidebar-right","14":"thumbnail-color-tone-dark","15":"entry-product","17":"entry-product-grid","19":"first","20":"instock","21":"taxable","22":"shipping-taxable","23":"purchasable","24":"product-type-simple"},"yoast_head":"<!-- This site is optimized with the Yoast SEO plugin v27.4 - https:\/\/yoast.com\/product\/yoast-seo-wordpress\/ -->\n<title>Sherlock Holmes, neue F\u00e4lle 35: Die letzte Symphonie<\/title>\n<meta name=\"description\" content=\"Sherlock Holmes, neue F\u00e4lle 35: Die letzte Symphonie Holmes\u2019 Erzfeind, das gef\u00e4hrliche Verbrechergenie Farley Straker, hat sich in den Besitz einer Formel\" \/>\n<meta name=\"robots\" content=\"index, follow, max-snippet:-1, max-image-preview:large, max-video-preview:-1\" \/>\n<link rel=\"canonical\" href=\"https:\/\/www.allscore.de\/shop\/produkt\/die-letzte-symphonie-fall-35\/\" \/>\n<meta property=\"og:locale\" content=\"de_DE\" \/>\n<meta property=\"og:type\" content=\"article\" \/>\n<meta property=\"og:title\" content=\"Sherlock Holmes, neue F\u00e4lle 35: Die letzte Symphonie\" \/>\n<meta property=\"og:description\" content=\"Sherlock Holmes, neue F\u00e4lle 35: Die letzte Symphonie Holmes\u2019 Erzfeind, das gef\u00e4hrliche Verbrechergenie Farley Straker, hat sich in den Besitz einer Formel\" \/>\n<meta property=\"og:url\" content=\"https:\/\/www.allscore.de\/shop\/produkt\/die-letzte-symphonie-fall-35\/\" \/>\n<meta property=\"og:site_name\" content=\"Allscore Shop\" \/>\n<meta property=\"article:modified_time\" content=\"2026-04-02T11:39:03+00:00\" \/>\n<meta property=\"og:image\" content=\"https:\/\/www.allscore.de\/shop\/wp-content\/uploads\/2020\/09\/SH35_1200x1200.jpg\" \/>\n\t<meta property=\"og:image:width\" content=\"1200\" \/>\n\t<meta property=\"og:image:height\" content=\"1200\" \/>\n\t<meta property=\"og:image:type\" content=\"image\/jpeg\" \/>\n<meta name=\"twitter:card\" content=\"summary_large_image\" \/>\n<script type=\"application\/ld+json\" class=\"yoast-schema-graph\">{\"@context\":\"https:\\\/\\\/schema.org\",\"@graph\":[{\"@type\":\"WebPage\",\"@id\":\"https:\\\/\\\/www.allscore.de\\\/shop\\\/produkt\\\/die-letzte-symphonie-fall-35\\\/\",\"url\":\"https:\\\/\\\/www.allscore.de\\\/shop\\\/produkt\\\/die-letzte-symphonie-fall-35\\\/\",\"name\":\"Sherlock Holmes, neue F\u00e4lle 35: Die letzte Symphonie\",\"isPartOf\":{\"@id\":\"https:\\\/\\\/www.allscore.de\\\/shop\\\/#website\"},\"primaryImageOfPage\":{\"@id\":\"https:\\\/\\\/www.allscore.de\\\/shop\\\/produkt\\\/die-letzte-symphonie-fall-35\\\/#primaryimage\"},\"image\":{\"@id\":\"https:\\\/\\\/www.allscore.de\\\/shop\\\/produkt\\\/die-letzte-symphonie-fall-35\\\/#primaryimage\"},\"thumbnailUrl\":\"https:\\\/\\\/www.allscore.de\\\/shop\\\/wp-content\\\/uploads\\\/2020\\\/09\\\/SH35_1200x1200.jpg\",\"datePublished\":\"2017-11-18T21:01:08+00:00\",\"dateModified\":\"2026-04-02T11:39:03+00:00\",\"description\":\"Sherlock Holmes, neue F\u00e4lle 35: Die letzte Symphonie Holmes\u2019 Erzfeind, das gef\u00e4hrliche Verbrechergenie Farley Straker, hat sich in den Besitz einer Formel\",\"breadcrumb\":{\"@id\":\"https:\\\/\\\/www.allscore.de\\\/shop\\\/produkt\\\/die-letzte-symphonie-fall-35\\\/#breadcrumb\"},\"inLanguage\":\"de\",\"potentialAction\":[{\"@type\":\"ReadAction\",\"target\":[\"https:\\\/\\\/www.allscore.de\\\/shop\\\/produkt\\\/die-letzte-symphonie-fall-35\\\/\"]}]},{\"@type\":\"ImageObject\",\"inLanguage\":\"de\",\"@id\":\"https:\\\/\\\/www.allscore.de\\\/shop\\\/produkt\\\/die-letzte-symphonie-fall-35\\\/#primaryimage\",\"url\":\"https:\\\/\\\/www.allscore.de\\\/shop\\\/wp-content\\\/uploads\\\/2020\\\/09\\\/SH35_1200x1200.jpg\",\"contentUrl\":\"https:\\\/\\\/www.allscore.de\\\/shop\\\/wp-content\\\/uploads\\\/2020\\\/09\\\/SH35_1200x1200.jpg\",\"width\":1200,\"height\":1200,\"caption\":\"Die letzte Symphonie\"},{\"@type\":\"BreadcrumbList\",\"@id\":\"https:\\\/\\\/www.allscore.de\\\/shop\\\/produkt\\\/die-letzte-symphonie-fall-35\\\/#breadcrumb\",\"itemListElement\":[{\"@type\":\"ListItem\",\"position\":1,\"name\":\"Startseite\",\"item\":\"https:\\\/\\\/www.allscore.de\\\/shop\\\/\"},{\"@type\":\"ListItem\",\"position\":2,\"name\":\"Produkte\",\"item\":\"https:\\\/\\\/www.allscore.de\\\/shop\\\/shop\\\/\"},{\"@type\":\"ListItem\",\"position\":3,\"name\":\"Sherlock Holmes, neue F\u00e4lle 35: Die letzte Symphonie\"}]},{\"@type\":\"WebSite\",\"@id\":\"https:\\\/\\\/www.allscore.de\\\/shop\\\/#website\",\"url\":\"https:\\\/\\\/www.allscore.de\\\/shop\\\/\",\"name\":\"Allscore Shop\",\"description\":\"All Score Media\",\"publisher\":{\"@id\":\"https:\\\/\\\/www.allscore.de\\\/shop\\\/#organization\"},\"potentialAction\":[{\"@type\":\"SearchAction\",\"target\":{\"@type\":\"EntryPoint\",\"urlTemplate\":\"https:\\\/\\\/www.allscore.de\\\/shop\\\/?s={search_term_string}\"},\"query-input\":{\"@type\":\"PropertyValueSpecification\",\"valueRequired\":true,\"valueName\":\"search_term_string\"}}],\"inLanguage\":\"de\"},{\"@type\":\"Organization\",\"@id\":\"https:\\\/\\\/www.allscore.de\\\/shop\\\/#organization\",\"name\":\"All Score Media\",\"alternateName\":\"Allscore\",\"url\":\"https:\\\/\\\/www.allscore.de\\\/shop\\\/\",\"logo\":{\"@type\":\"ImageObject\",\"inLanguage\":\"de\",\"@id\":\"https:\\\/\\\/www.allscore.de\\\/shop\\\/#\\\/schema\\\/logo\\\/image\\\/\",\"url\":\"https:\\\/\\\/www.allscore.de\\\/shop\\\/wp-content\\\/uploads\\\/2026\\\/01\\\/Logo_Yoast_Shop_2026.png\",\"contentUrl\":\"https:\\\/\\\/www.allscore.de\\\/shop\\\/wp-content\\\/uploads\\\/2026\\\/01\\\/Logo_Yoast_Shop_2026.png\",\"width\":696,\"height\":696,\"caption\":\"All Score Media\"},\"image\":{\"@id\":\"https:\\\/\\\/www.allscore.de\\\/shop\\\/#\\\/schema\\\/logo\\\/image\\\/\"}}]}<\/script>\n<!-- \/ Yoast SEO plugin. -->","yoast_head_json":{"title":"Sherlock Holmes, neue F\u00e4lle 35: Die letzte Symphonie","description":"Sherlock Holmes, neue F\u00e4lle 35: Die letzte Symphonie Holmes\u2019 Erzfeind, das gef\u00e4hrliche Verbrechergenie Farley Straker, hat sich in den Besitz einer Formel","robots":{"index":"index","follow":"follow","max-snippet":"max-snippet:-1","max-image-preview":"max-image-preview:large","max-video-preview":"max-video-preview:-1"},"canonical":"https:\/\/www.allscore.de\/shop\/produkt\/die-letzte-symphonie-fall-35\/","og_locale":"de_DE","og_type":"article","og_title":"Sherlock Holmes, neue F\u00e4lle 35: Die letzte Symphonie","og_description":"Sherlock Holmes, neue F\u00e4lle 35: Die letzte Symphonie Holmes\u2019 Erzfeind, das gef\u00e4hrliche Verbrechergenie Farley Straker, hat sich in den Besitz einer Formel","og_url":"https:\/\/www.allscore.de\/shop\/produkt\/die-letzte-symphonie-fall-35\/","og_site_name":"Allscore Shop","article_modified_time":"2026-04-02T11:39:03+00:00","og_image":[{"width":1200,"height":1200,"url":"https:\/\/www.allscore.de\/shop\/wp-content\/uploads\/2020\/09\/SH35_1200x1200.jpg","type":"image\/jpeg"}],"twitter_card":"summary_large_image","schema":{"@context":"https:\/\/schema.org","@graph":[{"@type":"WebPage","@id":"https:\/\/www.allscore.de\/shop\/produkt\/die-letzte-symphonie-fall-35\/","url":"https:\/\/www.allscore.de\/shop\/produkt\/die-letzte-symphonie-fall-35\/","name":"Sherlock Holmes, neue F\u00e4lle 35: Die letzte Symphonie","isPartOf":{"@id":"https:\/\/www.allscore.de\/shop\/#website"},"primaryImageOfPage":{"@id":"https:\/\/www.allscore.de\/shop\/produkt\/die-letzte-symphonie-fall-35\/#primaryimage"},"image":{"@id":"https:\/\/www.allscore.de\/shop\/produkt\/die-letzte-symphonie-fall-35\/#primaryimage"},"thumbnailUrl":"https:\/\/www.allscore.de\/shop\/wp-content\/uploads\/2020\/09\/SH35_1200x1200.jpg","datePublished":"2017-11-18T21:01:08+00:00","dateModified":"2026-04-02T11:39:03+00:00","description":"Sherlock Holmes, neue F\u00e4lle 35: Die letzte Symphonie Holmes\u2019 Erzfeind, das gef\u00e4hrliche Verbrechergenie Farley Straker, hat sich in den Besitz einer Formel","breadcrumb":{"@id":"https:\/\/www.allscore.de\/shop\/produkt\/die-letzte-symphonie-fall-35\/#breadcrumb"},"inLanguage":"de","potentialAction":[{"@type":"ReadAction","target":["https:\/\/www.allscore.de\/shop\/produkt\/die-letzte-symphonie-fall-35\/"]}]},{"@type":"ImageObject","inLanguage":"de","@id":"https:\/\/www.allscore.de\/shop\/produkt\/die-letzte-symphonie-fall-35\/#primaryimage","url":"https:\/\/www.allscore.de\/shop\/wp-content\/uploads\/2020\/09\/SH35_1200x1200.jpg","contentUrl":"https:\/\/www.allscore.de\/shop\/wp-content\/uploads\/2020\/09\/SH35_1200x1200.jpg","width":1200,"height":1200,"caption":"Die letzte Symphonie"},{"@type":"BreadcrumbList","@id":"https:\/\/www.allscore.de\/shop\/produkt\/die-letzte-symphonie-fall-35\/#breadcrumb","itemListElement":[{"@type":"ListItem","position":1,"name":"Startseite","item":"https:\/\/www.allscore.de\/shop\/"},{"@type":"ListItem","position":2,"name":"Produkte","item":"https:\/\/www.allscore.de\/shop\/shop\/"},{"@type":"ListItem","position":3,"name":"Sherlock Holmes, neue F\u00e4lle 35: Die letzte Symphonie"}]},{"@type":"WebSite","@id":"https:\/\/www.allscore.de\/shop\/#website","url":"https:\/\/www.allscore.de\/shop\/","name":"Allscore Shop","description":"All Score Media","publisher":{"@id":"https:\/\/www.allscore.de\/shop\/#organization"},"potentialAction":[{"@type":"SearchAction","target":{"@type":"EntryPoint","urlTemplate":"https:\/\/www.allscore.de\/shop\/?s={search_term_string}"},"query-input":{"@type":"PropertyValueSpecification","valueRequired":true,"valueName":"search_term_string"}}],"inLanguage":"de"},{"@type":"Organization","@id":"https:\/\/www.allscore.de\/shop\/#organization","name":"All Score Media","alternateName":"Allscore","url":"https:\/\/www.allscore.de\/shop\/","logo":{"@type":"ImageObject","inLanguage":"de","@id":"https:\/\/www.allscore.de\/shop\/#\/schema\/logo\/image\/","url":"https:\/\/www.allscore.de\/shop\/wp-content\/uploads\/2026\/01\/Logo_Yoast_Shop_2026.png","contentUrl":"https:\/\/www.allscore.de\/shop\/wp-content\/uploads\/2026\/01\/Logo_Yoast_Shop_2026.png","width":696,"height":696,"caption":"All Score Media"},"image":{"@id":"https:\/\/www.allscore.de\/shop\/#\/schema\/logo\/image\/"}}]}},"_links":{"self":[{"href":"https:\/\/www.allscore.de\/shop\/wp-json\/wp\/v2\/product\/7841","targetHints":{"allow":["GET"]}}],"collection":[{"href":"https:\/\/www.allscore.de\/shop\/wp-json\/wp\/v2\/product"}],"about":[{"href":"https:\/\/www.allscore.de\/shop\/wp-json\/wp\/v2\/types\/product"}],"wp:featuredmedia":[{"embeddable":true,"href":"https:\/\/www.allscore.de\/shop\/wp-json\/wp\/v2\/media\/7509"}],"wp:attachment":[{"href":"https:\/\/www.allscore.de\/shop\/wp-json\/wp\/v2\/media?parent=7841"}],"wp:term":[{"taxonomy":"product_brand","embeddable":true,"href":"https:\/\/www.allscore.de\/shop\/wp-json\/wp\/v2\/product_brand?post=7841"},{"taxonomy":"product_cat","embeddable":true,"href":"https:\/\/www.allscore.de\/shop\/wp-json\/wp\/v2\/product_cat?post=7841"},{"taxonomy":"product_tag","embeddable":true,"href":"https:\/\/www.allscore.de\/shop\/wp-json\/wp\/v2\/product_tag?post=7841"}],"curies":[{"name":"wp","href":"https:\/\/api.w.org\/{rel}","templated":true}]}}