{"id":7729,"date":"2012-11-16T11:56:35","date_gmt":"2012-11-16T10:56:35","guid":{"rendered":"https:\/\/www.allscore.de\/shop\/?post_type=product&#038;p=7729"},"modified":"2026-03-24T16:48:54","modified_gmt":"2026-03-24T15:48:54","slug":"die-gesellschaft-des-schreckens-fall-02","status":"publish","type":"product","link":"https:\/\/www.allscore.de\/shop\/produkt\/die-gesellschaft-des-schreckens-fall-02\/","title":{"rendered":"Sherlock Holmes, neue F\u00e4lle 2: Die Gesellschaft des Schreckens"},"content":{"rendered":"<p>Sherlock Holmes, neue F\u00e4lle 2: Die Gesellschaft des Schreckens<\/p>\n<p>Die Witwe Georgina Welsh bittet Sherlock Holmes und Dr. Watson um Hilfe. Sie ist der festen \u00dcberzeugung, dass ihr Mann Peter ermordet wurde. Er starb unter mysteri\u00f6sen Umst\u00e4nden in der Dorfkirche von Crowfield. Was wollte Peter Welsh dort? Und wer ist der unheimliche Fremde mit den wei\u00dfen Klauenh\u00e4nden, mit dem er kurz vor seinem Tod gesehen wurde? Schon bald kommt Holmes auf die Spur einer so geheimnisvollen wie m\u00f6rderischen Vereinigung. Doch um es mit der \u201eGesellschaft des Schreckens\u201c aufzunehmen, muss der Meisterdetektiv sein Leben aufs Spiel setzen\u2026<\/p>\n<p>Sherlock Holmes: Christian Rode<br \/>\nDoktor Watson: Peter Groeger<br \/>\nInspektor Lestrade: Lutz Harder<br \/>\nGeorgina Welsh: Margrit Stra\u00dfburger<br \/>\nSkip Keeney: Eberhard Pr\u00fcter<br \/>\nPhilipp Cunnings: Klaas Malorny<br \/>\nMartin Lennart: Harry Walter<br \/>\nu.a.<\/p>\n<p>Regie: Gerd Naumann<br \/>\nBuch &amp; Idee: Marc Freund<br \/>\nKomponist: Stephan Eicke, zus\u00e4tzliche Musik: Oliver Mohr<br \/>\nSounddesign, Mischung &amp; Master: Tom Steinbrecher<\/p>\n<p>Spieldauer: ca. 100 Minuten (Doppel-CD)<\/p>\n","protected":false},"excerpt":{"rendered":"<p>Sherlock Holmes, neue F\u00e4lle 2: Die Gesellschaft des Schreckens Die Witwe Georgina Welsh bittet Sherlock Holmes und Dr. Watson um Hilfe. Sie ist der festen \u00dcberzeugung, dass ihr Mann Peter ermordet wurde. Er starb unter mysteri\u00f6sen Umst\u00e4nden in der Dorfkirche von Crowfield. Was wollte Peter Welsh dort? Und wer ist der unheimliche Fremde mit den&#8230;<\/p>\n<p><a rel=\"bookmark\" class=\"vonzot-button-simple wvc-button wvc-button-size-sm\" href=\"https:\/\/www.allscore.de\/shop\/produkt\/die-gesellschaft-des-schreckens-fall-02\/\"><span>Read more<\/span><\/a><\/p>\n","protected":false},"featured_media":7532,"template":"","meta":[],"product_brand":[],"product_cat":[72,213],"product_tag":[],"class_list":{"0":"post-7729","1":"product","2":"type-product","3":"status-publish","4":"has-post-thumbnail","6":"product_cat-hoerspiele","7":"product_cat-sherlock-holmes-die-neuen-faelle","8":"product_shipping_class-tontraeger-cd","9":"entry","10":"clearfix","11":"entry-grid","12":"entry-columns-3","13":"entry-product-module-layout-sidebar-right","14":"thumbnail-color-tone-dark","15":"entry-product","17":"entry-product-grid","19":"first","20":"instock","21":"taxable","22":"shipping-taxable","23":"purchasable","24":"product-type-simple"},"yoast_head":"<!-- This site is optimized with the Yoast SEO plugin v27.4 - https:\/\/yoast.com\/product\/yoast-seo-wordpress\/ -->\n<title>Sherlock Holmes, neue F\u00e4lle 2: Die Gesellschaft des Schreckens<\/title>\n<meta name=\"description\" content=\"Sherlock Holmes, neue F\u00e4lle 2: Die Gesellschaft des Schreckens Die Witwe Georgina Welsh bittet Sherlock Holmes und Dr. Watson um Hilfe. Sie ist der festen\" \/>\n<meta name=\"robots\" content=\"index, follow, max-snippet:-1, max-image-preview:large, max-video-preview:-1\" \/>\n<link rel=\"canonical\" href=\"https:\/\/www.allscore.de\/shop\/produkt\/die-gesellschaft-des-schreckens-fall-02\/\" \/>\n<meta property=\"og:locale\" content=\"de_DE\" \/>\n<meta property=\"og:type\" content=\"article\" \/>\n<meta property=\"og:title\" content=\"Sherlock Holmes, neue F\u00e4lle 2: Die Gesellschaft des Schreckens\" \/>\n<meta property=\"og:description\" content=\"Sherlock Holmes, neue F\u00e4lle 2: Die Gesellschaft des Schreckens Die Witwe Georgina Welsh bittet Sherlock Holmes und Dr. Watson um Hilfe. Sie ist der festen\" \/>\n<meta property=\"og:url\" content=\"https:\/\/www.allscore.de\/shop\/produkt\/die-gesellschaft-des-schreckens-fall-02\/\" \/>\n<meta property=\"og:site_name\" content=\"Allscore Shop\" \/>\n<meta property=\"article:modified_time\" content=\"2026-03-24T15:48:54+00:00\" \/>\n<meta property=\"og:image\" content=\"https:\/\/www.allscore.de\/shop\/wp-content\/uploads\/2020\/09\/SH02_1200x1200.jpg\" \/>\n\t<meta property=\"og:image:width\" content=\"1200\" \/>\n\t<meta property=\"og:image:height\" content=\"1200\" \/>\n\t<meta property=\"og:image:type\" content=\"image\/jpeg\" \/>\n<meta name=\"twitter:card\" content=\"summary_large_image\" \/>\n<meta name=\"twitter:label1\" content=\"Gesch\u00e4tzte Lesezeit\" \/>\n\t<meta name=\"twitter:data1\" content=\"1\u00a0Minute\" \/>\n<script type=\"application\/ld+json\" class=\"yoast-schema-graph\">{\"@context\":\"https:\\\/\\\/schema.org\",\"@graph\":[{\"@type\":\"WebPage\",\"@id\":\"https:\\\/\\\/www.allscore.de\\\/shop\\\/produkt\\\/die-gesellschaft-des-schreckens-fall-02\\\/\",\"url\":\"https:\\\/\\\/www.allscore.de\\\/shop\\\/produkt\\\/die-gesellschaft-des-schreckens-fall-02\\\/\",\"name\":\"Sherlock Holmes, neue F\u00e4lle 2: Die Gesellschaft des Schreckens\",\"isPartOf\":{\"@id\":\"https:\\\/\\\/www.allscore.de\\\/shop\\\/#website\"},\"primaryImageOfPage\":{\"@id\":\"https:\\\/\\\/www.allscore.de\\\/shop\\\/produkt\\\/die-gesellschaft-des-schreckens-fall-02\\\/#primaryimage\"},\"image\":{\"@id\":\"https:\\\/\\\/www.allscore.de\\\/shop\\\/produkt\\\/die-gesellschaft-des-schreckens-fall-02\\\/#primaryimage\"},\"thumbnailUrl\":\"https:\\\/\\\/www.allscore.de\\\/shop\\\/wp-content\\\/uploads\\\/2020\\\/09\\\/SH02_1200x1200.jpg\",\"datePublished\":\"2012-11-16T10:56:35+00:00\",\"dateModified\":\"2026-03-24T15:48:54+00:00\",\"description\":\"Sherlock Holmes, neue F\u00e4lle 2: Die Gesellschaft des Schreckens Die Witwe Georgina Welsh bittet Sherlock Holmes und Dr. Watson um Hilfe. Sie ist der festen\",\"breadcrumb\":{\"@id\":\"https:\\\/\\\/www.allscore.de\\\/shop\\\/produkt\\\/die-gesellschaft-des-schreckens-fall-02\\\/#breadcrumb\"},\"inLanguage\":\"de\",\"potentialAction\":[{\"@type\":\"ReadAction\",\"target\":[\"https:\\\/\\\/www.allscore.de\\\/shop\\\/produkt\\\/die-gesellschaft-des-schreckens-fall-02\\\/\"]}]},{\"@type\":\"ImageObject\",\"inLanguage\":\"de\",\"@id\":\"https:\\\/\\\/www.allscore.de\\\/shop\\\/produkt\\\/die-gesellschaft-des-schreckens-fall-02\\\/#primaryimage\",\"url\":\"https:\\\/\\\/www.allscore.de\\\/shop\\\/wp-content\\\/uploads\\\/2020\\\/09\\\/SH02_1200x1200.jpg\",\"contentUrl\":\"https:\\\/\\\/www.allscore.de\\\/shop\\\/wp-content\\\/uploads\\\/2020\\\/09\\\/SH02_1200x1200.jpg\",\"width\":1200,\"height\":1200,\"caption\":\"Die Gesellschaft des Schreckens\"},{\"@type\":\"BreadcrumbList\",\"@id\":\"https:\\\/\\\/www.allscore.de\\\/shop\\\/produkt\\\/die-gesellschaft-des-schreckens-fall-02\\\/#breadcrumb\",\"itemListElement\":[{\"@type\":\"ListItem\",\"position\":1,\"name\":\"Startseite\",\"item\":\"https:\\\/\\\/www.allscore.de\\\/shop\\\/\"},{\"@type\":\"ListItem\",\"position\":2,\"name\":\"Produkte\",\"item\":\"https:\\\/\\\/www.allscore.de\\\/shop\\\/shop\\\/\"},{\"@type\":\"ListItem\",\"position\":3,\"name\":\"Sherlock Holmes, neue F\u00e4lle 2: Die Gesellschaft des Schreckens\"}]},{\"@type\":\"WebSite\",\"@id\":\"https:\\\/\\\/www.allscore.de\\\/shop\\\/#website\",\"url\":\"https:\\\/\\\/www.allscore.de\\\/shop\\\/\",\"name\":\"Allscore Shop\",\"description\":\"All Score Media\",\"publisher\":{\"@id\":\"https:\\\/\\\/www.allscore.de\\\/shop\\\/#organization\"},\"potentialAction\":[{\"@type\":\"SearchAction\",\"target\":{\"@type\":\"EntryPoint\",\"urlTemplate\":\"https:\\\/\\\/www.allscore.de\\\/shop\\\/?s={search_term_string}\"},\"query-input\":{\"@type\":\"PropertyValueSpecification\",\"valueRequired\":true,\"valueName\":\"search_term_string\"}}],\"inLanguage\":\"de\"},{\"@type\":\"Organization\",\"@id\":\"https:\\\/\\\/www.allscore.de\\\/shop\\\/#organization\",\"name\":\"All Score Media\",\"alternateName\":\"Allscore\",\"url\":\"https:\\\/\\\/www.allscore.de\\\/shop\\\/\",\"logo\":{\"@type\":\"ImageObject\",\"inLanguage\":\"de\",\"@id\":\"https:\\\/\\\/www.allscore.de\\\/shop\\\/#\\\/schema\\\/logo\\\/image\\\/\",\"url\":\"https:\\\/\\\/www.allscore.de\\\/shop\\\/wp-content\\\/uploads\\\/2026\\\/01\\\/Logo_Yoast_Shop_2026.png\",\"contentUrl\":\"https:\\\/\\\/www.allscore.de\\\/shop\\\/wp-content\\\/uploads\\\/2026\\\/01\\\/Logo_Yoast_Shop_2026.png\",\"width\":696,\"height\":696,\"caption\":\"All Score Media\"},\"image\":{\"@id\":\"https:\\\/\\\/www.allscore.de\\\/shop\\\/#\\\/schema\\\/logo\\\/image\\\/\"}}]}<\/script>\n<!-- \/ Yoast SEO plugin. -->","yoast_head_json":{"title":"Sherlock Holmes, neue F\u00e4lle 2: Die Gesellschaft des Schreckens","description":"Sherlock Holmes, neue F\u00e4lle 2: Die Gesellschaft des Schreckens Die Witwe Georgina Welsh bittet Sherlock Holmes und Dr. Watson um Hilfe. Sie ist der festen","robots":{"index":"index","follow":"follow","max-snippet":"max-snippet:-1","max-image-preview":"max-image-preview:large","max-video-preview":"max-video-preview:-1"},"canonical":"https:\/\/www.allscore.de\/shop\/produkt\/die-gesellschaft-des-schreckens-fall-02\/","og_locale":"de_DE","og_type":"article","og_title":"Sherlock Holmes, neue F\u00e4lle 2: Die Gesellschaft des Schreckens","og_description":"Sherlock Holmes, neue F\u00e4lle 2: Die Gesellschaft des Schreckens Die Witwe Georgina Welsh bittet Sherlock Holmes und Dr. Watson um Hilfe. Sie ist der festen","og_url":"https:\/\/www.allscore.de\/shop\/produkt\/die-gesellschaft-des-schreckens-fall-02\/","og_site_name":"Allscore Shop","article_modified_time":"2026-03-24T15:48:54+00:00","og_image":[{"width":1200,"height":1200,"url":"https:\/\/www.allscore.de\/shop\/wp-content\/uploads\/2020\/09\/SH02_1200x1200.jpg","type":"image\/jpeg"}],"twitter_card":"summary_large_image","twitter_misc":{"Gesch\u00e4tzte Lesezeit":"1\u00a0Minute"},"schema":{"@context":"https:\/\/schema.org","@graph":[{"@type":"WebPage","@id":"https:\/\/www.allscore.de\/shop\/produkt\/die-gesellschaft-des-schreckens-fall-02\/","url":"https:\/\/www.allscore.de\/shop\/produkt\/die-gesellschaft-des-schreckens-fall-02\/","name":"Sherlock Holmes, neue F\u00e4lle 2: Die Gesellschaft des Schreckens","isPartOf":{"@id":"https:\/\/www.allscore.de\/shop\/#website"},"primaryImageOfPage":{"@id":"https:\/\/www.allscore.de\/shop\/produkt\/die-gesellschaft-des-schreckens-fall-02\/#primaryimage"},"image":{"@id":"https:\/\/www.allscore.de\/shop\/produkt\/die-gesellschaft-des-schreckens-fall-02\/#primaryimage"},"thumbnailUrl":"https:\/\/www.allscore.de\/shop\/wp-content\/uploads\/2020\/09\/SH02_1200x1200.jpg","datePublished":"2012-11-16T10:56:35+00:00","dateModified":"2026-03-24T15:48:54+00:00","description":"Sherlock Holmes, neue F\u00e4lle 2: Die Gesellschaft des Schreckens Die Witwe Georgina Welsh bittet Sherlock Holmes und Dr. Watson um Hilfe. Sie ist der festen","breadcrumb":{"@id":"https:\/\/www.allscore.de\/shop\/produkt\/die-gesellschaft-des-schreckens-fall-02\/#breadcrumb"},"inLanguage":"de","potentialAction":[{"@type":"ReadAction","target":["https:\/\/www.allscore.de\/shop\/produkt\/die-gesellschaft-des-schreckens-fall-02\/"]}]},{"@type":"ImageObject","inLanguage":"de","@id":"https:\/\/www.allscore.de\/shop\/produkt\/die-gesellschaft-des-schreckens-fall-02\/#primaryimage","url":"https:\/\/www.allscore.de\/shop\/wp-content\/uploads\/2020\/09\/SH02_1200x1200.jpg","contentUrl":"https:\/\/www.allscore.de\/shop\/wp-content\/uploads\/2020\/09\/SH02_1200x1200.jpg","width":1200,"height":1200,"caption":"Die Gesellschaft des Schreckens"},{"@type":"BreadcrumbList","@id":"https:\/\/www.allscore.de\/shop\/produkt\/die-gesellschaft-des-schreckens-fall-02\/#breadcrumb","itemListElement":[{"@type":"ListItem","position":1,"name":"Startseite","item":"https:\/\/www.allscore.de\/shop\/"},{"@type":"ListItem","position":2,"name":"Produkte","item":"https:\/\/www.allscore.de\/shop\/shop\/"},{"@type":"ListItem","position":3,"name":"Sherlock Holmes, neue F\u00e4lle 2: Die Gesellschaft des Schreckens"}]},{"@type":"WebSite","@id":"https:\/\/www.allscore.de\/shop\/#website","url":"https:\/\/www.allscore.de\/shop\/","name":"Allscore Shop","description":"All Score Media","publisher":{"@id":"https:\/\/www.allscore.de\/shop\/#organization"},"potentialAction":[{"@type":"SearchAction","target":{"@type":"EntryPoint","urlTemplate":"https:\/\/www.allscore.de\/shop\/?s={search_term_string}"},"query-input":{"@type":"PropertyValueSpecification","valueRequired":true,"valueName":"search_term_string"}}],"inLanguage":"de"},{"@type":"Organization","@id":"https:\/\/www.allscore.de\/shop\/#organization","name":"All Score Media","alternateName":"Allscore","url":"https:\/\/www.allscore.de\/shop\/","logo":{"@type":"ImageObject","inLanguage":"de","@id":"https:\/\/www.allscore.de\/shop\/#\/schema\/logo\/image\/","url":"https:\/\/www.allscore.de\/shop\/wp-content\/uploads\/2026\/01\/Logo_Yoast_Shop_2026.png","contentUrl":"https:\/\/www.allscore.de\/shop\/wp-content\/uploads\/2026\/01\/Logo_Yoast_Shop_2026.png","width":696,"height":696,"caption":"All Score Media"},"image":{"@id":"https:\/\/www.allscore.de\/shop\/#\/schema\/logo\/image\/"}}]}},"_links":{"self":[{"href":"https:\/\/www.allscore.de\/shop\/wp-json\/wp\/v2\/product\/7729","targetHints":{"allow":["GET"]}}],"collection":[{"href":"https:\/\/www.allscore.de\/shop\/wp-json\/wp\/v2\/product"}],"about":[{"href":"https:\/\/www.allscore.de\/shop\/wp-json\/wp\/v2\/types\/product"}],"wp:featuredmedia":[{"embeddable":true,"href":"https:\/\/www.allscore.de\/shop\/wp-json\/wp\/v2\/media\/7532"}],"wp:attachment":[{"href":"https:\/\/www.allscore.de\/shop\/wp-json\/wp\/v2\/media?parent=7729"}],"wp:term":[{"taxonomy":"product_brand","embeddable":true,"href":"https:\/\/www.allscore.de\/shop\/wp-json\/wp\/v2\/product_brand?post=7729"},{"taxonomy":"product_cat","embeddable":true,"href":"https:\/\/www.allscore.de\/shop\/wp-json\/wp\/v2\/product_cat?post=7729"},{"taxonomy":"product_tag","embeddable":true,"href":"https:\/\/www.allscore.de\/shop\/wp-json\/wp\/v2\/product_tag?post=7729"}],"curies":[{"name":"wp","href":"https:\/\/api.w.org\/{rel}","templated":true}]}}