{"id":7421,"date":"2015-09-04T16:37:44","date_gmt":"2015-09-04T14:37:44","guid":{"rendered":"https:\/\/www.allscore.de\/shop\/?post_type=product&#038;p=7421"},"modified":"2026-04-26T22:00:06","modified_gmt":"2026-04-26T20:00:06","slug":"professor-van-dusen-taut-auf","status":"publish","type":"product","link":"https:\/\/www.allscore.de\/shop\/produkt\/professor-van-dusen-taut-auf\/","title":{"rendered":"Professor van Dusen taut auf (03)"},"content":{"rendered":"<p>PRESSE<\/p>\n<p><a href=\"http:\/\/www.hoerspatz.de\/texte_rezis\/dusen_neue_03.htm\" target=\"blank\" rel=\"noopener noreferrer\">Hoerspatz.de<\/a> [Oktober 2015]: &#8222;Hoher Unterhaltungswert, Spannung, feiner Witz und Wortgefechte &#8211; w\u00e4rmste Empfehlung f\u00fcr diese runde Folge der neuen Van-Dusen-Reihe aus dem Hause Allscore!&#8220;<\/p>\n<p><a href=\"http:\/\/www.zauberspiegel-online.de\/index.php\/krimi-und-thriller-unter-der-lupe-341\/27236-professor-van-dusen-fall-3-taut-auf\" target=\"blank\" rel=\"noopener noreferrer\">Zauberspiegel-Online<\/a> [Oktober 2015]: &#8222;Wieder ist es einer hervorragend funktionierenden Regie zu verdanken, dass bei dem H\u00f6rspiel alles klappt. Die Dialoge greifen perfekt ineinander.&#8220;<\/p>\n<p><a href=\"http:\/\/www.hoerbuchjunkies.com\/Professor-van-Dusen-taut-auf.htm\" target=\"blank\" rel=\"noopener noreferrer\">Hoerbuchjunkies.com<\/a> [Oktober 2015]: &#8222;Auch der dritte van Dusen-Fall aus dem Hause Allscore vereint wieder alles, das einen guten Kriminalfall ausmacht. &#8230; Insgesamt ist dieses H\u00f6rspiel eine runde Sache mit guter Story, spannenden Dialogen und passenden Ger\u00e4uschen.&#8220;<\/p>\n","protected":false},"excerpt":{"rendered":"<p>Die Mitarbeiter des Schlachthofes machen eine grausige Entdeckung: Im hauseigenen Eiskeller finden sie eine tiefgefrorene Leiche. Detective-Sergeant Caruso von der New Yorker Kriminalpolizei vermutet Selbstmord. Der eilig zu Rate gezogene Professor van Dusen allerdings stellt fest, dass der Mann keines nat\u00fcrlichen Todes gestorben ist. Dar\u00fcber hinaus hat die Mafia ein erstaunliches Interesse an diesem Fall. Der Denkmaschine bleibt nicht viel Zeit, das R\u00e4tsel zu l\u00f6sen, denn schon schl\u00e4gt der M\u00f6rder ein weiteres Mal zu. Und wieder wurde jemand \u00fcber Nacht eingefroren&#8230;<\/p>\n<p>Professor van Dusen: Bernd Vollbrecht<br \/>\nHutchinson Hatch: Nicolai Tegeler<br \/>\nJoe Coffin: Christian Br\u00fcckner<br \/>\nStanford Beatty: Horst Naumann<br \/>\n\u201eLa Mamma\u201c: Hildegard Meier<br \/>\nJeremiah Walford: Uwe Jellinek<br \/>\nNorris Gilliett: Eckart Dux<br \/>\nLouise Mulroy: Sandra Steinbach<br \/>\nDet. Serg. Rigoletto Caruso: Gerald Paradies<br \/>\nu.a.<\/p>\n<p>Regie: Gerd Naumann<br \/>\nBuch: Marc Freund<br \/>\nKomponist: Christian Bluthardt<br \/>\nSounddesign, Mischung &amp; Master: Tom Steinbrecher<\/p>\n<p>Spieldauer: ca. 74 Minuten<\/p>\n","protected":false},"featured_media":7403,"template":"","meta":[],"product_brand":[],"product_cat":[72,210],"product_tag":[],"class_list":{"0":"post-7421","1":"product","2":"type-product","3":"status-publish","4":"has-post-thumbnail","6":"product_cat-hoerspiele","7":"product_cat-professor-van-dusen-neue-faelle","8":"product_shipping_class-tontraeger-cd","9":"entry","10":"clearfix","11":"entry-grid","12":"entry-columns-3","13":"entry-product-module-layout-sidebar-right","14":"thumbnail-color-tone-dark","15":"entry-product","17":"entry-product-grid","19":"first","20":"instock","21":"taxable","22":"shipping-taxable","23":"purchasable","24":"product-type-simple"},"yoast_head":"<!-- This site is optimized with the Yoast SEO plugin v27.4 - https:\/\/yoast.com\/product\/yoast-seo-wordpress\/ -->\n<title>Professor van Dusen taut auf (03)<\/title>\n<meta name=\"description\" content=\"Die Mitarbeiter des Schlachthofes machen eine grausige Entdeckung: Im hauseigenen Eiskeller finden sie eine tiefgefrorene Leiche. Detective-Sergeant Caruso von der New Yorker Kriminalpolizei vermutet Selbstmord. Der eilig zu Rate gezogene Professor van Dusen allerdings stellt fest, dass der Mann keines nat\u00fcrlichen Todes gestorben ist. Dar\u00fcber hinaus hat die Mafia ein erstaunliches Interesse an diesem Fall. Der Denkmaschine bleibt nicht viel Zeit, das R\u00e4tsel zu l\u00f6sen, denn schon schl\u00e4gt der M\u00f6rder ein weiteres Mal zu. Und wieder wurde jemand \u00fcber Nacht eingefroren...  Professor van Dusen: Bernd Vollbrecht Hutchinson Hatch: Nicolai Tegeler Joe Coffin: Christian Br\u00fcckner Stanford Beatty: Horst Naumann \u201eLa Mamma\u201c: Hildegard Meier Jeremiah Walford: Uwe Jellinek Norris Gilliett: Eckart Dux Louise Mulroy: Sandra Steinbach Det. Serg. Rigoletto Caruso: Gerald Paradies u.a.  Regie: Gerd Naumann Buch: Marc Freund Komponist: Christian Bluthardt Sounddesign, Mischung &amp; Master: Tom Steinbrecher  Spieldauer: ca. 74 Minuten\" \/>\n<meta name=\"robots\" content=\"index, follow, max-snippet:-1, max-image-preview:large, max-video-preview:-1\" \/>\n<link rel=\"canonical\" href=\"https:\/\/www.allscore.de\/shop\/produkt\/professor-van-dusen-taut-auf\/\" \/>\n<meta property=\"og:locale\" content=\"de_DE\" \/>\n<meta property=\"og:type\" content=\"article\" \/>\n<meta property=\"og:title\" content=\"Professor van Dusen taut auf (03)\" \/>\n<meta property=\"og:description\" content=\"Die Mitarbeiter des Schlachthofes machen eine grausige Entdeckung: Im hauseigenen Eiskeller finden sie eine tiefgefrorene Leiche. Detective-Sergeant Caruso von der New Yorker Kriminalpolizei vermutet Selbstmord. Der eilig zu Rate gezogene Professor van Dusen allerdings stellt fest, dass der Mann keines nat\u00fcrlichen Todes gestorben ist. Dar\u00fcber hinaus hat die Mafia ein erstaunliches Interesse an diesem Fall. Der Denkmaschine bleibt nicht viel Zeit, das R\u00e4tsel zu l\u00f6sen, denn schon schl\u00e4gt der M\u00f6rder ein weiteres Mal zu. Und wieder wurde jemand \u00fcber Nacht eingefroren...  Professor van Dusen: Bernd Vollbrecht Hutchinson Hatch: Nicolai Tegeler Joe Coffin: Christian Br\u00fcckner Stanford Beatty: Horst Naumann \u201eLa Mamma\u201c: Hildegard Meier Jeremiah Walford: Uwe Jellinek Norris Gilliett: Eckart Dux Louise Mulroy: Sandra Steinbach Det. Serg. Rigoletto Caruso: Gerald Paradies u.a.  Regie: Gerd Naumann Buch: Marc Freund Komponist: Christian Bluthardt Sounddesign, Mischung &amp; Master: Tom Steinbrecher  Spieldauer: ca. 74 Minuten\" \/>\n<meta property=\"og:url\" content=\"https:\/\/www.allscore.de\/shop\/produkt\/professor-van-dusen-taut-auf\/\" \/>\n<meta property=\"og:site_name\" content=\"Allscore Shop\" \/>\n<meta property=\"article:modified_time\" content=\"2026-04-26T20:00:06+00:00\" \/>\n<meta property=\"og:image\" content=\"https:\/\/www.allscore.de\/shop\/wp-content\/uploads\/2020\/09\/PvD03_1200x1200.jpg\" \/>\n\t<meta property=\"og:image:width\" content=\"1200\" \/>\n\t<meta property=\"og:image:height\" content=\"1200\" \/>\n\t<meta property=\"og:image:type\" content=\"image\/jpeg\" \/>\n<meta name=\"twitter:card\" content=\"summary_large_image\" \/>\n<meta name=\"twitter:label1\" content=\"Gesch\u00e4tzte Lesezeit\" \/>\n\t<meta name=\"twitter:data1\" content=\"1\u00a0Minute\" \/>\n<script type=\"application\/ld+json\" class=\"yoast-schema-graph\">{\"@context\":\"https:\\\/\\\/schema.org\",\"@graph\":[{\"@type\":\"WebPage\",\"@id\":\"https:\\\/\\\/www.allscore.de\\\/shop\\\/produkt\\\/professor-van-dusen-taut-auf\\\/\",\"url\":\"https:\\\/\\\/www.allscore.de\\\/shop\\\/produkt\\\/professor-van-dusen-taut-auf\\\/\",\"name\":\"Professor van Dusen taut auf (03)\",\"isPartOf\":{\"@id\":\"https:\\\/\\\/www.allscore.de\\\/shop\\\/#website\"},\"primaryImageOfPage\":{\"@id\":\"https:\\\/\\\/www.allscore.de\\\/shop\\\/produkt\\\/professor-van-dusen-taut-auf\\\/#primaryimage\"},\"image\":{\"@id\":\"https:\\\/\\\/www.allscore.de\\\/shop\\\/produkt\\\/professor-van-dusen-taut-auf\\\/#primaryimage\"},\"thumbnailUrl\":\"https:\\\/\\\/www.allscore.de\\\/shop\\\/wp-content\\\/uploads\\\/2020\\\/09\\\/PvD03_1200x1200.jpg\",\"datePublished\":\"2015-09-04T14:37:44+00:00\",\"dateModified\":\"2026-04-26T20:00:06+00:00\",\"description\":\"Die Mitarbeiter des Schlachthofes machen eine grausige Entdeckung: Im hauseigenen Eiskeller finden sie eine tiefgefrorene Leiche. Detective-Sergeant Caruso von der New Yorker Kriminalpolizei vermutet Selbstmord. Der eilig zu Rate gezogene Professor van Dusen allerdings stellt fest, dass der Mann keines nat\u00fcrlichen Todes gestorben ist. Dar\u00fcber hinaus hat die Mafia ein erstaunliches Interesse an diesem Fall. Der Denkmaschine bleibt nicht viel Zeit, das R\u00e4tsel zu l\u00f6sen, denn schon schl\u00e4gt der M\u00f6rder ein weiteres Mal zu. Und wieder wurde jemand \u00fcber Nacht eingefroren... Professor van Dusen: Bernd Vollbrecht Hutchinson Hatch: Nicolai Tegeler Joe Coffin: Christian Br\u00fcckner Stanford Beatty: Horst Naumann \u201eLa Mamma\u201c: Hildegard Meier Jeremiah Walford: Uwe Jellinek Norris Gilliett: Eckart Dux Louise Mulroy: Sandra Steinbach Det. Serg. Rigoletto Caruso: Gerald Paradies u.a. Regie: Gerd Naumann Buch: Marc Freund Komponist: Christian Bluthardt Sounddesign, Mischung &amp; Master: Tom Steinbrecher Spieldauer: ca. 74 Minuten\",\"breadcrumb\":{\"@id\":\"https:\\\/\\\/www.allscore.de\\\/shop\\\/produkt\\\/professor-van-dusen-taut-auf\\\/#breadcrumb\"},\"inLanguage\":\"de\",\"potentialAction\":[{\"@type\":\"ReadAction\",\"target\":[\"https:\\\/\\\/www.allscore.de\\\/shop\\\/produkt\\\/professor-van-dusen-taut-auf\\\/\"]}]},{\"@type\":\"ImageObject\",\"inLanguage\":\"de\",\"@id\":\"https:\\\/\\\/www.allscore.de\\\/shop\\\/produkt\\\/professor-van-dusen-taut-auf\\\/#primaryimage\",\"url\":\"https:\\\/\\\/www.allscore.de\\\/shop\\\/wp-content\\\/uploads\\\/2020\\\/09\\\/PvD03_1200x1200.jpg\",\"contentUrl\":\"https:\\\/\\\/www.allscore.de\\\/shop\\\/wp-content\\\/uploads\\\/2020\\\/09\\\/PvD03_1200x1200.jpg\",\"width\":1200,\"height\":1200,\"caption\":\"Professor van Dusen taut auf\"},{\"@type\":\"BreadcrumbList\",\"@id\":\"https:\\\/\\\/www.allscore.de\\\/shop\\\/produkt\\\/professor-van-dusen-taut-auf\\\/#breadcrumb\",\"itemListElement\":[{\"@type\":\"ListItem\",\"position\":1,\"name\":\"Startseite\",\"item\":\"https:\\\/\\\/www.allscore.de\\\/shop\\\/\"},{\"@type\":\"ListItem\",\"position\":2,\"name\":\"Produkte\",\"item\":\"https:\\\/\\\/www.allscore.de\\\/shop\\\/shop\\\/\"},{\"@type\":\"ListItem\",\"position\":3,\"name\":\"Professor van Dusen taut auf (03)\"}]},{\"@type\":\"WebSite\",\"@id\":\"https:\\\/\\\/www.allscore.de\\\/shop\\\/#website\",\"url\":\"https:\\\/\\\/www.allscore.de\\\/shop\\\/\",\"name\":\"Allscore Shop\",\"description\":\"All Score Media\",\"publisher\":{\"@id\":\"https:\\\/\\\/www.allscore.de\\\/shop\\\/#organization\"},\"potentialAction\":[{\"@type\":\"SearchAction\",\"target\":{\"@type\":\"EntryPoint\",\"urlTemplate\":\"https:\\\/\\\/www.allscore.de\\\/shop\\\/?s={search_term_string}\"},\"query-input\":{\"@type\":\"PropertyValueSpecification\",\"valueRequired\":true,\"valueName\":\"search_term_string\"}}],\"inLanguage\":\"de\"},{\"@type\":\"Organization\",\"@id\":\"https:\\\/\\\/www.allscore.de\\\/shop\\\/#organization\",\"name\":\"All Score Media\",\"alternateName\":\"Allscore\",\"url\":\"https:\\\/\\\/www.allscore.de\\\/shop\\\/\",\"logo\":{\"@type\":\"ImageObject\",\"inLanguage\":\"de\",\"@id\":\"https:\\\/\\\/www.allscore.de\\\/shop\\\/#\\\/schema\\\/logo\\\/image\\\/\",\"url\":\"https:\\\/\\\/www.allscore.de\\\/shop\\\/wp-content\\\/uploads\\\/2026\\\/01\\\/Logo_Yoast_Shop_2026.png\",\"contentUrl\":\"https:\\\/\\\/www.allscore.de\\\/shop\\\/wp-content\\\/uploads\\\/2026\\\/01\\\/Logo_Yoast_Shop_2026.png\",\"width\":696,\"height\":696,\"caption\":\"All Score Media\"},\"image\":{\"@id\":\"https:\\\/\\\/www.allscore.de\\\/shop\\\/#\\\/schema\\\/logo\\\/image\\\/\"}}]}<\/script>\n<!-- \/ Yoast SEO plugin. -->","yoast_head_json":{"title":"Professor van Dusen taut auf (03)","description":"Die Mitarbeiter des Schlachthofes machen eine grausige Entdeckung: Im hauseigenen Eiskeller finden sie eine tiefgefrorene Leiche. Detective-Sergeant Caruso von der New Yorker Kriminalpolizei vermutet Selbstmord. Der eilig zu Rate gezogene Professor van Dusen allerdings stellt fest, dass der Mann keines nat\u00fcrlichen Todes gestorben ist. Dar\u00fcber hinaus hat die Mafia ein erstaunliches Interesse an diesem Fall. Der Denkmaschine bleibt nicht viel Zeit, das R\u00e4tsel zu l\u00f6sen, denn schon schl\u00e4gt der M\u00f6rder ein weiteres Mal zu. Und wieder wurde jemand \u00fcber Nacht eingefroren...  Professor van Dusen: Bernd Vollbrecht Hutchinson Hatch: Nicolai Tegeler Joe Coffin: Christian Br\u00fcckner Stanford Beatty: Horst Naumann \u201eLa Mamma\u201c: Hildegard Meier Jeremiah Walford: Uwe Jellinek Norris Gilliett: Eckart Dux Louise Mulroy: Sandra Steinbach Det. Serg. Rigoletto Caruso: Gerald Paradies u.a.  Regie: Gerd Naumann Buch: Marc Freund Komponist: Christian Bluthardt Sounddesign, Mischung &amp; Master: Tom Steinbrecher  Spieldauer: ca. 74 Minuten","robots":{"index":"index","follow":"follow","max-snippet":"max-snippet:-1","max-image-preview":"max-image-preview:large","max-video-preview":"max-video-preview:-1"},"canonical":"https:\/\/www.allscore.de\/shop\/produkt\/professor-van-dusen-taut-auf\/","og_locale":"de_DE","og_type":"article","og_title":"Professor van Dusen taut auf (03)","og_description":"Die Mitarbeiter des Schlachthofes machen eine grausige Entdeckung: Im hauseigenen Eiskeller finden sie eine tiefgefrorene Leiche. Detective-Sergeant Caruso von der New Yorker Kriminalpolizei vermutet Selbstmord. Der eilig zu Rate gezogene Professor van Dusen allerdings stellt fest, dass der Mann keines nat\u00fcrlichen Todes gestorben ist. Dar\u00fcber hinaus hat die Mafia ein erstaunliches Interesse an diesem Fall. Der Denkmaschine bleibt nicht viel Zeit, das R\u00e4tsel zu l\u00f6sen, denn schon schl\u00e4gt der M\u00f6rder ein weiteres Mal zu. Und wieder wurde jemand \u00fcber Nacht eingefroren...  Professor van Dusen: Bernd Vollbrecht Hutchinson Hatch: Nicolai Tegeler Joe Coffin: Christian Br\u00fcckner Stanford Beatty: Horst Naumann \u201eLa Mamma\u201c: Hildegard Meier Jeremiah Walford: Uwe Jellinek Norris Gilliett: Eckart Dux Louise Mulroy: Sandra Steinbach Det. Serg. Rigoletto Caruso: Gerald Paradies u.a.  Regie: Gerd Naumann Buch: Marc Freund Komponist: Christian Bluthardt Sounddesign, Mischung &amp; Master: Tom Steinbrecher  Spieldauer: ca. 74 Minuten","og_url":"https:\/\/www.allscore.de\/shop\/produkt\/professor-van-dusen-taut-auf\/","og_site_name":"Allscore Shop","article_modified_time":"2026-04-26T20:00:06+00:00","og_image":[{"width":1200,"height":1200,"url":"https:\/\/www.allscore.de\/shop\/wp-content\/uploads\/2020\/09\/PvD03_1200x1200.jpg","type":"image\/jpeg"}],"twitter_card":"summary_large_image","twitter_misc":{"Gesch\u00e4tzte Lesezeit":"1\u00a0Minute"},"schema":{"@context":"https:\/\/schema.org","@graph":[{"@type":"WebPage","@id":"https:\/\/www.allscore.de\/shop\/produkt\/professor-van-dusen-taut-auf\/","url":"https:\/\/www.allscore.de\/shop\/produkt\/professor-van-dusen-taut-auf\/","name":"Professor van Dusen taut auf (03)","isPartOf":{"@id":"https:\/\/www.allscore.de\/shop\/#website"},"primaryImageOfPage":{"@id":"https:\/\/www.allscore.de\/shop\/produkt\/professor-van-dusen-taut-auf\/#primaryimage"},"image":{"@id":"https:\/\/www.allscore.de\/shop\/produkt\/professor-van-dusen-taut-auf\/#primaryimage"},"thumbnailUrl":"https:\/\/www.allscore.de\/shop\/wp-content\/uploads\/2020\/09\/PvD03_1200x1200.jpg","datePublished":"2015-09-04T14:37:44+00:00","dateModified":"2026-04-26T20:00:06+00:00","description":"Die Mitarbeiter des Schlachthofes machen eine grausige Entdeckung: Im hauseigenen Eiskeller finden sie eine tiefgefrorene Leiche. Detective-Sergeant Caruso von der New Yorker Kriminalpolizei vermutet Selbstmord. Der eilig zu Rate gezogene Professor van Dusen allerdings stellt fest, dass der Mann keines nat\u00fcrlichen Todes gestorben ist. Dar\u00fcber hinaus hat die Mafia ein erstaunliches Interesse an diesem Fall. Der Denkmaschine bleibt nicht viel Zeit, das R\u00e4tsel zu l\u00f6sen, denn schon schl\u00e4gt der M\u00f6rder ein weiteres Mal zu. Und wieder wurde jemand \u00fcber Nacht eingefroren... Professor van Dusen: Bernd Vollbrecht Hutchinson Hatch: Nicolai Tegeler Joe Coffin: Christian Br\u00fcckner Stanford Beatty: Horst Naumann \u201eLa Mamma\u201c: Hildegard Meier Jeremiah Walford: Uwe Jellinek Norris Gilliett: Eckart Dux Louise Mulroy: Sandra Steinbach Det. Serg. Rigoletto Caruso: Gerald Paradies u.a. Regie: Gerd Naumann Buch: Marc Freund Komponist: Christian Bluthardt Sounddesign, Mischung &amp; Master: Tom Steinbrecher Spieldauer: ca. 74 Minuten","breadcrumb":{"@id":"https:\/\/www.allscore.de\/shop\/produkt\/professor-van-dusen-taut-auf\/#breadcrumb"},"inLanguage":"de","potentialAction":[{"@type":"ReadAction","target":["https:\/\/www.allscore.de\/shop\/produkt\/professor-van-dusen-taut-auf\/"]}]},{"@type":"ImageObject","inLanguage":"de","@id":"https:\/\/www.allscore.de\/shop\/produkt\/professor-van-dusen-taut-auf\/#primaryimage","url":"https:\/\/www.allscore.de\/shop\/wp-content\/uploads\/2020\/09\/PvD03_1200x1200.jpg","contentUrl":"https:\/\/www.allscore.de\/shop\/wp-content\/uploads\/2020\/09\/PvD03_1200x1200.jpg","width":1200,"height":1200,"caption":"Professor van Dusen taut auf"},{"@type":"BreadcrumbList","@id":"https:\/\/www.allscore.de\/shop\/produkt\/professor-van-dusen-taut-auf\/#breadcrumb","itemListElement":[{"@type":"ListItem","position":1,"name":"Startseite","item":"https:\/\/www.allscore.de\/shop\/"},{"@type":"ListItem","position":2,"name":"Produkte","item":"https:\/\/www.allscore.de\/shop\/shop\/"},{"@type":"ListItem","position":3,"name":"Professor van Dusen taut auf (03)"}]},{"@type":"WebSite","@id":"https:\/\/www.allscore.de\/shop\/#website","url":"https:\/\/www.allscore.de\/shop\/","name":"Allscore Shop","description":"All Score Media","publisher":{"@id":"https:\/\/www.allscore.de\/shop\/#organization"},"potentialAction":[{"@type":"SearchAction","target":{"@type":"EntryPoint","urlTemplate":"https:\/\/www.allscore.de\/shop\/?s={search_term_string}"},"query-input":{"@type":"PropertyValueSpecification","valueRequired":true,"valueName":"search_term_string"}}],"inLanguage":"de"},{"@type":"Organization","@id":"https:\/\/www.allscore.de\/shop\/#organization","name":"All Score Media","alternateName":"Allscore","url":"https:\/\/www.allscore.de\/shop\/","logo":{"@type":"ImageObject","inLanguage":"de","@id":"https:\/\/www.allscore.de\/shop\/#\/schema\/logo\/image\/","url":"https:\/\/www.allscore.de\/shop\/wp-content\/uploads\/2026\/01\/Logo_Yoast_Shop_2026.png","contentUrl":"https:\/\/www.allscore.de\/shop\/wp-content\/uploads\/2026\/01\/Logo_Yoast_Shop_2026.png","width":696,"height":696,"caption":"All Score Media"},"image":{"@id":"https:\/\/www.allscore.de\/shop\/#\/schema\/logo\/image\/"}}]}},"_links":{"self":[{"href":"https:\/\/www.allscore.de\/shop\/wp-json\/wp\/v2\/product\/7421","targetHints":{"allow":["GET"]}}],"collection":[{"href":"https:\/\/www.allscore.de\/shop\/wp-json\/wp\/v2\/product"}],"about":[{"href":"https:\/\/www.allscore.de\/shop\/wp-json\/wp\/v2\/types\/product"}],"wp:featuredmedia":[{"embeddable":true,"href":"https:\/\/www.allscore.de\/shop\/wp-json\/wp\/v2\/media\/7403"}],"wp:attachment":[{"href":"https:\/\/www.allscore.de\/shop\/wp-json\/wp\/v2\/media?parent=7421"}],"wp:term":[{"taxonomy":"product_brand","embeddable":true,"href":"https:\/\/www.allscore.de\/shop\/wp-json\/wp\/v2\/product_brand?post=7421"},{"taxonomy":"product_cat","embeddable":true,"href":"https:\/\/www.allscore.de\/shop\/wp-json\/wp\/v2\/product_cat?post=7421"},{"taxonomy":"product_tag","embeddable":true,"href":"https:\/\/www.allscore.de\/shop\/wp-json\/wp\/v2\/product_tag?post=7421"}],"curies":[{"name":"wp","href":"https:\/\/api.w.org\/{rel}","templated":true}]}}