{"id":7028,"date":"2020-07-11T21:59:18","date_gmt":"2020-07-11T19:59:18","guid":{"rendered":"https:\/\/www.allscore.de\/shop\/?post_type=product&#038;p=7028"},"modified":"2022-07-20T22:27:34","modified_gmt":"2022-07-20T20:27:34","slug":"comme-toute-la-jeunesse-francaise-sur-lsd-25-version-anniversaire","status":"publish","type":"product","link":"https:\/\/www.allscore.de\/shop\/produkt\/comme-toute-la-jeunesse-francaise-sur-lsd-25-version-anniversaire\/","title":{"rendered":"Les Quitriche &#8211; Comme toute la jeunesse fran\u00e7aise sur LSD-25 (version anniversaire)"},"content":{"rendered":"","protected":false},"excerpt":{"rendered":"<p>Die Gro\u00dffamilie aus Quitriche-en-Auvergne feiert Geburtstag! Zu ihrem 10. B\u00fchnenjubil\u00e4um beschenken die gutaussehenden Geschwister sich und uns mit einer 7\u201c-Vinyl-Single.<\/p>\n<p>Mit dieser Idee rannten Les Quitriche bei ihrem Label offene T\u00fcren ein. Feiert dieses 2014 doch ebenfalls ein Jubil\u00e4um: seit nunmehr 15 Jahren werden bei Allscore Platten ver\u00f6ffentlicht.<\/p>\n<p>Zwei passende Sixties-Beatnummern sind schnell aufgenommen: Eine brandneue \u201eversion anniversaire\u201c ihres Hits \u201eComme toute la jeunesse fran\u00e7aise sur LSD-25\u201c (vom Album \u201eLa R\u00e9colte\u201c, 2012, Allscore) und eine Coverversion von Sylvie Vartans \u201eNe t&#8217;en vas pas\u201c (der franz\u00f6sischen Adaption von \u201eComin\u2018 home baby\u201c).<\/p>\n<p>Die schicke Verpackung gestaltete die Designerin Florence Shirazi vom ebenfalls frankophilen Modelabel Mademoiselle Y\u00e9Y\u00e9, f\u00fcr welches S\u00e4ngerin Sillette Quitriche auch als Model in Erscheinung tritt.<br \/>\nEin beigelegtes Faltblatt zeigt Fotos und Informationen aus der Bandhistorie.<\/p>\n<p>Bon anniversaire!<\/p>\n<p><img decoding=\"async\" src=\"https:\/\/www.allscore.de\/upload\/les_quitriche_500.jpg\" \/><br \/>\n(Foto: Dmitri, www.superfabrik.com)<\/p>\n","protected":false},"featured_media":8019,"template":"","meta":[],"product_brand":[],"product_cat":[49,101],"product_tag":[],"class_list":{"0":"post-7028","1":"product","2":"type-product","3":"status-publish","4":"has-post-thumbnail","6":"product_cat-bands","7":"product_cat-les-quitriche","8":"product_shipping_class-tontraeger-cd","9":"entry","10":"clearfix","11":"entry-grid","12":"entry-columns-3","13":"entry-product-module-layout-sidebar-right","14":"thumbnail-color-tone-dark","15":"entry-product","17":"entry-product-grid","19":"first","20":"instock","21":"taxable","22":"shipping-taxable","23":"purchasable","24":"product-type-simple"},"yoast_head":"<!-- This site is optimized with the Yoast SEO plugin v27.4 - https:\/\/yoast.com\/product\/yoast-seo-wordpress\/ -->\n<title>Les Quitriche - Comme toute la jeunesse fran\u00e7aise sur LSD-25 (version anniversaire)<\/title>\n<meta name=\"description\" content=\"Die Gro\u00dffamilie aus Quitriche-en-Auvergne feiert Geburtstag! Zu ihrem 10. B\u00fchnenjubil\u00e4um beschenken die gutaussehenden Geschwister sich und uns mit einer 7\u201c-Vinyl-Single.  Mit dieser Idee rannten Les Quitriche bei ihrem Label offene T\u00fcren ein. Feiert dieses 2014 doch ebenfalls ein Jubil\u00e4um: seit nunmehr 15 Jahren werden bei Allscore Platten ver\u00f6ffentlicht.  Zwei passende Sixties-Beatnummern sind schnell aufgenommen: Eine brandneue \u201eversion anniversaire\u201c ihres Hits \u201eComme toute la jeunesse fran\u00e7aise sur LSD-25\u201c (vom Album \u201eLa R\u00e9colte\u201c, 2012, Allscore) und eine Coverversion von Sylvie Vartans \u201eNe t&#039;en vas pas\u201c (der franz\u00f6sischen Adaption von \u201eComin\u2018 home baby\u201c).  Die schicke Verpackung gestaltete die Designerin Florence Shirazi vom ebenfalls frankophilen Modelabel Mademoiselle Y\u00e9Y\u00e9, f\u00fcr welches S\u00e4ngerin Sillette Quitriche auch als Model in Erscheinung tritt. Ein beigelegtes Faltblatt zeigt Fotos und Informationen aus der Bandhistorie.  Bon anniversaire!   (Foto: Dmitri, www.superfabrik.com)\" \/>\n<meta name=\"robots\" content=\"index, follow, max-snippet:-1, max-image-preview:large, max-video-preview:-1\" \/>\n<link rel=\"canonical\" href=\"https:\/\/www.allscore.de\/shop\/produkt\/comme-toute-la-jeunesse-francaise-sur-lsd-25-version-anniversaire\/\" \/>\n<meta property=\"og:locale\" content=\"de_DE\" \/>\n<meta property=\"og:type\" content=\"article\" \/>\n<meta property=\"og:title\" content=\"Les Quitriche - Comme toute la jeunesse fran\u00e7aise sur LSD-25 (version anniversaire)\" \/>\n<meta property=\"og:description\" content=\"Die Gro\u00dffamilie aus Quitriche-en-Auvergne feiert Geburtstag! Zu ihrem 10. B\u00fchnenjubil\u00e4um beschenken die gutaussehenden Geschwister sich und uns mit einer 7\u201c-Vinyl-Single.  Mit dieser Idee rannten Les Quitriche bei ihrem Label offene T\u00fcren ein. Feiert dieses 2014 doch ebenfalls ein Jubil\u00e4um: seit nunmehr 15 Jahren werden bei Allscore Platten ver\u00f6ffentlicht.  Zwei passende Sixties-Beatnummern sind schnell aufgenommen: Eine brandneue \u201eversion anniversaire\u201c ihres Hits \u201eComme toute la jeunesse fran\u00e7aise sur LSD-25\u201c (vom Album \u201eLa R\u00e9colte\u201c, 2012, Allscore) und eine Coverversion von Sylvie Vartans \u201eNe t&#039;en vas pas\u201c (der franz\u00f6sischen Adaption von \u201eComin\u2018 home baby\u201c).  Die schicke Verpackung gestaltete die Designerin Florence Shirazi vom ebenfalls frankophilen Modelabel Mademoiselle Y\u00e9Y\u00e9, f\u00fcr welches S\u00e4ngerin Sillette Quitriche auch als Model in Erscheinung tritt. Ein beigelegtes Faltblatt zeigt Fotos und Informationen aus der Bandhistorie.  Bon anniversaire!   (Foto: Dmitri, www.superfabrik.com)\" \/>\n<meta property=\"og:url\" content=\"https:\/\/www.allscore.de\/shop\/produkt\/comme-toute-la-jeunesse-francaise-sur-lsd-25-version-anniversaire\/\" \/>\n<meta property=\"og:site_name\" content=\"Allscore Shop\" \/>\n<meta property=\"article:modified_time\" content=\"2022-07-20T20:27:34+00:00\" \/>\n<meta property=\"og:image\" content=\"https:\/\/www.allscore.de\/shop\/wp-content\/uploads\/2020\/09\/ASM037_1200x1200.jpg\" \/>\n\t<meta property=\"og:image:width\" content=\"1200\" \/>\n\t<meta property=\"og:image:height\" content=\"1200\" \/>\n\t<meta property=\"og:image:type\" content=\"image\/jpeg\" \/>\n<meta name=\"twitter:card\" content=\"summary_large_image\" \/>\n<script type=\"application\/ld+json\" class=\"yoast-schema-graph\">{\"@context\":\"https:\\\/\\\/schema.org\",\"@graph\":[{\"@type\":\"WebPage\",\"@id\":\"https:\\\/\\\/www.allscore.de\\\/shop\\\/produkt\\\/comme-toute-la-jeunesse-francaise-sur-lsd-25-version-anniversaire\\\/\",\"url\":\"https:\\\/\\\/www.allscore.de\\\/shop\\\/produkt\\\/comme-toute-la-jeunesse-francaise-sur-lsd-25-version-anniversaire\\\/\",\"name\":\"Les Quitriche - Comme toute la jeunesse fran\u00e7aise sur LSD-25 (version anniversaire)\",\"isPartOf\":{\"@id\":\"https:\\\/\\\/www.allscore.de\\\/shop\\\/#website\"},\"primaryImageOfPage\":{\"@id\":\"https:\\\/\\\/www.allscore.de\\\/shop\\\/produkt\\\/comme-toute-la-jeunesse-francaise-sur-lsd-25-version-anniversaire\\\/#primaryimage\"},\"image\":{\"@id\":\"https:\\\/\\\/www.allscore.de\\\/shop\\\/produkt\\\/comme-toute-la-jeunesse-francaise-sur-lsd-25-version-anniversaire\\\/#primaryimage\"},\"thumbnailUrl\":\"https:\\\/\\\/www.allscore.de\\\/shop\\\/wp-content\\\/uploads\\\/2020\\\/09\\\/ASM037_1200x1200.jpg\",\"datePublished\":\"2020-07-11T19:59:18+00:00\",\"dateModified\":\"2022-07-20T20:27:34+00:00\",\"description\":\"Die Gro\u00dffamilie aus Quitriche-en-Auvergne feiert Geburtstag! Zu ihrem 10. B\u00fchnenjubil\u00e4um beschenken die gutaussehenden Geschwister sich und uns mit einer 7\u201c-Vinyl-Single. Mit dieser Idee rannten Les Quitriche bei ihrem Label offene T\u00fcren ein. Feiert dieses 2014 doch ebenfalls ein Jubil\u00e4um: seit nunmehr 15 Jahren werden bei Allscore Platten ver\u00f6ffentlicht. Zwei passende Sixties-Beatnummern sind schnell aufgenommen: Eine brandneue \u201eversion anniversaire\u201c ihres Hits \u201eComme toute la jeunesse fran\u00e7aise sur LSD-25\u201c (vom Album \u201eLa R\u00e9colte\u201c, 2012, Allscore) und eine Coverversion von Sylvie Vartans \u201eNe t'en vas pas\u201c (der franz\u00f6sischen Adaption von \u201eComin\u2018 home baby\u201c). Die schicke Verpackung gestaltete die Designerin Florence Shirazi vom ebenfalls frankophilen Modelabel Mademoiselle Y\u00e9Y\u00e9, f\u00fcr welches S\u00e4ngerin Sillette Quitriche auch als Model in Erscheinung tritt. Ein beigelegtes Faltblatt zeigt Fotos und Informationen aus der Bandhistorie. Bon anniversaire! (Foto: Dmitri, www.superfabrik.com)\",\"breadcrumb\":{\"@id\":\"https:\\\/\\\/www.allscore.de\\\/shop\\\/produkt\\\/comme-toute-la-jeunesse-francaise-sur-lsd-25-version-anniversaire\\\/#breadcrumb\"},\"inLanguage\":\"de\",\"potentialAction\":[{\"@type\":\"ReadAction\",\"target\":[\"https:\\\/\\\/www.allscore.de\\\/shop\\\/produkt\\\/comme-toute-la-jeunesse-francaise-sur-lsd-25-version-anniversaire\\\/\"]}]},{\"@type\":\"ImageObject\",\"inLanguage\":\"de\",\"@id\":\"https:\\\/\\\/www.allscore.de\\\/shop\\\/produkt\\\/comme-toute-la-jeunesse-francaise-sur-lsd-25-version-anniversaire\\\/#primaryimage\",\"url\":\"https:\\\/\\\/www.allscore.de\\\/shop\\\/wp-content\\\/uploads\\\/2020\\\/09\\\/ASM037_1200x1200.jpg\",\"contentUrl\":\"https:\\\/\\\/www.allscore.de\\\/shop\\\/wp-content\\\/uploads\\\/2020\\\/09\\\/ASM037_1200x1200.jpg\",\"width\":1200,\"height\":1200,\"caption\":\"Comme toute la jeunesse fran\u00e7aise sur LSD-25\"},{\"@type\":\"BreadcrumbList\",\"@id\":\"https:\\\/\\\/www.allscore.de\\\/shop\\\/produkt\\\/comme-toute-la-jeunesse-francaise-sur-lsd-25-version-anniversaire\\\/#breadcrumb\",\"itemListElement\":[{\"@type\":\"ListItem\",\"position\":1,\"name\":\"Startseite\",\"item\":\"https:\\\/\\\/www.allscore.de\\\/shop\\\/\"},{\"@type\":\"ListItem\",\"position\":2,\"name\":\"Produkte\",\"item\":\"https:\\\/\\\/www.allscore.de\\\/shop\\\/shop\\\/\"},{\"@type\":\"ListItem\",\"position\":3,\"name\":\"Les Quitriche &#8211; Comme toute la jeunesse fran\u00e7aise sur LSD-25 (version anniversaire)\"}]},{\"@type\":\"WebSite\",\"@id\":\"https:\\\/\\\/www.allscore.de\\\/shop\\\/#website\",\"url\":\"https:\\\/\\\/www.allscore.de\\\/shop\\\/\",\"name\":\"Allscore Shop\",\"description\":\"All Score Media\",\"publisher\":{\"@id\":\"https:\\\/\\\/www.allscore.de\\\/shop\\\/#organization\"},\"potentialAction\":[{\"@type\":\"SearchAction\",\"target\":{\"@type\":\"EntryPoint\",\"urlTemplate\":\"https:\\\/\\\/www.allscore.de\\\/shop\\\/?s={search_term_string}\"},\"query-input\":{\"@type\":\"PropertyValueSpecification\",\"valueRequired\":true,\"valueName\":\"search_term_string\"}}],\"inLanguage\":\"de\"},{\"@type\":\"Organization\",\"@id\":\"https:\\\/\\\/www.allscore.de\\\/shop\\\/#organization\",\"name\":\"All Score Media\",\"alternateName\":\"Allscore\",\"url\":\"https:\\\/\\\/www.allscore.de\\\/shop\\\/\",\"logo\":{\"@type\":\"ImageObject\",\"inLanguage\":\"de\",\"@id\":\"https:\\\/\\\/www.allscore.de\\\/shop\\\/#\\\/schema\\\/logo\\\/image\\\/\",\"url\":\"https:\\\/\\\/www.allscore.de\\\/shop\\\/wp-content\\\/uploads\\\/2026\\\/01\\\/Logo_Yoast_Shop_2026.png\",\"contentUrl\":\"https:\\\/\\\/www.allscore.de\\\/shop\\\/wp-content\\\/uploads\\\/2026\\\/01\\\/Logo_Yoast_Shop_2026.png\",\"width\":696,\"height\":696,\"caption\":\"All Score Media\"},\"image\":{\"@id\":\"https:\\\/\\\/www.allscore.de\\\/shop\\\/#\\\/schema\\\/logo\\\/image\\\/\"}}]}<\/script>\n<!-- \/ Yoast SEO plugin. -->","yoast_head_json":{"title":"Les Quitriche - Comme toute la jeunesse fran\u00e7aise sur LSD-25 (version anniversaire)","description":"Die Gro\u00dffamilie aus Quitriche-en-Auvergne feiert Geburtstag! Zu ihrem 10. B\u00fchnenjubil\u00e4um beschenken die gutaussehenden Geschwister sich und uns mit einer 7\u201c-Vinyl-Single.  Mit dieser Idee rannten Les Quitriche bei ihrem Label offene T\u00fcren ein. Feiert dieses 2014 doch ebenfalls ein Jubil\u00e4um: seit nunmehr 15 Jahren werden bei Allscore Platten ver\u00f6ffentlicht.  Zwei passende Sixties-Beatnummern sind schnell aufgenommen: Eine brandneue \u201eversion anniversaire\u201c ihres Hits \u201eComme toute la jeunesse fran\u00e7aise sur LSD-25\u201c (vom Album \u201eLa R\u00e9colte\u201c, 2012, Allscore) und eine Coverversion von Sylvie Vartans \u201eNe t'en vas pas\u201c (der franz\u00f6sischen Adaption von \u201eComin\u2018 home baby\u201c).  Die schicke Verpackung gestaltete die Designerin Florence Shirazi vom ebenfalls frankophilen Modelabel Mademoiselle Y\u00e9Y\u00e9, f\u00fcr welches S\u00e4ngerin Sillette Quitriche auch als Model in Erscheinung tritt. Ein beigelegtes Faltblatt zeigt Fotos und Informationen aus der Bandhistorie.  Bon anniversaire!   (Foto: Dmitri, www.superfabrik.com)","robots":{"index":"index","follow":"follow","max-snippet":"max-snippet:-1","max-image-preview":"max-image-preview:large","max-video-preview":"max-video-preview:-1"},"canonical":"https:\/\/www.allscore.de\/shop\/produkt\/comme-toute-la-jeunesse-francaise-sur-lsd-25-version-anniversaire\/","og_locale":"de_DE","og_type":"article","og_title":"Les Quitriche - Comme toute la jeunesse fran\u00e7aise sur LSD-25 (version anniversaire)","og_description":"Die Gro\u00dffamilie aus Quitriche-en-Auvergne feiert Geburtstag! Zu ihrem 10. B\u00fchnenjubil\u00e4um beschenken die gutaussehenden Geschwister sich und uns mit einer 7\u201c-Vinyl-Single.  Mit dieser Idee rannten Les Quitriche bei ihrem Label offene T\u00fcren ein. Feiert dieses 2014 doch ebenfalls ein Jubil\u00e4um: seit nunmehr 15 Jahren werden bei Allscore Platten ver\u00f6ffentlicht.  Zwei passende Sixties-Beatnummern sind schnell aufgenommen: Eine brandneue \u201eversion anniversaire\u201c ihres Hits \u201eComme toute la jeunesse fran\u00e7aise sur LSD-25\u201c (vom Album \u201eLa R\u00e9colte\u201c, 2012, Allscore) und eine Coverversion von Sylvie Vartans \u201eNe t'en vas pas\u201c (der franz\u00f6sischen Adaption von \u201eComin\u2018 home baby\u201c).  Die schicke Verpackung gestaltete die Designerin Florence Shirazi vom ebenfalls frankophilen Modelabel Mademoiselle Y\u00e9Y\u00e9, f\u00fcr welches S\u00e4ngerin Sillette Quitriche auch als Model in Erscheinung tritt. Ein beigelegtes Faltblatt zeigt Fotos und Informationen aus der Bandhistorie.  Bon anniversaire!   (Foto: Dmitri, www.superfabrik.com)","og_url":"https:\/\/www.allscore.de\/shop\/produkt\/comme-toute-la-jeunesse-francaise-sur-lsd-25-version-anniversaire\/","og_site_name":"Allscore Shop","article_modified_time":"2022-07-20T20:27:34+00:00","og_image":[{"width":1200,"height":1200,"url":"https:\/\/www.allscore.de\/shop\/wp-content\/uploads\/2020\/09\/ASM037_1200x1200.jpg","type":"image\/jpeg"}],"twitter_card":"summary_large_image","schema":{"@context":"https:\/\/schema.org","@graph":[{"@type":"WebPage","@id":"https:\/\/www.allscore.de\/shop\/produkt\/comme-toute-la-jeunesse-francaise-sur-lsd-25-version-anniversaire\/","url":"https:\/\/www.allscore.de\/shop\/produkt\/comme-toute-la-jeunesse-francaise-sur-lsd-25-version-anniversaire\/","name":"Les Quitriche - Comme toute la jeunesse fran\u00e7aise sur LSD-25 (version anniversaire)","isPartOf":{"@id":"https:\/\/www.allscore.de\/shop\/#website"},"primaryImageOfPage":{"@id":"https:\/\/www.allscore.de\/shop\/produkt\/comme-toute-la-jeunesse-francaise-sur-lsd-25-version-anniversaire\/#primaryimage"},"image":{"@id":"https:\/\/www.allscore.de\/shop\/produkt\/comme-toute-la-jeunesse-francaise-sur-lsd-25-version-anniversaire\/#primaryimage"},"thumbnailUrl":"https:\/\/www.allscore.de\/shop\/wp-content\/uploads\/2020\/09\/ASM037_1200x1200.jpg","datePublished":"2020-07-11T19:59:18+00:00","dateModified":"2022-07-20T20:27:34+00:00","description":"Die Gro\u00dffamilie aus Quitriche-en-Auvergne feiert Geburtstag! Zu ihrem 10. B\u00fchnenjubil\u00e4um beschenken die gutaussehenden Geschwister sich und uns mit einer 7\u201c-Vinyl-Single. Mit dieser Idee rannten Les Quitriche bei ihrem Label offene T\u00fcren ein. Feiert dieses 2014 doch ebenfalls ein Jubil\u00e4um: seit nunmehr 15 Jahren werden bei Allscore Platten ver\u00f6ffentlicht. Zwei passende Sixties-Beatnummern sind schnell aufgenommen: Eine brandneue \u201eversion anniversaire\u201c ihres Hits \u201eComme toute la jeunesse fran\u00e7aise sur LSD-25\u201c (vom Album \u201eLa R\u00e9colte\u201c, 2012, Allscore) und eine Coverversion von Sylvie Vartans \u201eNe t'en vas pas\u201c (der franz\u00f6sischen Adaption von \u201eComin\u2018 home baby\u201c). Die schicke Verpackung gestaltete die Designerin Florence Shirazi vom ebenfalls frankophilen Modelabel Mademoiselle Y\u00e9Y\u00e9, f\u00fcr welches S\u00e4ngerin Sillette Quitriche auch als Model in Erscheinung tritt. Ein beigelegtes Faltblatt zeigt Fotos und Informationen aus der Bandhistorie. Bon anniversaire! (Foto: Dmitri, www.superfabrik.com)","breadcrumb":{"@id":"https:\/\/www.allscore.de\/shop\/produkt\/comme-toute-la-jeunesse-francaise-sur-lsd-25-version-anniversaire\/#breadcrumb"},"inLanguage":"de","potentialAction":[{"@type":"ReadAction","target":["https:\/\/www.allscore.de\/shop\/produkt\/comme-toute-la-jeunesse-francaise-sur-lsd-25-version-anniversaire\/"]}]},{"@type":"ImageObject","inLanguage":"de","@id":"https:\/\/www.allscore.de\/shop\/produkt\/comme-toute-la-jeunesse-francaise-sur-lsd-25-version-anniversaire\/#primaryimage","url":"https:\/\/www.allscore.de\/shop\/wp-content\/uploads\/2020\/09\/ASM037_1200x1200.jpg","contentUrl":"https:\/\/www.allscore.de\/shop\/wp-content\/uploads\/2020\/09\/ASM037_1200x1200.jpg","width":1200,"height":1200,"caption":"Comme toute la jeunesse fran\u00e7aise sur LSD-25"},{"@type":"BreadcrumbList","@id":"https:\/\/www.allscore.de\/shop\/produkt\/comme-toute-la-jeunesse-francaise-sur-lsd-25-version-anniversaire\/#breadcrumb","itemListElement":[{"@type":"ListItem","position":1,"name":"Startseite","item":"https:\/\/www.allscore.de\/shop\/"},{"@type":"ListItem","position":2,"name":"Produkte","item":"https:\/\/www.allscore.de\/shop\/shop\/"},{"@type":"ListItem","position":3,"name":"Les Quitriche &#8211; Comme toute la jeunesse fran\u00e7aise sur LSD-25 (version anniversaire)"}]},{"@type":"WebSite","@id":"https:\/\/www.allscore.de\/shop\/#website","url":"https:\/\/www.allscore.de\/shop\/","name":"Allscore Shop","description":"All Score Media","publisher":{"@id":"https:\/\/www.allscore.de\/shop\/#organization"},"potentialAction":[{"@type":"SearchAction","target":{"@type":"EntryPoint","urlTemplate":"https:\/\/www.allscore.de\/shop\/?s={search_term_string}"},"query-input":{"@type":"PropertyValueSpecification","valueRequired":true,"valueName":"search_term_string"}}],"inLanguage":"de"},{"@type":"Organization","@id":"https:\/\/www.allscore.de\/shop\/#organization","name":"All Score Media","alternateName":"Allscore","url":"https:\/\/www.allscore.de\/shop\/","logo":{"@type":"ImageObject","inLanguage":"de","@id":"https:\/\/www.allscore.de\/shop\/#\/schema\/logo\/image\/","url":"https:\/\/www.allscore.de\/shop\/wp-content\/uploads\/2026\/01\/Logo_Yoast_Shop_2026.png","contentUrl":"https:\/\/www.allscore.de\/shop\/wp-content\/uploads\/2026\/01\/Logo_Yoast_Shop_2026.png","width":696,"height":696,"caption":"All Score Media"},"image":{"@id":"https:\/\/www.allscore.de\/shop\/#\/schema\/logo\/image\/"}}]}},"_links":{"self":[{"href":"https:\/\/www.allscore.de\/shop\/wp-json\/wp\/v2\/product\/7028","targetHints":{"allow":["GET"]}}],"collection":[{"href":"https:\/\/www.allscore.de\/shop\/wp-json\/wp\/v2\/product"}],"about":[{"href":"https:\/\/www.allscore.de\/shop\/wp-json\/wp\/v2\/types\/product"}],"wp:featuredmedia":[{"embeddable":true,"href":"https:\/\/www.allscore.de\/shop\/wp-json\/wp\/v2\/media\/8019"}],"wp:attachment":[{"href":"https:\/\/www.allscore.de\/shop\/wp-json\/wp\/v2\/media?parent=7028"}],"wp:term":[{"taxonomy":"product_brand","embeddable":true,"href":"https:\/\/www.allscore.de\/shop\/wp-json\/wp\/v2\/product_brand?post=7028"},{"taxonomy":"product_cat","embeddable":true,"href":"https:\/\/www.allscore.de\/shop\/wp-json\/wp\/v2\/product_cat?post=7028"},{"taxonomy":"product_tag","embeddable":true,"href":"https:\/\/www.allscore.de\/shop\/wp-json\/wp\/v2\/product_tag?post=7028"}],"curies":[{"name":"wp","href":"https:\/\/api.w.org\/{rel}","templated":true}]}}