{"id":13360,"date":"2024-09-23T10:42:07","date_gmt":"2024-09-23T08:42:07","guid":{"rendered":"https:\/\/www.allscore.de\/shop\/?post_type=product&#038;p=13360"},"modified":"2026-01-19T14:34:57","modified_gmt":"2026-01-19T13:34:57","slug":"inspector-lestrade-20-tod-eines-schmetterlings","status":"publish","type":"product","link":"https:\/\/www.allscore.de\/shop\/produkt\/inspector-lestrade-20-tod-eines-schmetterlings\/","title":{"rendered":"Inspector Lestrade 20: Tod eines Schmetterlings"},"content":{"rendered":"<p>Inspector Lestrade 20: Tod eines Schmetterlings<\/p>\n<p>Es ist ein ungew\u00f6hnlicher Hilferuf, mit dem sich die Variet\u00e9-T\u00e4nzerin Noreen Stilwell an Chiefinspector Lestrade wendet. Offen gibt sie dabei zu, dass sie einen reichen Bankier mit der Androhung ihn gesellschaftlich zu diskreditieren um sehr viel Geld erpresst hat. Und dieser scheint nun im Gegenzug seine H\u00e4scher auf sie angesetzt zu haben. Doch als der Name des genarrten Gentleman f\u00e4llt, gibt Lestrade rasch Entwarnung: Winston Quayle genie\u00dft in ganz London den Ruf eines Sch\u00fcrzenj\u00e4gers, dem seine Reputation herzlich egal zu sein scheint. Keine 24 Stunden sp\u00e4ter findet man die grausam verst\u00fcmmelte Leiche der jungen Frau in einem Hinterhof\u2026<\/p>\n<p>Inspector Lestrade: Lutz Harder<br \/>\nInspector Dash: Michael Pink<br \/>\nCommissioner Cedric Hawksley: Bodo Wolf<br \/>\nAnthony Wimbush: Manuel Straube<br \/>\nVictoria Bennett: Franziska Endres<br \/>\nMrs. Lestrade: Margrit Stra\u00dfburger<br \/>\nNoreen Stilwell: Josephine Schmidt<br \/>\nWinston Quayle: Matthias Klages<br \/>\nAngela Quayle: Uschi Hugo<br \/>\nMrs. Parker: Dina K\u00fcrten<br \/>\nArgyle: Rainer Fritzsche<br \/>\nRupert Clutterbuck: Kaspar Eichel<br \/>\nSamantha Aldred: Laurine Betz<br \/>\nGrace: Hanns J\u00f6rg Krumpholz<br \/>\nErnie: Patrick Giese<br \/>\nConstable: Sebastian Kluckert<\/p>\n<p>Regie: Gerd Naumann<br \/>\nBuch und Idee: Andreas Masuth<br \/>\nMusikproduktion: Christian Bluthardt<br \/>\nSounddesign, Mischung &#038; Master: Tom Steinbrecher<\/p>\n<p>Spieldauer: ca. 65 Minuten<\/p>\n","protected":false},"excerpt":{"rendered":"<p>Inspector Lestrade 20: Tod eines Schmetterlings Es ist ein ungew\u00f6hnlicher Hilferuf, mit dem sich die Variet\u00e9-T\u00e4nzerin Noreen Stilwell an Chiefinspector Lestrade wendet. Offen gibt sie dabei zu, dass sie einen reichen Bankier mit der Androhung ihn gesellschaftlich zu diskreditieren um sehr viel Geld erpresst hat. Und dieser scheint nun im Gegenzug seine H\u00e4scher auf sie&#8230;<\/p>\n<p><a rel=\"bookmark\" class=\"vonzot-button-simple wvc-button wvc-button-size-sm\" href=\"https:\/\/www.allscore.de\/shop\/produkt\/inspector-lestrade-20-tod-eines-schmetterlings\/\"><span>Read more<\/span><\/a><\/p>\n","protected":false},"featured_media":13362,"template":"","meta":[],"product_brand":[],"product_cat":[72,217],"product_tag":[],"class_list":{"0":"post-13360","1":"product","2":"type-product","3":"status-publish","4":"has-post-thumbnail","6":"product_cat-hoerspiele","7":"product_cat-inspector-lestrade","8":"product_shipping_class-tontraeger-cd","9":"entry","10":"clearfix","11":"entry-grid","12":"entry-columns-3","13":"entry-product-module-layout-sidebar-right","14":"thumbnail-color-tone-dark","15":"entry-product","17":"entry-product-grid","19":"first","20":"outofstock","21":"taxable","22":"shipping-taxable","23":"purchasable","24":"product-type-simple"},"yoast_head":"<!-- This site is optimized with the Yoast SEO plugin v27.3 - https:\/\/yoast.com\/product\/yoast-seo-wordpress\/ -->\n<title>Inspector Lestrade 20: Tod eines Schmetterlings<\/title>\n<meta name=\"description\" content=\"Inspector Lestrade 20: Tod eines Schmetterlings Es ist ein ungew\u00f6hnlicher Hilferuf, mit dem sich die Variet\u00e9-T\u00e4nzerin Noreen Stilwell an Chiefinspector\" \/>\n<meta name=\"robots\" content=\"index, follow, max-snippet:-1, max-image-preview:large, max-video-preview:-1\" \/>\n<link rel=\"canonical\" href=\"https:\/\/www.allscore.de\/shop\/produkt\/inspector-lestrade-20-tod-eines-schmetterlings\/\" \/>\n<meta property=\"og:locale\" content=\"de_DE\" \/>\n<meta property=\"og:type\" content=\"article\" \/>\n<meta property=\"og:title\" content=\"Inspector Lestrade 20: Tod eines Schmetterlings\" \/>\n<meta property=\"og:description\" content=\"Winston Quayle genie\u00dft in ganz London den Ruf eines Sch\u00fcrzenj\u00e4gers, dem seine Reputation herzlich egal zu sein scheint...\" \/>\n<meta property=\"og:url\" content=\"https:\/\/www.allscore.de\/shop\/produkt\/inspector-lestrade-20-tod-eines-schmetterlings\/\" \/>\n<meta property=\"og:site_name\" content=\"Allscore Shop\" \/>\n<meta property=\"article:modified_time\" content=\"2026-01-19T13:34:57+00:00\" \/>\n<meta property=\"og:image\" content=\"https:\/\/www.allscore.de\/shop\/wp-content\/uploads\/2024\/09\/Lest20_1200x1200.jpg\" \/>\n\t<meta property=\"og:image:width\" content=\"1200\" \/>\n\t<meta property=\"og:image:height\" content=\"1200\" \/>\n\t<meta property=\"og:image:type\" content=\"image\/jpeg\" \/>\n<meta name=\"twitter:card\" content=\"summary_large_image\" \/>\n<meta name=\"twitter:label1\" content=\"Gesch\u00e4tzte Lesezeit\" \/>\n\t<meta name=\"twitter:data1\" content=\"2\u00a0Minuten\" \/>\n<script type=\"application\/ld+json\" class=\"yoast-schema-graph\">{\"@context\":\"https:\\\/\\\/schema.org\",\"@graph\":[{\"@type\":\"WebPage\",\"@id\":\"https:\\\/\\\/www.allscore.de\\\/shop\\\/produkt\\\/inspector-lestrade-20-tod-eines-schmetterlings\\\/\",\"url\":\"https:\\\/\\\/www.allscore.de\\\/shop\\\/produkt\\\/inspector-lestrade-20-tod-eines-schmetterlings\\\/\",\"name\":\"Inspector Lestrade 20: Tod eines Schmetterlings\",\"isPartOf\":{\"@id\":\"https:\\\/\\\/www.allscore.de\\\/shop\\\/#website\"},\"primaryImageOfPage\":{\"@id\":\"https:\\\/\\\/www.allscore.de\\\/shop\\\/produkt\\\/inspector-lestrade-20-tod-eines-schmetterlings\\\/#primaryimage\"},\"image\":{\"@id\":\"https:\\\/\\\/www.allscore.de\\\/shop\\\/produkt\\\/inspector-lestrade-20-tod-eines-schmetterlings\\\/#primaryimage\"},\"thumbnailUrl\":\"https:\\\/\\\/www.allscore.de\\\/shop\\\/wp-content\\\/uploads\\\/2024\\\/09\\\/Lest20_1200x1200.jpg\",\"datePublished\":\"2024-09-23T08:42:07+00:00\",\"dateModified\":\"2026-01-19T13:34:57+00:00\",\"description\":\"Inspector Lestrade 20: Tod eines Schmetterlings Es ist ein ungew\u00f6hnlicher Hilferuf, mit dem sich die Variet\u00e9-T\u00e4nzerin Noreen Stilwell an Chiefinspector\",\"breadcrumb\":{\"@id\":\"https:\\\/\\\/www.allscore.de\\\/shop\\\/produkt\\\/inspector-lestrade-20-tod-eines-schmetterlings\\\/#breadcrumb\"},\"inLanguage\":\"de\",\"potentialAction\":[{\"@type\":\"ReadAction\",\"target\":[\"https:\\\/\\\/www.allscore.de\\\/shop\\\/produkt\\\/inspector-lestrade-20-tod-eines-schmetterlings\\\/\"]}]},{\"@type\":\"ImageObject\",\"inLanguage\":\"de\",\"@id\":\"https:\\\/\\\/www.allscore.de\\\/shop\\\/produkt\\\/inspector-lestrade-20-tod-eines-schmetterlings\\\/#primaryimage\",\"url\":\"https:\\\/\\\/www.allscore.de\\\/shop\\\/wp-content\\\/uploads\\\/2024\\\/09\\\/Lest20_1200x1200.jpg\",\"contentUrl\":\"https:\\\/\\\/www.allscore.de\\\/shop\\\/wp-content\\\/uploads\\\/2024\\\/09\\\/Lest20_1200x1200.jpg\",\"width\":1200,\"height\":1200,\"caption\":\"Inspector Lestrade 20: Tod eines Schmetterlings\"},{\"@type\":\"BreadcrumbList\",\"@id\":\"https:\\\/\\\/www.allscore.de\\\/shop\\\/produkt\\\/inspector-lestrade-20-tod-eines-schmetterlings\\\/#breadcrumb\",\"itemListElement\":[{\"@type\":\"ListItem\",\"position\":1,\"name\":\"Startseite\",\"item\":\"https:\\\/\\\/www.allscore.de\\\/shop\\\/\"},{\"@type\":\"ListItem\",\"position\":2,\"name\":\"Produkte\",\"item\":\"https:\\\/\\\/www.allscore.de\\\/shop\\\/shop\\\/\"},{\"@type\":\"ListItem\",\"position\":3,\"name\":\"Inspector Lestrade 20: Tod eines Schmetterlings\"}]},{\"@type\":\"WebSite\",\"@id\":\"https:\\\/\\\/www.allscore.de\\\/shop\\\/#website\",\"url\":\"https:\\\/\\\/www.allscore.de\\\/shop\\\/\",\"name\":\"Allscore Shop\",\"description\":\"All Score Media\",\"publisher\":{\"@id\":\"https:\\\/\\\/www.allscore.de\\\/shop\\\/#organization\"},\"potentialAction\":[{\"@type\":\"SearchAction\",\"target\":{\"@type\":\"EntryPoint\",\"urlTemplate\":\"https:\\\/\\\/www.allscore.de\\\/shop\\\/?s={search_term_string}\"},\"query-input\":{\"@type\":\"PropertyValueSpecification\",\"valueRequired\":true,\"valueName\":\"search_term_string\"}}],\"inLanguage\":\"de\"},{\"@type\":\"Organization\",\"@id\":\"https:\\\/\\\/www.allscore.de\\\/shop\\\/#organization\",\"name\":\"All Score Media\",\"alternateName\":\"Allscore\",\"url\":\"https:\\\/\\\/www.allscore.de\\\/shop\\\/\",\"logo\":{\"@type\":\"ImageObject\",\"inLanguage\":\"de\",\"@id\":\"https:\\\/\\\/www.allscore.de\\\/shop\\\/#\\\/schema\\\/logo\\\/image\\\/\",\"url\":\"https:\\\/\\\/www.allscore.de\\\/shop\\\/wp-content\\\/uploads\\\/2026\\\/01\\\/Logo_Yoast_Shop_2026.png\",\"contentUrl\":\"https:\\\/\\\/www.allscore.de\\\/shop\\\/wp-content\\\/uploads\\\/2026\\\/01\\\/Logo_Yoast_Shop_2026.png\",\"width\":696,\"height\":696,\"caption\":\"All Score Media\"},\"image\":{\"@id\":\"https:\\\/\\\/www.allscore.de\\\/shop\\\/#\\\/schema\\\/logo\\\/image\\\/\"}}]}<\/script>\n<!-- \/ Yoast SEO plugin. -->","yoast_head_json":{"title":"Inspector Lestrade 20: Tod eines Schmetterlings","description":"Inspector Lestrade 20: Tod eines Schmetterlings Es ist ein ungew\u00f6hnlicher Hilferuf, mit dem sich die Variet\u00e9-T\u00e4nzerin Noreen Stilwell an Chiefinspector","robots":{"index":"index","follow":"follow","max-snippet":"max-snippet:-1","max-image-preview":"max-image-preview:large","max-video-preview":"max-video-preview:-1"},"canonical":"https:\/\/www.allscore.de\/shop\/produkt\/inspector-lestrade-20-tod-eines-schmetterlings\/","og_locale":"de_DE","og_type":"article","og_title":"Inspector Lestrade 20: Tod eines Schmetterlings","og_description":"Winston Quayle genie\u00dft in ganz London den Ruf eines Sch\u00fcrzenj\u00e4gers, dem seine Reputation herzlich egal zu sein scheint...","og_url":"https:\/\/www.allscore.de\/shop\/produkt\/inspector-lestrade-20-tod-eines-schmetterlings\/","og_site_name":"Allscore Shop","article_modified_time":"2026-01-19T13:34:57+00:00","og_image":[{"width":1200,"height":1200,"url":"https:\/\/www.allscore.de\/shop\/wp-content\/uploads\/2024\/09\/Lest20_1200x1200.jpg","type":"image\/jpeg"}],"twitter_card":"summary_large_image","twitter_misc":{"Gesch\u00e4tzte Lesezeit":"2\u00a0Minuten"},"schema":{"@context":"https:\/\/schema.org","@graph":[{"@type":"WebPage","@id":"https:\/\/www.allscore.de\/shop\/produkt\/inspector-lestrade-20-tod-eines-schmetterlings\/","url":"https:\/\/www.allscore.de\/shop\/produkt\/inspector-lestrade-20-tod-eines-schmetterlings\/","name":"Inspector Lestrade 20: Tod eines Schmetterlings","isPartOf":{"@id":"https:\/\/www.allscore.de\/shop\/#website"},"primaryImageOfPage":{"@id":"https:\/\/www.allscore.de\/shop\/produkt\/inspector-lestrade-20-tod-eines-schmetterlings\/#primaryimage"},"image":{"@id":"https:\/\/www.allscore.de\/shop\/produkt\/inspector-lestrade-20-tod-eines-schmetterlings\/#primaryimage"},"thumbnailUrl":"https:\/\/www.allscore.de\/shop\/wp-content\/uploads\/2024\/09\/Lest20_1200x1200.jpg","datePublished":"2024-09-23T08:42:07+00:00","dateModified":"2026-01-19T13:34:57+00:00","description":"Inspector Lestrade 20: Tod eines Schmetterlings Es ist ein ungew\u00f6hnlicher Hilferuf, mit dem sich die Variet\u00e9-T\u00e4nzerin Noreen Stilwell an Chiefinspector","breadcrumb":{"@id":"https:\/\/www.allscore.de\/shop\/produkt\/inspector-lestrade-20-tod-eines-schmetterlings\/#breadcrumb"},"inLanguage":"de","potentialAction":[{"@type":"ReadAction","target":["https:\/\/www.allscore.de\/shop\/produkt\/inspector-lestrade-20-tod-eines-schmetterlings\/"]}]},{"@type":"ImageObject","inLanguage":"de","@id":"https:\/\/www.allscore.de\/shop\/produkt\/inspector-lestrade-20-tod-eines-schmetterlings\/#primaryimage","url":"https:\/\/www.allscore.de\/shop\/wp-content\/uploads\/2024\/09\/Lest20_1200x1200.jpg","contentUrl":"https:\/\/www.allscore.de\/shop\/wp-content\/uploads\/2024\/09\/Lest20_1200x1200.jpg","width":1200,"height":1200,"caption":"Inspector Lestrade 20: Tod eines Schmetterlings"},{"@type":"BreadcrumbList","@id":"https:\/\/www.allscore.de\/shop\/produkt\/inspector-lestrade-20-tod-eines-schmetterlings\/#breadcrumb","itemListElement":[{"@type":"ListItem","position":1,"name":"Startseite","item":"https:\/\/www.allscore.de\/shop\/"},{"@type":"ListItem","position":2,"name":"Produkte","item":"https:\/\/www.allscore.de\/shop\/shop\/"},{"@type":"ListItem","position":3,"name":"Inspector Lestrade 20: Tod eines Schmetterlings"}]},{"@type":"WebSite","@id":"https:\/\/www.allscore.de\/shop\/#website","url":"https:\/\/www.allscore.de\/shop\/","name":"Allscore Shop","description":"All Score Media","publisher":{"@id":"https:\/\/www.allscore.de\/shop\/#organization"},"potentialAction":[{"@type":"SearchAction","target":{"@type":"EntryPoint","urlTemplate":"https:\/\/www.allscore.de\/shop\/?s={search_term_string}"},"query-input":{"@type":"PropertyValueSpecification","valueRequired":true,"valueName":"search_term_string"}}],"inLanguage":"de"},{"@type":"Organization","@id":"https:\/\/www.allscore.de\/shop\/#organization","name":"All Score Media","alternateName":"Allscore","url":"https:\/\/www.allscore.de\/shop\/","logo":{"@type":"ImageObject","inLanguage":"de","@id":"https:\/\/www.allscore.de\/shop\/#\/schema\/logo\/image\/","url":"https:\/\/www.allscore.de\/shop\/wp-content\/uploads\/2026\/01\/Logo_Yoast_Shop_2026.png","contentUrl":"https:\/\/www.allscore.de\/shop\/wp-content\/uploads\/2026\/01\/Logo_Yoast_Shop_2026.png","width":696,"height":696,"caption":"All Score Media"},"image":{"@id":"https:\/\/www.allscore.de\/shop\/#\/schema\/logo\/image\/"}}]}},"_links":{"self":[{"href":"https:\/\/www.allscore.de\/shop\/wp-json\/wp\/v2\/product\/13360","targetHints":{"allow":["GET"]}}],"collection":[{"href":"https:\/\/www.allscore.de\/shop\/wp-json\/wp\/v2\/product"}],"about":[{"href":"https:\/\/www.allscore.de\/shop\/wp-json\/wp\/v2\/types\/product"}],"wp:featuredmedia":[{"embeddable":true,"href":"https:\/\/www.allscore.de\/shop\/wp-json\/wp\/v2\/media\/13362"}],"wp:attachment":[{"href":"https:\/\/www.allscore.de\/shop\/wp-json\/wp\/v2\/media?parent=13360"}],"wp:term":[{"taxonomy":"product_brand","embeddable":true,"href":"https:\/\/www.allscore.de\/shop\/wp-json\/wp\/v2\/product_brand?post=13360"},{"taxonomy":"product_cat","embeddable":true,"href":"https:\/\/www.allscore.de\/shop\/wp-json\/wp\/v2\/product_cat?post=13360"},{"taxonomy":"product_tag","embeddable":true,"href":"https:\/\/www.allscore.de\/shop\/wp-json\/wp\/v2\/product_tag?post=13360"}],"curies":[{"name":"wp","href":"https:\/\/api.w.org\/{rel}","templated":true}]}}