{"id":10171,"date":"2021-08-12T12:15:02","date_gmt":"2021-08-12T10:15:02","guid":{"rendered":"https:\/\/www.allscore.de\/shop\/?page_id=10171"},"modified":"2021-08-12T18:03:20","modified_gmt":"2021-08-12T16:03:20","slug":"abonnements","status":"publish","type":"page","link":"https:\/\/www.allscore.de\/shop\/abonnements\/","title":{"rendered":"Abonnements"},"content":{"rendered":"<p>Die erste Folge Ihres Abonnements bezahlen Sie per Bank\u00fcberweisung oder Paypal, alle weiteren werden dann bequem von Ihrem Konto abgebucht.<br \/>\nBez\u00fcglich des Lastschriftmandats f\u00fcr das erforderliche SEPA-Bankeinzugsverfahren kommen wir auf Sie zu.<\/p>\n<p>Abonnements haben keine Mindestlaufzeit und k\u00f6nnen jederzeit bis 14 Tage vor der n\u00e4chsten Folge formlos per E-Mail oder postalisch gek\u00fcndigt werden.<\/p>\n<p>Ehemalige Bestandskunden der <strong>Romantruhe<\/strong> erhalten ihr Abonnement weiterhin auf Rechnung oder via SEPA-Bankeinzugsverfahren (bez\u00fcglich der Erneuerung des Lastschriftmandats kommen wir auf Sie zu). Prinzipiell gilt: Die Konditionen des Romantruhe-Abonnements bleiben bestehen, es sei denn der Allscore Shop ist entsprechend g\u00fcnstiger, dann gelten die g\u00fcnstigeren Konditionen.<\/p>\n<p>Sollten Sie Fragen haben, treten Sie mit uns in <a href=\"https:\/\/www.allscore.de\/shop\/kontakt\/\">Kontakt<\/a> bevor Sie Ihre Bestellung abschicken.<br \/>\nEs gibt eine L\u00f6sung f\u00fcr jedes Problem.<\/p>\n","protected":false},"excerpt":{"rendered":"<p>Die erste Folge Ihres Abonnements bezahlen Sie per Bank\u00fcberweisung oder Paypal, alle weiteren werden dann bequem von Ihrem Konto abgebucht. Bez\u00fcglich des Lastschriftmandats f\u00fcr das erforderliche SEPA-Bankeinzugsverfahren kommen wir auf Sie zu. Abonnements haben keine Mindestlaufzeit und k\u00f6nnen jederzeit bis 14 Tage vor der n\u00e4chsten Folge formlos per E-Mail oder postalisch gek\u00fcndigt werden. Ehemalige Bestandskunden&#8230;<\/p>\n<p><a rel=\"bookmark\" class=\"vonzot-button-simple wvc-button wvc-button-size-sm\" href=\"https:\/\/www.allscore.de\/shop\/abonnements\/\"><span>Read more<\/span><\/a><\/p>\n","protected":false},"author":2,"featured_media":255,"parent":0,"menu_order":0,"comment_status":"closed","ping_status":"closed","template":"","meta":{"footnotes":""},"class_list":{"0":"post-10171","1":"page","2":"type-page","3":"status-publish","4":"has-post-thumbnail","5":"hentry","6":"entry","7":"clearfix","8":"entry-grid","9":"entry-columns-default","10":"entry-page-module-layout-standard","11":"thumbnail-color-tone-dark","12":"entry-page","14":"entry-page-grid"},"yoast_head":"<!-- This site is optimized with the Yoast SEO plugin v27.4 - https:\/\/yoast.com\/product\/yoast-seo-wordpress\/ -->\n<title>Abonnements - Allscore Shop<\/title>\n<meta name=\"robots\" content=\"index, follow, max-snippet:-1, max-image-preview:large, max-video-preview:-1\" \/>\n<link rel=\"canonical\" href=\"https:\/\/www.allscore.de\/shop\/abonnements\/\" \/>\n<meta property=\"og:locale\" content=\"de_DE\" \/>\n<meta property=\"og:type\" content=\"article\" \/>\n<meta property=\"og:title\" content=\"Abonnements - Allscore Shop\" \/>\n<meta property=\"og:description\" content=\"Die erste Folge Ihres Abonnements bezahlen Sie per Bank\u00fcberweisung oder Paypal, alle weiteren werden dann bequem von Ihrem Konto abgebucht. Bez\u00fcglich des Lastschriftmandats f\u00fcr das erforderliche SEPA-Bankeinzugsverfahren kommen wir auf Sie zu. Abonnements haben keine Mindestlaufzeit und k\u00f6nnen jederzeit bis 14 Tage vor der n\u00e4chsten Folge formlos per E-Mail oder postalisch gek\u00fcndigt werden. Ehemalige Bestandskunden...Read more\" \/>\n<meta property=\"og:url\" content=\"https:\/\/www.allscore.de\/shop\/abonnements\/\" \/>\n<meta property=\"og:site_name\" content=\"Allscore Shop\" \/>\n<meta property=\"article:modified_time\" content=\"2021-08-12T16:03:20+00:00\" \/>\n<meta property=\"og:image\" content=\"https:\/\/www.allscore.de\/shop\/wp-content\/uploads\/2018\/08\/tom-holmes-556804-unsplash.jpg\" \/>\n\t<meta property=\"og:image:width\" content=\"2000\" \/>\n\t<meta property=\"og:image:height\" content=\"1333\" \/>\n\t<meta property=\"og:image:type\" content=\"image\/jpeg\" \/>\n<meta name=\"twitter:card\" content=\"summary_large_image\" \/>\n<meta name=\"twitter:label1\" content=\"Gesch\u00e4tzte Lesezeit\" \/>\n\t<meta name=\"twitter:data1\" content=\"1\u00a0Minute\" \/>\n<script type=\"application\/ld+json\" class=\"yoast-schema-graph\">{\"@context\":\"https:\\\/\\\/schema.org\",\"@graph\":[{\"@type\":\"WebPage\",\"@id\":\"https:\\\/\\\/www.allscore.de\\\/shop\\\/abonnements\\\/\",\"url\":\"https:\\\/\\\/www.allscore.de\\\/shop\\\/abonnements\\\/\",\"name\":\"Abonnements - Allscore Shop\",\"isPartOf\":{\"@id\":\"https:\\\/\\\/www.allscore.de\\\/shop\\\/#website\"},\"primaryImageOfPage\":{\"@id\":\"https:\\\/\\\/www.allscore.de\\\/shop\\\/abonnements\\\/#primaryimage\"},\"image\":{\"@id\":\"https:\\\/\\\/www.allscore.de\\\/shop\\\/abonnements\\\/#primaryimage\"},\"thumbnailUrl\":\"https:\\\/\\\/www.allscore.de\\\/shop\\\/wp-content\\\/uploads\\\/2018\\\/08\\\/tom-holmes-556804-unsplash.jpg\",\"datePublished\":\"2021-08-12T10:15:02+00:00\",\"dateModified\":\"2021-08-12T16:03:20+00:00\",\"breadcrumb\":{\"@id\":\"https:\\\/\\\/www.allscore.de\\\/shop\\\/abonnements\\\/#breadcrumb\"},\"inLanguage\":\"de\",\"potentialAction\":[{\"@type\":\"ReadAction\",\"target\":[\"https:\\\/\\\/www.allscore.de\\\/shop\\\/abonnements\\\/\"]}]},{\"@type\":\"ImageObject\",\"inLanguage\":\"de\",\"@id\":\"https:\\\/\\\/www.allscore.de\\\/shop\\\/abonnements\\\/#primaryimage\",\"url\":\"https:\\\/\\\/www.allscore.de\\\/shop\\\/wp-content\\\/uploads\\\/2018\\\/08\\\/tom-holmes-556804-unsplash.jpg\",\"contentUrl\":\"https:\\\/\\\/www.allscore.de\\\/shop\\\/wp-content\\\/uploads\\\/2018\\\/08\\\/tom-holmes-556804-unsplash.jpg\",\"width\":2000,\"height\":1333,\"caption\":\"contact\"},{\"@type\":\"BreadcrumbList\",\"@id\":\"https:\\\/\\\/www.allscore.de\\\/shop\\\/abonnements\\\/#breadcrumb\",\"itemListElement\":[{\"@type\":\"ListItem\",\"position\":1,\"name\":\"Startseite\",\"item\":\"https:\\\/\\\/www.allscore.de\\\/shop\\\/\"},{\"@type\":\"ListItem\",\"position\":2,\"name\":\"Abonnements\"}]},{\"@type\":\"WebSite\",\"@id\":\"https:\\\/\\\/www.allscore.de\\\/shop\\\/#website\",\"url\":\"https:\\\/\\\/www.allscore.de\\\/shop\\\/\",\"name\":\"Allscore Shop\",\"description\":\"All Score Media\",\"publisher\":{\"@id\":\"https:\\\/\\\/www.allscore.de\\\/shop\\\/#organization\"},\"potentialAction\":[{\"@type\":\"SearchAction\",\"target\":{\"@type\":\"EntryPoint\",\"urlTemplate\":\"https:\\\/\\\/www.allscore.de\\\/shop\\\/?s={search_term_string}\"},\"query-input\":{\"@type\":\"PropertyValueSpecification\",\"valueRequired\":true,\"valueName\":\"search_term_string\"}}],\"inLanguage\":\"de\"},{\"@type\":\"Organization\",\"@id\":\"https:\\\/\\\/www.allscore.de\\\/shop\\\/#organization\",\"name\":\"All Score Media\",\"alternateName\":\"Allscore\",\"url\":\"https:\\\/\\\/www.allscore.de\\\/shop\\\/\",\"logo\":{\"@type\":\"ImageObject\",\"inLanguage\":\"de\",\"@id\":\"https:\\\/\\\/www.allscore.de\\\/shop\\\/#\\\/schema\\\/logo\\\/image\\\/\",\"url\":\"https:\\\/\\\/www.allscore.de\\\/shop\\\/wp-content\\\/uploads\\\/2026\\\/01\\\/Logo_Yoast_Shop_2026.png\",\"contentUrl\":\"https:\\\/\\\/www.allscore.de\\\/shop\\\/wp-content\\\/uploads\\\/2026\\\/01\\\/Logo_Yoast_Shop_2026.png\",\"width\":696,\"height\":696,\"caption\":\"All Score Media\"},\"image\":{\"@id\":\"https:\\\/\\\/www.allscore.de\\\/shop\\\/#\\\/schema\\\/logo\\\/image\\\/\"}}]}<\/script>\n<!-- \/ Yoast SEO plugin. -->","yoast_head_json":{"title":"Abonnements - Allscore Shop","robots":{"index":"index","follow":"follow","max-snippet":"max-snippet:-1","max-image-preview":"max-image-preview:large","max-video-preview":"max-video-preview:-1"},"canonical":"https:\/\/www.allscore.de\/shop\/abonnements\/","og_locale":"de_DE","og_type":"article","og_title":"Abonnements - Allscore Shop","og_description":"Die erste Folge Ihres Abonnements bezahlen Sie per Bank\u00fcberweisung oder Paypal, alle weiteren werden dann bequem von Ihrem Konto abgebucht. Bez\u00fcglich des Lastschriftmandats f\u00fcr das erforderliche SEPA-Bankeinzugsverfahren kommen wir auf Sie zu. Abonnements haben keine Mindestlaufzeit und k\u00f6nnen jederzeit bis 14 Tage vor der n\u00e4chsten Folge formlos per E-Mail oder postalisch gek\u00fcndigt werden. Ehemalige Bestandskunden...Read more","og_url":"https:\/\/www.allscore.de\/shop\/abonnements\/","og_site_name":"Allscore Shop","article_modified_time":"2021-08-12T16:03:20+00:00","og_image":[{"width":2000,"height":1333,"url":"https:\/\/www.allscore.de\/shop\/wp-content\/uploads\/2018\/08\/tom-holmes-556804-unsplash.jpg","type":"image\/jpeg"}],"twitter_card":"summary_large_image","twitter_misc":{"Gesch\u00e4tzte Lesezeit":"1\u00a0Minute"},"schema":{"@context":"https:\/\/schema.org","@graph":[{"@type":"WebPage","@id":"https:\/\/www.allscore.de\/shop\/abonnements\/","url":"https:\/\/www.allscore.de\/shop\/abonnements\/","name":"Abonnements - Allscore Shop","isPartOf":{"@id":"https:\/\/www.allscore.de\/shop\/#website"},"primaryImageOfPage":{"@id":"https:\/\/www.allscore.de\/shop\/abonnements\/#primaryimage"},"image":{"@id":"https:\/\/www.allscore.de\/shop\/abonnements\/#primaryimage"},"thumbnailUrl":"https:\/\/www.allscore.de\/shop\/wp-content\/uploads\/2018\/08\/tom-holmes-556804-unsplash.jpg","datePublished":"2021-08-12T10:15:02+00:00","dateModified":"2021-08-12T16:03:20+00:00","breadcrumb":{"@id":"https:\/\/www.allscore.de\/shop\/abonnements\/#breadcrumb"},"inLanguage":"de","potentialAction":[{"@type":"ReadAction","target":["https:\/\/www.allscore.de\/shop\/abonnements\/"]}]},{"@type":"ImageObject","inLanguage":"de","@id":"https:\/\/www.allscore.de\/shop\/abonnements\/#primaryimage","url":"https:\/\/www.allscore.de\/shop\/wp-content\/uploads\/2018\/08\/tom-holmes-556804-unsplash.jpg","contentUrl":"https:\/\/www.allscore.de\/shop\/wp-content\/uploads\/2018\/08\/tom-holmes-556804-unsplash.jpg","width":2000,"height":1333,"caption":"contact"},{"@type":"BreadcrumbList","@id":"https:\/\/www.allscore.de\/shop\/abonnements\/#breadcrumb","itemListElement":[{"@type":"ListItem","position":1,"name":"Startseite","item":"https:\/\/www.allscore.de\/shop\/"},{"@type":"ListItem","position":2,"name":"Abonnements"}]},{"@type":"WebSite","@id":"https:\/\/www.allscore.de\/shop\/#website","url":"https:\/\/www.allscore.de\/shop\/","name":"Allscore Shop","description":"All Score Media","publisher":{"@id":"https:\/\/www.allscore.de\/shop\/#organization"},"potentialAction":[{"@type":"SearchAction","target":{"@type":"EntryPoint","urlTemplate":"https:\/\/www.allscore.de\/shop\/?s={search_term_string}"},"query-input":{"@type":"PropertyValueSpecification","valueRequired":true,"valueName":"search_term_string"}}],"inLanguage":"de"},{"@type":"Organization","@id":"https:\/\/www.allscore.de\/shop\/#organization","name":"All Score Media","alternateName":"Allscore","url":"https:\/\/www.allscore.de\/shop\/","logo":{"@type":"ImageObject","inLanguage":"de","@id":"https:\/\/www.allscore.de\/shop\/#\/schema\/logo\/image\/","url":"https:\/\/www.allscore.de\/shop\/wp-content\/uploads\/2026\/01\/Logo_Yoast_Shop_2026.png","contentUrl":"https:\/\/www.allscore.de\/shop\/wp-content\/uploads\/2026\/01\/Logo_Yoast_Shop_2026.png","width":696,"height":696,"caption":"All Score Media"},"image":{"@id":"https:\/\/www.allscore.de\/shop\/#\/schema\/logo\/image\/"}}]}},"_links":{"self":[{"href":"https:\/\/www.allscore.de\/shop\/wp-json\/wp\/v2\/pages\/10171","targetHints":{"allow":["GET"]}}],"collection":[{"href":"https:\/\/www.allscore.de\/shop\/wp-json\/wp\/v2\/pages"}],"about":[{"href":"https:\/\/www.allscore.de\/shop\/wp-json\/wp\/v2\/types\/page"}],"author":[{"embeddable":true,"href":"https:\/\/www.allscore.de\/shop\/wp-json\/wp\/v2\/users\/2"}],"replies":[{"embeddable":true,"href":"https:\/\/www.allscore.de\/shop\/wp-json\/wp\/v2\/comments?post=10171"}],"version-history":[{"count":0,"href":"https:\/\/www.allscore.de\/shop\/wp-json\/wp\/v2\/pages\/10171\/revisions"}],"wp:featuredmedia":[{"embeddable":true,"href":"https:\/\/www.allscore.de\/shop\/wp-json\/wp\/v2\/media\/255"}],"wp:attachment":[{"href":"https:\/\/www.allscore.de\/shop\/wp-json\/wp\/v2\/media?parent=10171"}],"curies":[{"name":"wp","href":"https:\/\/api.w.org\/{rel}","templated":true}]}}